34.63.117.220 - - [04/Jul/2026:17:56:00 +0900] "HEAD /manage/Sale02/Sale_list.php?car_cate&date_type=1&end_date&evalAmt_type&gubun2&gubun4&in_name&p&searchKey=143%EC%98%A48895&set_page=15&start_date&vat&wc_go_type&wc_made&wc_model&wtime HTTP/1.1" 200 -
34.63.117.220 - - [04/Jul/2026:17:56:00 +0900] "GET /manage/Sale02/Sale_list.php?car_cate&date_type=1&end_date&evalAmt_type&gubun2&gubun4&in_name&p&searchKey=143%EC%98%A48895&set_page=15&start_date&vat&wc_go_type&wc_made&wc_model&wtime HTTP/1.1" 200 200
34.60.131.171 - - [04/Jul/2026:17:56:29 +0900] "HEAD /manage/Sale02/Sale_list.php?car_cate&date_type=1&end_date&evalAmt_type&gubun2&gubun4&in_name&p&searchKey=8946&set_page=15&start_date&vat&wc_go_type&wc_made&wc_model&wtime HTTP/1.1" 200 -
34.60.131.171 - - [04/Jul/2026:17:56:29 +0900] "GET /manage/Sale02/Sale_list.php?car_cate&date_type=1&end_date&evalAmt_type&gubun2&gubun4&in_name&p&searchKey=8946&set_page=15&start_date&vat&wc_go_type&wc_made&wc_model&wtime HTTP/1.1" 200 200
52.167.144.216 - - [04/Jul/2026:17:56:45 +0900] "GET /admin/Sale/Sale_list.php?searchKey=%E3%82%B8%E3%83%A0%E3%83%8B%E3%83%BC%E3%82%B7%E3%82%A8%E3%83%A9 HTTP/1.1" 404 196
49.51.166.228 - - [04/Jul/2026:17:56:53 +0900] "GET / HTTP/1.1" 200 44876
34.173.239.49 - - [04/Jul/2026:17:58:15 +0900] "HEAD /manage/Sale02/Sale_list.php?admidx&car_cate&car_cate2&code&date_type=2&ed&end_3&end_date=2026-03-30&evalAmt_type&gubun1&gubun2&gubun3&gubun4&in_name&listpage=1&p&page=3&searchKey&set_page=15&start_date=2026-03-30&tm&vat&wc_go_type&wc_made&wtime=8 HTTP/1.1" 200 -
34.173.239.49 - - [04/Jul/2026:17:58:15 +0900] "GET /manage/Sale02/Sale_list.php?admidx&car_cate&car_cate2&code&date_type=2&ed&end_3&end_date=2026-03-30&evalAmt_type&gubun1&gubun2&gubun3&gubun4&in_name&listpage=1&p&page=3&searchKey&set_page=15&start_date=2026-03-30&tm&vat&wc_go_type&wc_made&wtime=8 HTTP/1.1" 200 200
34.63.117.220 - - [04/Jul/2026:17:58:46 +0900] "HEAD /inc/popup_02.php?auct_idx=105460 HTTP/1.1" 200 -
34.63.117.220 - - [04/Jul/2026:17:58:46 +0900] "GET /inc/popup_02.php?auct_idx=105460 HTTP/1.1" 200 -
52.167.144.191 - - [04/Jul/2026:18:01:45 +0900] "GET /data/20260616_853069325600.jpg HTTP/1.1" 200 166096
34.56.168.230 - - [04/Jul/2026:18:02:21 +0900] "HEAD /manage/Sale02/Sale_list.php?car_cate&date_type=2&end_date=2026-05-28&evalAmt_type&gubun2&gubun4&in_name&p&searchKey&set_page=15&start_date=2026-05-28&vat&wc_go_type&wc_made&wc_model&wtime HTTP/1.1" 200 -
34.56.168.230 - - [04/Jul/2026:18:02:21 +0900] "GET /manage/Sale02/Sale_list.php?car_cate&date_type=2&end_date=2026-05-28&evalAmt_type&gubun2&gubun4&in_name&p&searchKey&set_page=15&start_date=2026-05-28&vat&wc_go_type&wc_made&wc_model&wtime HTTP/1.1" 200 200
34.56.168.230 - - [04/Jul/2026:18:04:11 +0900] "HEAD /inc/popup_03.php?wc_idx=107902 HTTP/1.1" 200 -
34.56.168.230 - - [04/Jul/2026:18:04:11 +0900] "GET /inc/popup_03.php?wc_idx=107902 HTTP/1.1" 200 -
34.56.168.230 - - [04/Jul/2026:18:05:41 +0900] "HEAD /manage/Sale02/Sale_list.php?car_cate&date_type=1&end_date&evalAmt_type&gubun2&gubun4&in_name&p&searchKey=12%EA%B0%804659&set_page=15&start_date&vat&wc_go_type&wc_made&wc_model&wtime HTTP/1.1" 200 -
34.56.168.230 - - [04/Jul/2026:18:05:42 +0900] "GET /manage/Sale02/Sale_list.php?car_cate&date_type=1&end_date&evalAmt_type&gubun2&gubun4&in_name&p&searchKey=12%EA%B0%804659&set_page=15&start_date&vat&wc_go_type&wc_made&wc_model&wtime HTTP/1.1" 200 200
23.236.55.230 - - [04/Jul/2026:18:06:26 +0900] "HEAD /manage/Sale02/Sale_list.php?car_cate&date_type=1&end_date&evalAmt_type&gubun2&gubun4&in_name&p&searchKey=4659&set_page=15&start_date&vat&wc_go_type&wc_made&wc_model&wtime HTTP/1.1" 200 -
23.236.55.230 - - [04/Jul/2026:18:06:26 +0900] "GET /manage/Sale02/Sale_list.php?car_cate&date_type=1&end_date&evalAmt_type&gubun2&gubun4&in_name&p&searchKey=4659&set_page=15&start_date&vat&wc_go_type&wc_made&wc_model&wtime HTTP/1.1" 200 200
34.173.239.49 - - [04/Jul/2026:18:07:11 +0900] "HEAD /manage/Sale02/Sale_list.php?admidx&car_cate&car_cate2&code&date_type=1&ed&end_3&end_date&evalAmt_type&gubun1&gubun2&gubun3&gubun4&in_name&listpage=1&p&page=1&searchKey=108%EA%B3%A02929&set_page=15&start_date&tm&vat&wc_go_type&wc_made&wtime HTTP/1.1" 200 -
34.173.239.49 - - [04/Jul/2026:18:07:11 +0900] "GET /manage/Sale02/Sale_list.php?admidx&car_cate&car_cate2&code&date_type=1&ed&end_3&end_date&evalAmt_type&gubun1&gubun2&gubun3&gubun4&in_name&listpage=1&p&page=1&searchKey=108%EA%B3%A02929&set_page=15&start_date&tm&vat&wc_go_type&wc_made&wtime HTTP/1.1" 200 200
34.60.131.171 - - [04/Jul/2026:18:07:33 +0900] "HEAD /inc/popup_02.php?auct_idx=110133 HTTP/1.1" 200 -
34.60.131.171 - - [04/Jul/2026:18:07:34 +0900] "GET /inc/popup_02.php?auct_idx=110133 HTTP/1.1" 200 -
34.56.168.230 - - [04/Jul/2026:18:08:01 +0900] "HEAD /manage/Sale02/Sale_list.php?admidx&car_cate&car_cate2&code&date_type=1&ed&end_3&end_date&evalAmt_type&gubun1&gubun2&gubun3&gubun4&in_name&listpage=1&p&page=1&searchKey=31%EB%A7%886478&set_page=15&start_date&tm&vat&wc_go_type&wc_made&wtime HTTP/1.1" 200 -
34.56.168.230 - - [04/Jul/2026:18:08:01 +0900] "GET /manage/Sale02/Sale_list.php?admidx&car_cate&car_cate2&code&date_type=1&ed&end_3&end_date&evalAmt_type&gubun1&gubun2&gubun3&gubun4&in_name&listpage=1&p&page=1&searchKey=31%EB%A7%886478&set_page=15&start_date&tm&vat&wc_go_type&wc_made&wtime HTTP/1.1" 200 200
34.63.117.220 - - [04/Jul/2026:18:08:17 +0900] "HEAD /manage/Sale02/Sale_list.php?car_cate&date_type=1&end_date&evalAmt_type&gubun2&gubun4&in_name&p&searchKey=6819&set_page=15&start_date&vat&wc_go_type&wc_made&wc_model&wtime HTTP/1.1" 200 -
34.63.117.220 - - [04/Jul/2026:18:08:17 +0900] "GET /manage/Sale02/Sale_list.php?car_cate&date_type=1&end_date&evalAmt_type&gubun2&gubun4&in_name&p&searchKey=6819&set_page=15&start_date&vat&wc_go_type&wc_made&wc_model&wtime HTTP/1.1" 200 200
34.63.117.220 - - [04/Jul/2026:18:08:21 +0900] "HEAD /inc/popup_02.php?auct_idx=118407 HTTP/1.1" 200 -
34.63.117.220 - - [04/Jul/2026:18:08:21 +0900] "GET /inc/popup_02.php?auct_idx=118407 HTTP/1.1" 200 -
34.60.131.171 - - [04/Jul/2026:18:11:49 +0900] "HEAD /manage/Sale02/Sale_list.php?car_cate&date_type=2&end_date=2026-03-13&evalAmt_type&gubun2&gubun4&in_name&p&searchKey&seltime=11&set_page=15&start_date=2026-03-13&vat&wc_go_type&wc_made&wc_model&wtime=11 HTTP/1.1" 200 -
34.60.131.171 - - [04/Jul/2026:18:11:49 +0900] "GET /manage/Sale02/Sale_list.php?car_cate&date_type=2&end_date=2026-03-13&evalAmt_type&gubun2&gubun4&in_name&p&searchKey&seltime=11&set_page=15&start_date=2026-03-13&vat&wc_go_type&wc_made&wc_model&wtime=11 HTTP/1.1" 200 200
23.236.55.230 - - [04/Jul/2026:18:11:56 +0900] "HEAD /manage/Sale02/Sale_list.php?car_cate&date_type=1&end_date&evalAmt_type&gubun2&gubun4&in_name&p&searchKey=170%ED%97%884019&set_page=15&start_date&vat&wc_go_type&wc_made&wc_model&wtime HTTP/1.1" 200 -
23.236.55.230 - - [04/Jul/2026:18:11:56 +0900] "GET /manage/Sale02/Sale_list.php?car_cate&date_type=1&end_date&evalAmt_type&gubun2&gubun4&in_name&p&searchKey=170%ED%97%884019&set_page=15&start_date&vat&wc_go_type&wc_made&wc_model&wtime HTTP/1.1" 200 200
34.63.117.220 - - [04/Jul/2026:18:12:01 +0900] "HEAD /inc/popup_02.php?auct_idx=102686 HTTP/1.1" 200 -
34.63.117.220 - - [04/Jul/2026:18:12:02 +0900] "GET /inc/popup_02.php?auct_idx=102686 HTTP/1.1" 200 -
34.56.168.230 - - [04/Jul/2026:18:16:06 +0900] "HEAD /inc/popup_02.php?auct_idx=117416 HTTP/1.1" 200 -
34.56.168.230 - - [04/Jul/2026:18:16:06 +0900] "GET /inc/popup_02.php?auct_idx=117416 HTTP/1.1" 200 -
136.119.129.236 - - [04/Jul/2026:18:16:14 +0900] "HEAD /manage/Sale02/Sale_list.php?car_cate&date_type=1&end_date&evalAmt_type&gubun2&gubun4&in_name&p&searchKey=09%EC%A1%B08803&set_page=15&start_date&vat&wc_go_type&wc_made&wc_model&wtime HTTP/1.1" 200 -
136.119.129.236 - - [04/Jul/2026:18:16:14 +0900] "GET /manage/Sale02/Sale_list.php?car_cate&date_type=1&end_date&evalAmt_type&gubun2&gubun4&in_name&p&searchKey=09%EC%A1%B08803&set_page=15&start_date&vat&wc_go_type&wc_made&wc_model&wtime HTTP/1.1" 200 200
34.60.131.171 - - [04/Jul/2026:18:16:31 +0900] "HEAD /inc/popup_02.php?auct_idx=118521 HTTP/1.1" 200 -
34.60.131.171 - - [04/Jul/2026:18:16:31 +0900] "GET /inc/popup_02.php?auct_idx=118521 HTTP/1.1" 200 -
136.119.129.236 - - [04/Jul/2026:18:16:55 +0900] "HEAD /manage/Sale11/Suc_list.php HTTP/1.1" 200 -
136.119.129.236 - - [04/Jul/2026:18:16:55 +0900] "GET /manage/Sale11/Suc_list.php HTTP/1.1" 200 200
34.56.168.230 - - [04/Jul/2026:18:18:01 +0900] "HEAD /inc/popup_02.php?auct_idx=102619 HTTP/1.1" 200 -
34.56.168.230 - - [04/Jul/2026:18:18:02 +0900] "GET /inc/popup_02.php?auct_idx=102619 HTTP/1.1" 200 -
34.60.131.171 - - [04/Jul/2026:18:19:21 +0900] "HEAD /manage/Sale02/view.php?admidx&car_cate&car_cate2&code&date_type=1&ed&end_3&end_date&evalAmt_type&gubun1&gubun2&gubun3&gubun4&in_name&listpage=1&p&page&searchKey=180%EC%96%B48188&set_page=15&start_date&tm&vat&wc_go_type&wc_idx=115176&wc_made&wtime HTTP/1.1" 200 -
34.60.131.171 - - [04/Jul/2026:18:19:21 +0900] "GET /manage/Sale02/view.php?admidx&car_cate&car_cate2&code&date_type=1&ed&end_3&end_date&evalAmt_type&gubun1&gubun2&gubun3&gubun4&in_name&listpage=1&p&page&searchKey=180%EC%96%B48188&set_page=15&start_date&tm&vat&wc_go_type&wc_idx=115176&wc_made&wtime HTTP/1.1" 200 200
34.56.168.230 - - [04/Jul/2026:18:21:32 +0900] "HEAD /manage/Sale07/Member_list.php?Search_text=%EC%97%94%EB%B9%84&company&list_sort&upjong HTTP/1.1" 200 -
34.56.168.230 - - [04/Jul/2026:18:21:33 +0900] "GET /manage/Sale07/Member_list.php?Search_text=%EC%97%94%EB%B9%84&company&list_sort&upjong HTTP/1.1" 200 200
23.236.55.230 - - [04/Jul/2026:18:21:55 +0900] "HEAD /manage/Sale02/Sale_list.php?admidx&car_cate&car_cate2&code&date_type=2&ed&end_3&end_date=2026-05-21&evalAmt_type&gubun1&gubun2&gubun3&gubun4&in_name&listpage=1&p&page=1&searchKey&set_page=15&start_date=2026-05-21&tm&vat&wc_go_type&wc_made&wtime=4 HTTP/1.1" 200 -
23.236.55.230 - - [04/Jul/2026:18:21:55 +0900] "GET /manage/Sale02/Sale_list.php?admidx&car_cate&car_cate2&code&date_type=2&ed&end_3&end_date=2026-05-21&evalAmt_type&gubun1&gubun2&gubun3&gubun4&in_name&listpage=1&p&page=1&searchKey&set_page=15&start_date=2026-05-21&tm&vat&wc_go_type&wc_made&wtime=4 HTTP/1.1" 200 200
23.236.55.230 - - [04/Jul/2026:18:24:19 +0900] "HEAD /manage/Sale02/Sale_list.php?car_cate&date_type=2&end_date=2026-05-20&evalAmt_type&gubun2&gubun4&in_name&p&searchKey&seltime=8&set_page=15&start_date=2026-05-20&vat&wc_go_type&wc_made&wc_model&wtime=8 HTTP/1.1" 200 -
23.236.55.230 - - [04/Jul/2026:18:24:19 +0900] "GET /manage/Sale02/Sale_list.php?car_cate&date_type=2&end_date=2026-05-20&evalAmt_type&gubun2&gubun4&in_name&p&searchKey&seltime=8&set_page=15&start_date=2026-05-20&vat&wc_go_type&wc_made&wc_model&wtime=8 HTTP/1.1" 200 200
136.119.129.236 - - [04/Jul/2026:18:24:21 +0900] "HEAD /inc/popup_02.php?auct_idx=104140 HTTP/1.1" 200 -
136.119.129.236 - - [04/Jul/2026:18:24:22 +0900] "GET /inc/popup_02.php?auct_idx=104140 HTTP/1.1" 200 -
34.60.131.171 - - [04/Jul/2026:18:25:34 +0900] "HEAD /inc/popup_02.php?auct_idx=111678 HTTP/1.1" 200 -
34.60.131.171 - - [04/Jul/2026:18:25:35 +0900] "GET /inc/popup_02.php?auct_idx=111678 HTTP/1.1" 200 -
34.63.117.220 - - [04/Jul/2026:18:27:38 +0900] "HEAD /manage/Sale02/Sale_list.php?car_cate&date_type=1&end_date&evalAmt_type&gubun2&gubun4&in_name&p&searchKey=7025&set_page=15&start_date&vat&wc_go_type&wc_made&wc_model&wtime HTTP/1.1" 200 -
34.63.117.220 - - [04/Jul/2026:18:27:38 +0900] "GET /manage/Sale02/Sale_list.php?car_cate&date_type=1&end_date&evalAmt_type&gubun2&gubun4&in_name&p&searchKey=7025&set_page=15&start_date&vat&wc_go_type&wc_made&wc_model&wtime HTTP/1.1" 200 200
34.56.168.230 - - [04/Jul/2026:18:29:38 +0900] "HEAD /manage/Sale02/Sale_list.php?car_cate&date_type=2&end_date=2026-03-24&evalAmt_type&gubun2&gubun4&in_name&p&searchKey&seltime=4&set_page=15&start_date=2026-03-24&vat&wc_go_type&wc_made&wc_model&wtime=4 HTTP/1.1" 200 -
34.56.168.230 - - [04/Jul/2026:18:29:39 +0900] "GET /manage/Sale02/Sale_list.php?car_cate&date_type=2&end_date=2026-03-24&evalAmt_type&gubun2&gubun4&in_name&p&searchKey&seltime=4&set_page=15&start_date=2026-03-24&vat&wc_go_type&wc_made&wc_model&wtime=4 HTTP/1.1" 200 200
34.173.239.49 - - [04/Jul/2026:18:31:19 +0900] "HEAD /inc/popup_02.php?auct_idx=102960 HTTP/1.1" 200 -
34.173.239.49 - - [04/Jul/2026:18:31:19 +0900] "GET /inc/popup_02.php?auct_idx=102960 HTTP/1.1" 200 -
34.63.117.220 - - [04/Jul/2026:18:32:09 +0900] "HEAD /inc/popup_02.php?auct_idx=100862 HTTP/1.1" 200 -
34.63.117.220 - - [04/Jul/2026:18:32:09 +0900] "GET /inc/popup_02.php?auct_idx=100862 HTTP/1.1" 200 -
34.173.239.49 - - [04/Jul/2026:18:35:13 +0900] "HEAD /inc/popup_02.php?auct_idx=114033 HTTP/1.1" 200 -
34.173.239.49 - - [04/Jul/2026:18:35:13 +0900] "GET /inc/popup_02.php?auct_idx=114033 HTTP/1.1" 200 -
34.173.239.49 - - [04/Jul/2026:18:35:45 +0900] "HEAD /manage/Sale02/Sale_list.php?car_cate&date_type=2&end_date=2026-03-10&evalAmt_type&gubun2&gubun4&in_name&p&searchKey&seltime=2&set_page=15&start_date=2026-03-10&vat&wc_go_type&wc_made&wc_model&wtime=2 HTTP/1.1" 200 -
34.173.239.49 - - [04/Jul/2026:18:35:45 +0900] "GET /manage/Sale02/Sale_list.php?car_cate&date_type=2&end_date=2026-03-10&evalAmt_type&gubun2&gubun4&in_name&p&searchKey&seltime=2&set_page=15&start_date=2026-03-10&vat&wc_go_type&wc_made&wc_model&wtime=2 HTTP/1.1" 200 200
34.60.131.171 - - [04/Jul/2026:18:35:51 +0900] "HEAD /inc/popup_02.php?auct_idx=103217 HTTP/1.1" 200 -
34.60.131.171 - - [04/Jul/2026:18:35:51 +0900] "GET /inc/popup_02.php?auct_idx=103217 HTTP/1.1" 200 -
59.14.17.48 - - [04/Jul/2026:18:36:38 +0900] "HEAD / HTTP/1.1" 200 -
34.173.239.49 - - [04/Jul/2026:18:37:13 +0900] "HEAD /manage/Sale02/Sale_list.php?car_cate&date_type=2&end_date=2026-05-29&evalAmt_type&gubun2&gubun4&in_name&p&searchKey&set_page=15&start_date=2026-05-29&vat&wc_go_type&wc_made&wc_model&wtime HTTP/1.1" 200 -
34.173.239.49 - - [04/Jul/2026:18:37:13 +0900] "GET /manage/Sale02/Sale_list.php?car_cate&date_type=2&end_date=2026-05-29&evalAmt_type&gubun2&gubun4&in_name&p&searchKey&set_page=15&start_date=2026-05-29&vat&wc_go_type&wc_made&wc_model&wtime HTTP/1.1" 200 200
34.63.117.220 - - [04/Jul/2026:18:38:17 +0900] "HEAD /manage/Sale02/Sale_list.php?car_cate&date_type=1&end_date&evalAmt_type&gubun2&gubun4&in_name&p&searchKey=24%EC%88%982637&set_page=15&start_date&vat&wc_go_type&wc_made&wc_model&wtime HTTP/1.1" 200 -
34.63.117.220 - - [04/Jul/2026:18:38:17 +0900] "GET /manage/Sale02/Sale_list.php?car_cate&date_type=1&end_date&evalAmt_type&gubun2&gubun4&in_name&p&searchKey=24%EC%88%982637&set_page=15&start_date&vat&wc_go_type&wc_made&wc_model&wtime HTTP/1.1" 200 200
34.60.131.171 - - [04/Jul/2026:18:38:57 +0900] "HEAD /inc/popup_02.php?auct_idx=117544 HTTP/1.1" 200 -
34.60.131.171 - - [04/Jul/2026:18:38:57 +0900] "GET /inc/popup_02.php?auct_idx=117544 HTTP/1.1" 200 -
34.56.168.230 - - [04/Jul/2026:18:39:04 +0900] "HEAD /manage/Sale02/view.php?admidx&car_cate&car_cate2&code&date_type=1&ed&end_3&end_date&evalAmt_type&gubun1&gubun2&gubun3&gubun4&in_name&listpage=1&p&page&searchKey=281%EC%A0%806856&set_page=15&start_date&tm&vat&wc_go_type&wc_idx=116402&wc_made&wtime HTTP/1.1" 200 -
34.56.168.230 - - [04/Jul/2026:18:39:04 +0900] "GET /manage/Sale02/view.php?admidx&car_cate&car_cate2&code&date_type=1&ed&end_3&end_date&evalAmt_type&gubun1&gubun2&gubun3&gubun4&in_name&listpage=1&p&page&searchKey=281%EC%A0%806856&set_page=15&start_date&tm&vat&wc_go_type&wc_idx=116402&wc_made&wtime HTTP/1.1" 200 200
23.236.55.230 - - [04/Jul/2026:18:39:14 +0900] "HEAD /inc/popup_03.php?wc_idx=113065 HTTP/1.1" 200 -
23.236.55.230 - - [04/Jul/2026:18:39:14 +0900] "GET /inc/popup_03.php?wc_idx=113065 HTTP/1.1" 200 -
34.56.168.230 - - [04/Jul/2026:18:39:18 +0900] "HEAD /manage/Sale02/Sale_list.php?car_cate&date_type=1&end_date&evalAmt_type&gubun2&gubun4&in_name&p&searchKey=334%EC%88%983117&set_page=15&start_date&vat&wc_go_type&wc_made&wc_model&wtime HTTP/1.1" 200 -
34.56.168.230 - - [04/Jul/2026:18:39:18 +0900] "GET /manage/Sale02/Sale_list.php?car_cate&date_type=1&end_date&evalAmt_type&gubun2&gubun4&in_name&p&searchKey=334%EC%88%983117&set_page=15&start_date&vat&wc_go_type&wc_made&wc_model&wtime HTTP/1.1" 200 200
34.63.117.220 - - [04/Jul/2026:18:39:36 +0900] "HEAD /inc/popup_02.php?auct_idx=102169 HTTP/1.1" 200 -
34.63.117.220 - - [04/Jul/2026:18:39:36 +0900] "GET /inc/popup_02.php?auct_idx=102169 HTTP/1.1" 200 -
34.60.131.171 - - [04/Jul/2026:18:41:49 +0900] "HEAD /manage/Sale02/Sale_list.php?car_cate&date_type=2&end_date=2026-05-08&evalAmt_type&gubun2&gubun4&in_name&p&searchKey&seltime=8&set_page=15&start_date=2026-05-08&vat&wc_go_type&wc_made&wc_model&wtime=8 HTTP/1.1" 200 -
34.60.131.171 - - [04/Jul/2026:18:41:49 +0900] "GET /manage/Sale02/Sale_list.php?car_cate&date_type=2&end_date=2026-05-08&evalAmt_type&gubun2&gubun4&in_name&p&searchKey&seltime=8&set_page=15&start_date=2026-05-08&vat&wc_go_type&wc_made&wc_model&wtime=8 HTTP/1.1" 200 200
23.236.55.230 - - [04/Jul/2026:18:43:18 +0900] "HEAD /manage/Sale02/Sale_list.php?admidx&car_cate&car_cate2&code&date_type=1&ed&end_3&end_date&evalAmt_type&gubun1&gubun2&gubun3&gubun4&in_name&listpage=1&p&page=1&searchKey=145%EC%84%9C3435&set_page=15&start_date&tm&vat&wc_go_type&wc_made&wtime HTTP/1.1" 200 -
23.236.55.230 - - [04/Jul/2026:18:43:19 +0900] "GET /manage/Sale02/Sale_list.php?admidx&car_cate&car_cate2&code&date_type=1&ed&end_3&end_date&evalAmt_type&gubun1&gubun2&gubun3&gubun4&in_name&listpage=1&p&page=1&searchKey=145%EC%84%9C3435&set_page=15&start_date&tm&vat&wc_go_type&wc_made&wtime HTTP/1.1" 200 200
34.173.239.49 - - [04/Jul/2026:18:44:32 +0900] "HEAD /manage/Sale02/view.php?admidx&car_cate&car_cate2&code&date_type=1&ed&end_3&end_date&evalAmt_type&gubun1&gubun2&gubun3&gubun4&in_name&listpage=1&p&page&searchKey=4214&set_page=15&start_date&tm&vat&wc_go_type&wc_idx=114560&wc_made&wtime HTTP/1.1" 200 -
34.173.239.49 - - [04/Jul/2026:18:44:32 +0900] "GET /manage/Sale02/view.php?admidx&car_cate&car_cate2&code&date_type=1&ed&end_3&end_date&evalAmt_type&gubun1&gubun2&gubun3&gubun4&in_name&listpage=1&p&page&searchKey=4214&set_page=15&start_date&tm&vat&wc_go_type&wc_idx=114560&wc_made&wtime HTTP/1.1" 200 200
34.63.117.220 - - [04/Jul/2026:18:46:44 +0900] "HEAD /inc/popup_03.php?wc_idx=100961 HTTP/1.1" 200 -
34.63.117.220 - - [04/Jul/2026:18:46:45 +0900] "GET /inc/popup_03.php?wc_idx=100961 HTTP/1.1" 200 -
23.236.55.230 - - [04/Jul/2026:18:47:06 +0900] "HEAD /inc/popup_02.php?auct_idx=113116 HTTP/1.1" 200 -
23.236.55.230 - - [04/Jul/2026:18:47:06 +0900] "GET /inc/popup_02.php?auct_idx=113116 HTTP/1.1" 200 -
34.173.239.49 - - [04/Jul/2026:18:47:19 +0900] "HEAD /manage/Sale02/Sale_list.php?car_cate&date_type=1&end_date&evalAmt_type&gubun2&gubun4&in_name&p&searchKey=21%EB%91%900511&set_page=15&start_date&vat&wc_go_type&wc_made&wc_model&wtime HTTP/1.1" 200 -
34.173.239.49 - - [04/Jul/2026:18:47:19 +0900] "GET /manage/Sale02/Sale_list.php?car_cate&date_type=1&end_date&evalAmt_type&gubun2&gubun4&in_name&p&searchKey=21%EB%91%900511&set_page=15&start_date&vat&wc_go_type&wc_made&wc_model&wtime HTTP/1.1" 200 200
34.68.88.27 - - [04/Jul/2026:18:47:53 +0900] "HEAD /manage/Sale02/Sale_list.php?car_cate&date_type=1&end_date&evalAmt_type&gubun2&gubun4&in_name&p&searchKey=55%EB%9F%AC4844&set_page=15&start_date&vat&wc_go_type&wc_made&wc_model&wtime HTTP/1.1" 200 -
34.68.88.27 - - [04/Jul/2026:18:47:53 +0900] "GET /manage/Sale02/Sale_list.php?car_cate&date_type=1&end_date&evalAmt_type&gubun2&gubun4&in_name&p&searchKey=55%EB%9F%AC4844&set_page=15&start_date&vat&wc_go_type&wc_made&wc_model&wtime HTTP/1.1" 200 200
34.60.131.171 - - [04/Jul/2026:18:47:56 +0900] "HEAD /inc/popup_03.php?wc_idx=103517 HTTP/1.1" 200 -
34.60.131.171 - - [04/Jul/2026:18:47:56 +0900] "GET /inc/popup_03.php?wc_idx=103517 HTTP/1.1" 200 -
34.63.117.220 - - [04/Jul/2026:18:48:02 +0900] "HEAD /manage/Sale02/view.php?admidx&car_cate&car_cate2&code&date_type=1&ed&end_3&end_date&evalAmt_type&gubun1&gubun2&gubun3&gubun4&in_name&listpage=1&p&page&searchKey=6139&set_page=15&start_date&tm&vat&wc_go_type&wc_idx=117879&wc_made&wtime HTTP/1.1" 200 -
34.63.117.220 - - [04/Jul/2026:18:48:02 +0900] "GET /manage/Sale02/view.php?admidx&car_cate&car_cate2&code&date_type=1&ed&end_3&end_date&evalAmt_type&gubun1&gubun2&gubun3&gubun4&in_name&listpage=1&p&page&searchKey=6139&set_page=15&start_date&tm&vat&wc_go_type&wc_idx=117879&wc_made&wtime HTTP/1.1" 200 200
34.63.117.220 - - [04/Jul/2026:18:51:13 +0900] "HEAD /inc/popup_02.php?auct_idx=105917 HTTP/1.1" 200 -
34.63.117.220 - - [04/Jul/2026:18:51:13 +0900] "GET /inc/popup_02.php?auct_idx=105917 HTTP/1.1" 200 -
34.63.170.141 - - [04/Jul/2026:18:51:24 +0900] "HEAD /inc/popup_03.php?wc_idx=113116 HTTP/1.1" 200 -
34.63.170.141 - - [04/Jul/2026:18:51:24 +0900] "GET /inc/popup_03.php?wc_idx=113116 HTTP/1.1" 200 -
34.56.168.230 - - [04/Jul/2026:18:51:34 +0900] "HEAD /manage/Sale01/write.php HTTP/1.1" 200 -
34.56.168.230 - - [04/Jul/2026:18:51:35 +0900] "GET /manage/Sale01/write.php HTTP/1.1" 200 200
34.56.168.230 - - [04/Jul/2026:18:51:42 +0900] "HEAD /manage/Sale02/view.php?admidx&car_cate&car_cate2&code&ed&end_3&end_date&gubun1&gubun2&gubun3&gubun4&in_name&listpage=1&p&page=1&searchKey&start_date&tm&wc_go_type=1&wc_idx=113157&wc_made&wtime HTTP/1.1" 200 -
34.56.168.230 - - [04/Jul/2026:18:51:42 +0900] "GET /manage/Sale02/view.php?admidx&car_cate&car_cate2&code&ed&end_3&end_date&gubun1&gubun2&gubun3&gubun4&in_name&listpage=1&p&page=1&searchKey&start_date&tm&wc_go_type=1&wc_idx=113157&wc_made&wtime HTTP/1.1" 200 200
43.162.109.249 - - [04/Jul/2026:18:51:44 +0900] "GET / HTTP/1.1" 200 44876
34.173.239.49 - - [04/Jul/2026:18:51:55 +0900] "HEAD /manage/Sale02/Sale_list.php?admidx&car_cate&car_cate2&code&ed&end_3&end_date=2026-03-12&gubun1&gubun2&gubun3&gubun4&in_name&listpage=1&p&page=1&searchKey&start_date=2026-03-12&tm&wc_go_type&wc_made&wtime=2 HTTP/1.1" 200 -
34.173.239.49 - - [04/Jul/2026:18:51:56 +0900] "GET /manage/Sale02/Sale_list.php?admidx&car_cate&car_cate2&code&ed&end_3&end_date=2026-03-12&gubun1&gubun2&gubun3&gubun4&in_name&listpage=1&p&page=1&searchKey&start_date=2026-03-12&tm&wc_go_type&wc_made&wtime=2 HTTP/1.1" 200 200
34.63.117.220 - - [04/Jul/2026:18:54:14 +0900] "HEAD /inc/popup_03.php?wc_idx=100180 HTTP/1.1" 200 -
34.63.117.220 - - [04/Jul/2026:18:54:14 +0900] "GET /inc/popup_03.php?wc_idx=100180 HTTP/1.1" 200 -
216.73.216.4 - - [04/Jul/2026:18:55:15 +0900] "GET /robots.txt HTTP/1.1" 200 795
216.73.216.4 - - [04/Jul/2026:18:55:16 +0900] "GET /sitemap.xml HTTP/1.1" 200 11558
34.63.117.220 - - [04/Jul/2026:18:55:19 +0900] "HEAD /manage/Sale02/Sale_list.php?car_cate&date_type=2&end_date=2026-04-24&evalAmt_type&gubun2&gubun4&in_name&p&searchKey&seltime=8&set_page=15&start_date=2026-04-24&vat&wc_go_type&wc_made&wc_model&wtime=8 HTTP/1.1" 200 -
34.63.117.220 - - [04/Jul/2026:18:55:19 +0900] "GET /manage/Sale02/Sale_list.php?car_cate&date_type=2&end_date=2026-04-24&evalAmt_type&gubun2&gubun4&in_name&p&searchKey&seltime=8&set_page=15&start_date=2026-04-24&vat&wc_go_type&wc_made&wc_model&wtime=8 HTTP/1.1" 200 200
52.167.144.198 - - [04/Jul/2026:18:57:19 +0900] "GET /admin/Sale/Sale_list.php?searchKey=%E3%82%B9%E3%82%B3%E3%83%83%E3%83%88%E3%83%87%E3%82%A3%E3%82%AF%E3%82%BD%E3%83%B3 HTTP/1.1" 404 196
34.60.131.171 - - [04/Jul/2026:18:57:37 +0900] "HEAD /manage/Sale02/Sale_list.php?car_cate&date_type=1&end_date&evalAmt_type&gubun2&gubun4&in_name&p&searchKey=4720&set_page=15&start_date&vat&wc_go_type&wc_made&wc_model&wtime HTTP/1.1" 200 -
34.60.131.171 - - [04/Jul/2026:18:57:37 +0900] "GET /manage/Sale02/Sale_list.php?car_cate&date_type=1&end_date&evalAmt_type&gubun2&gubun4&in_name&p&searchKey=4720&set_page=15&start_date&vat&wc_go_type&wc_made&wc_model&wtime HTTP/1.1" 200 200
34.63.117.220 - - [04/Jul/2026:18:58:51 +0900] "HEAD /inc/popup_02.php?auct_idx=103517 HTTP/1.1" 200 -
34.63.117.220 - - [04/Jul/2026:18:58:52 +0900] "GET /inc/popup_02.php?auct_idx=103517 HTTP/1.1" 200 -
34.60.131.171 - - [04/Jul/2026:19:00:01 +0900] "HEAD /manage/Sale02/view.php?admidx&car_cate&car_cate2&code&date_type=1&ed&end_3&end_date&evalAmt_type&gubun1&gubun2&gubun3&gubun4&in_name&listpage=1&p&page&searchKey=08%EB%A8%B88150&set_page=15&start_date&tm&vat&wc_go_type&wc_idx=117891&wc_made&wtime HTTP/1.1" 200 -
34.60.131.171 - - [04/Jul/2026:19:00:02 +0900] "GET /manage/Sale02/view.php?admidx&car_cate&car_cate2&code&date_type=1&ed&end_3&end_date&evalAmt_type&gubun1&gubun2&gubun3&gubun4&in_name&listpage=1&p&page&searchKey=08%EB%A8%B88150&set_page=15&start_date&tm&vat&wc_go_type&wc_idx=117891&wc_made&wtime HTTP/1.1" 200 200
34.56.168.230 - - [04/Jul/2026:19:00:03 +0900] "HEAD /inc/popup_02.php?auct_idx=117980 HTTP/1.1" 200 -
34.56.168.230 - - [04/Jul/2026:19:00:03 +0900] "GET /inc/popup_02.php?auct_idx=117980 HTTP/1.1" 200 -
34.173.239.49 - - [04/Jul/2026:19:00:18 +0900] "HEAD /inc/popup_02.php?auct_idx=118026 HTTP/1.1" 200 -
34.173.239.49 - - [04/Jul/2026:19:00:18 +0900] "GET /inc/popup_02.php?auct_idx=118026 HTTP/1.1" 200 -
34.63.117.220 - - [04/Jul/2026:19:02:07 +0900] "HEAD /inc/popup_03.php?wc_idx=100493 HTTP/1.1" 200 -
34.63.117.220 - - [04/Jul/2026:19:02:07 +0900] "GET /inc/popup_03.php?wc_idx=100493 HTTP/1.1" 200 -
34.56.168.230 - - [04/Jul/2026:19:04:53 +0900] "HEAD /inc/popup_02.php?auct_idx=118753 HTTP/1.1" 200 -
34.56.168.230 - - [04/Jul/2026:19:04:53 +0900] "GET /inc/popup_02.php?auct_idx=118753 HTTP/1.1" 200 -
34.63.170.141 - - [04/Jul/2026:19:05:23 +0900] "HEAD /inc/pop_gallery_win.php?idx=116558 HTTP/1.1" 200 -
34.63.170.141 - - [04/Jul/2026:19:05:23 +0900] "GET /inc/pop_gallery_win.php?idx=116558 HTTP/1.1" 200 22732
136.119.129.236 - - [04/Jul/2026:19:06:06 +0900] "HEAD /manage/Sale02/Sale_list.php?car_cate&date_type=2&end_date=2026-06-09&evalAmt_type&gubun2&gubun4&in_name&p&searchKey&set_page=15&start_date=2026-06-09&vat&wc_go_type&wc_made&wc_model&wtime HTTP/1.1" 200 -
136.119.129.236 - - [04/Jul/2026:19:06:06 +0900] "GET /manage/Sale02/Sale_list.php?car_cate&date_type=2&end_date=2026-06-09&evalAmt_type&gubun2&gubun4&in_name&p&searchKey&set_page=15&start_date=2026-06-09&vat&wc_go_type&wc_made&wc_model&wtime HTTP/1.1" 200 200
23.236.55.230 - - [04/Jul/2026:19:07:18 +0900] "HEAD /manage/Sale02/Sale_list.php?car_cate=67&date_type=2&end_date=2026-04-28&evalAmt_type&gubun2&gubun4&in_name&p&searchKey&seltime=4&set_page=15&start_date=2026-04-28&vat&wc_go_type&wc_made&wc_model&wtime=4 HTTP/1.1" 200 -
23.236.55.230 - - [04/Jul/2026:19:07:18 +0900] "GET /manage/Sale02/Sale_list.php?car_cate=67&date_type=2&end_date=2026-04-28&evalAmt_type&gubun2&gubun4&in_name&p&searchKey&seltime=4&set_page=15&start_date=2026-04-28&vat&wc_go_type&wc_made&wc_model&wtime=4 HTTP/1.1" 200 200
34.63.117.220 - - [04/Jul/2026:19:08:43 +0900] "HEAD /manage/Sale02/view.php?admidx&car_cate&car_cate2&code&date_type=1&ed&end_3&end_date&evalAmt_type&gubun1&gubun2&gubun3&gubun4&in_name&listpage=1&p&page&searchKey=128%EB%A3%A88403&set_page=15&start_date&tm&vat&wc_go_type&wc_idx=114324&wc_made&wtime HTTP/1.1" 200 -
34.63.117.220 - - [04/Jul/2026:19:08:43 +0900] "GET /manage/Sale02/view.php?admidx&car_cate&car_cate2&code&date_type=1&ed&end_3&end_date&evalAmt_type&gubun1&gubun2&gubun3&gubun4&in_name&listpage=1&p&page&searchKey=128%EB%A3%A88403&set_page=15&start_date&tm&vat&wc_go_type&wc_idx=114324&wc_made&wtime HTTP/1.1" 200 200
23.236.55.230 - - [04/Jul/2026:19:09:19 +0900] "HEAD /inc/popup_02.php?auct_idx=115936 HTTP/1.1" 200 -
23.236.55.230 - - [04/Jul/2026:19:09:19 +0900] "GET /inc/popup_02.php?auct_idx=115936 HTTP/1.1" 200 -
34.63.117.220 - - [04/Jul/2026:19:10:05 +0900] "HEAD /manage/Sale02/view.php?admidx&car_cate&car_cate2&code&date_type=1&ed&end_3&end_date&evalAmt_type&gubun1&gubun2&gubun3&gubun4&in_name&listpage=1&p&page&searchKey=147%EB%A7%884214&set_page=15&start_date&tm&vat&wc_go_type&wc_idx=114560&wc_made&wtime HTTP/1.1" 200 -
34.63.117.220 - - [04/Jul/2026:19:10:05 +0900] "GET /manage/Sale02/view.php?admidx&car_cate&car_cate2&code&date_type=1&ed&end_3&end_date&evalAmt_type&gubun1&gubun2&gubun3&gubun4&in_name&listpage=1&p&page&searchKey=147%EB%A7%884214&set_page=15&start_date&tm&vat&wc_go_type&wc_idx=114560&wc_made&wtime HTTP/1.1" 200 200
34.60.131.171 - - [04/Jul/2026:19:11:26 +0900] "HEAD /manage/Sale02/Sale_list.php?admidx&car_cate&car_cate2&code&date_type=2&ed&end_3&end_date=2026-05-07&evalAmt_type&gubun1&gubun2&gubun3&gubun4&in_name&listpage=1&p&page=2&searchKey&set_page=15&start_date=2026-05-07&tm&vat&wc_go_type&wc_made&wtime=11 HTTP/1.1" 200 -
34.60.131.171 - - [04/Jul/2026:19:11:26 +0900] "GET /manage/Sale02/Sale_list.php?admidx&car_cate&car_cate2&code&date_type=2&ed&end_3&end_date=2026-05-07&evalAmt_type&gubun1&gubun2&gubun3&gubun4&in_name&listpage=1&p&page=2&searchKey&set_page=15&start_date=2026-05-07&tm&vat&wc_go_type&wc_made&wtime=11 HTTP/1.1" 200 200
34.60.131.171 - - [04/Jul/2026:19:12:58 +0900] "HEAD /manage/Sale02/view.php?admidx&car_cate&car_cate2&code&date_type=1&ed&end_3&end_date&evalAmt_type&gubun1&gubun2&gubun3&gubun4&in_name&listpage=1&p&page&searchKey=185%EC%86%8C9069&set_page=15&start_date&tm&vat&wc_go_type&wc_idx=114541&wc_made&wtime HTTP/1.1" 200 -
34.60.131.171 - - [04/Jul/2026:19:12:58 +0900] "GET /manage/Sale02/view.php?admidx&car_cate&car_cate2&code&date_type=1&ed&end_3&end_date&evalAmt_type&gubun1&gubun2&gubun3&gubun4&in_name&listpage=1&p&page&searchKey=185%EC%86%8C9069&set_page=15&start_date&tm&vat&wc_go_type&wc_idx=114541&wc_made&wtime HTTP/1.1" 200 200
54.39.6.42 - - [04/Jul/2026:19:14:34 +0900] "GET /sitemap.xml HTTP/1.1" 200 11558
222.239.104.47 - - [04/Jul/2026:19:14:36 +0900] "GET / HTTP/1.1" 200 46024
222.239.104.47 - - [04/Jul/2026:19:14:36 +0900] "GET /common/js/jquery.bxslider.css HTTP/1.1" 200 3913
222.239.104.47 - - [04/Jul/2026:19:14:36 +0900] "GET /common/css/reset.css HTTP/1.1" 200 11839
222.239.104.47 - - [04/Jul/2026:19:14:36 +0900] "GET /common/js/common.js HTTP/1.1" 200 1496
222.239.104.47 - - [04/Jul/2026:19:14:36 +0900] "GET /common/css/common.css HTTP/1.1" 200 146507
222.239.104.47 - - [04/Jul/2026:19:14:36 +0900] "GET /common/js/front.js HTTP/1.1" 200 1508
222.239.104.47 - - [04/Jul/2026:19:14:38 +0900] "GET / HTTP/1.1" 200 46024
222.239.104.47 - - [04/Jul/2026:19:14:39 +0900] "GET / HTTP/1.1" 200 46024
34.173.239.49 - - [04/Jul/2026:19:14:59 +0900] "HEAD /inc/popup_02.php?auct_idx=110484 HTTP/1.1" 200 -
34.173.239.49 - - [04/Jul/2026:19:15:00 +0900] "GET /inc/popup_02.php?auct_idx=110484 HTTP/1.1" 200 -
34.60.131.171 - - [04/Jul/2026:19:16:29 +0900] "HEAD /manage/Sale02/Sale_list.php?admidx&car_cate&car_cate2&code&date_type=1&ed&end_3&end_date&evalAmt_type&gubun1&gubun2&gubun3&gubun4&in_name&listpage=1&p&page=1&searchKey=127%EC%86%8C6632&set_page=15&start_date&tm&vat&wc_go_type&wc_made&wtime HTTP/1.1" 200 -
34.60.131.171 - - [04/Jul/2026:19:16:29 +0900] "GET /manage/Sale02/Sale_list.php?admidx&car_cate&car_cate2&code&date_type=1&ed&end_3&end_date&evalAmt_type&gubun1&gubun2&gubun3&gubun4&in_name&listpage=1&p&page=1&searchKey=127%EC%86%8C6632&set_page=15&start_date&tm&vat&wc_go_type&wc_made&wtime HTTP/1.1" 200 200
34.63.170.141 - - [04/Jul/2026:19:17:17 +0900] "HEAD /manage/Sale02/Sale_list.php?admidx&car_cate&car_cate2&code&ed&end_3&end_date&gubun1&gubun2&gubun3&gubun4&in_name&listpage=1&p&page=1&searchKey=69%EB%A8%B84160&start_date&tm&wc_go_type&wc_made&wtime HTTP/1.1" 200 -
34.63.170.141 - - [04/Jul/2026:19:17:18 +0900] "GET /manage/Sale02/Sale_list.php?admidx&car_cate&car_cate2&code&ed&end_3&end_date&gubun1&gubun2&gubun3&gubun4&in_name&listpage=1&p&page=1&searchKey=69%EB%A8%B84160&start_date&tm&wc_go_type&wc_made&wtime HTTP/1.1" 200 200
34.63.117.220 - - [04/Jul/2026:19:19:28 +0900] "HEAD /manage/inc/FileUpload3.php?wc_idx=116465 HTTP/1.1" 200 -
34.63.117.220 - - [04/Jul/2026:19:19:28 +0900] "GET /manage/inc/FileUpload3.php?wc_idx=116465 HTTP/1.1" 200 20494
34.63.117.220 - - [04/Jul/2026:19:21:22 +0900] "HEAD /manage/Sale02/Sale_list.php?car_cate&date_type=1&end_date&evalAmt_type&gubun2&gubun4&in_name&p&searchKey=4933&set_page=15&start_date&vat&wc_go_type&wc_made&wc_model&wtime HTTP/1.1" 200 -
34.63.117.220 - - [04/Jul/2026:19:21:22 +0900] "GET /manage/Sale02/Sale_list.php?car_cate&date_type=1&end_date&evalAmt_type&gubun2&gubun4&in_name&p&searchKey=4933&set_page=15&start_date&vat&wc_go_type&wc_made&wc_model&wtime HTTP/1.1" 200 200
34.56.168.230 - - [04/Jul/2026:19:21:40 +0900] "HEAD /inc/popup_03.php?wc_idx=100822 HTTP/1.1" 200 -
34.56.168.230 - - [04/Jul/2026:19:21:40 +0900] "GET /inc/popup_03.php?wc_idx=100822 HTTP/1.1" 200 -
52.167.144.217 - - [04/Jul/2026:19:21:44 +0900] "GET /sub02/sub02_1.php?gubun2=5&type=2 HTTP/1.1" 200 47484
34.56.168.230 - - [04/Jul/2026:19:23:44 +0900] "HEAD /manage/Sale02/Sale_list.php?car_cate&date_type=1&end_date&evalAmt_type&gubun2&gubun4&in_name&p&searchKey=1893&set_page=15&start_date&vat&wc_go_type&wc_made&wc_model&wtime HTTP/1.1" 200 -
34.56.168.230 - - [04/Jul/2026:19:23:44 +0900] "GET /manage/Sale02/Sale_list.php?car_cate&date_type=1&end_date&evalAmt_type&gubun2&gubun4&in_name&p&searchKey=1893&set_page=15&start_date&vat&wc_go_type&wc_made&wc_model&wtime HTTP/1.1" 200 200
34.56.168.230 - - [04/Jul/2026:19:24:06 +0900] "HEAD /manage/Sale02/Sale_list.php?car_cate&date_type=1&end_date&evalAmt_type&gubun2&gubun4&in_name&p&searchKey=30%EB%AA%A88355&set_page=15&start_date&vat&wc_go_type&wc_made&wc_model&wtime HTTP/1.1" 200 -
34.56.168.230 - - [04/Jul/2026:19:24:07 +0900] "GET /manage/Sale02/Sale_list.php?car_cate&date_type=1&end_date&evalAmt_type&gubun2&gubun4&in_name&p&searchKey=30%EB%AA%A88355&set_page=15&start_date&vat&wc_go_type&wc_made&wc_model&wtime HTTP/1.1" 200 200
34.56.168.230 - - [04/Jul/2026:19:24:31 +0900] "HEAD /manage/Sale02/Sale_list.php?car_cate&date_type=2&end_date=2026-06-09&evalAmt_type&gubun2&gubun4&in_name&p&searchKey&seltime=4&set_page=15&start_date=2026-06-09&vat&wc_go_type&wc_made&wc_model&wtime=4 HTTP/1.1" 200 -
34.56.168.230 - - [04/Jul/2026:19:24:32 +0900] "GET /manage/Sale02/Sale_list.php?car_cate&date_type=2&end_date=2026-06-09&evalAmt_type&gubun2&gubun4&in_name&p&searchKey&seltime=4&set_page=15&start_date=2026-06-09&vat&wc_go_type&wc_made&wc_model&wtime=4 HTTP/1.1" 200 200
34.63.117.220 - - [04/Jul/2026:19:25:35 +0900] "HEAD /inc/popup_03.php?wc_idx=102135 HTTP/1.1" 200 -
34.63.117.220 - - [04/Jul/2026:19:25:35 +0900] "GET /inc/popup_03.php?wc_idx=102135 HTTP/1.1" 200 -
34.173.239.49 - - [04/Jul/2026:19:26:37 +0900] "HEAD /manage/Sale02/Sale_list.php?car_cate&date_type=1&end_date&evalAmt_type&gubun2&gubun4&in_name&p&searchKey=50%EB%B6%805801&set_page=15&start_date&vat&wc_go_type&wc_made&wc_model&wtime HTTP/1.1" 200 -
34.173.239.49 - - [04/Jul/2026:19:26:37 +0900] "GET /manage/Sale02/Sale_list.php?car_cate&date_type=1&end_date&evalAmt_type&gubun2&gubun4&in_name&p&searchKey=50%EB%B6%805801&set_page=15&start_date&vat&wc_go_type&wc_made&wc_model&wtime HTTP/1.1" 200 200
34.63.117.220 - - [04/Jul/2026:19:28:38 +0900] "HEAD /inc/popup_02.php?auct_idx=107268 HTTP/1.1" 200 -
34.63.117.220 - - [04/Jul/2026:19:28:38 +0900] "GET /inc/popup_02.php?auct_idx=107268 HTTP/1.1" 200 -
23.236.55.230 - - [04/Jul/2026:19:29:25 +0900] "HEAD /manage/Sale02/Sale_list.php?car_cate&date_type=1&end_date&evalAmt_type&gubun2&gubun4&in_name&p&searchKey=0889&set_page=15&start_date&vat&wc_go_type&wc_made&wc_model&wtime HTTP/1.1" 200 -
23.236.55.230 - - [04/Jul/2026:19:29:25 +0900] "GET /manage/Sale02/Sale_list.php?car_cate&date_type=1&end_date&evalAmt_type&gubun2&gubun4&in_name&p&searchKey=0889&set_page=15&start_date&vat&wc_go_type&wc_made&wc_model&wtime HTTP/1.1" 200 200
34.63.117.220 - - [04/Jul/2026:19:30:37 +0900] "HEAD /manage/Sale02/view.php?admidx&car_cate&car_cate2&code&date_type=1&ed&end_3&end_date&evalAmt_type&gubun1&gubun2&gubun3&gubun4&in_name&listpage=1&p&page&searchKey=196%EB%B3%B43612&set_page=15&start_date&tm&vat&wc_go_type&wc_idx=113294&wc_made&wtime HTTP/1.1" 200 -
34.63.117.220 - - [04/Jul/2026:19:30:37 +0900] "GET /manage/Sale02/view.php?admidx&car_cate&car_cate2&code&date_type=1&ed&end_3&end_date&evalAmt_type&gubun1&gubun2&gubun3&gubun4&in_name&listpage=1&p&page&searchKey=196%EB%B3%B43612&set_page=15&start_date&tm&vat&wc_go_type&wc_idx=113294&wc_made&wtime HTTP/1.1" 200 200
34.63.170.141 - - [04/Jul/2026:19:32:45 +0900] "HEAD /inc/popup_03.php?wc_idx=114541 HTTP/1.1" 200 -
34.63.170.141 - - [04/Jul/2026:19:32:45 +0900] "GET /inc/popup_03.php?wc_idx=114541 HTTP/1.1" 200 -
34.63.117.220 - - [04/Jul/2026:19:33:20 +0900] "HEAD /inc/popup_02.php?auct_idx=111764 HTTP/1.1" 200 -
34.63.117.220 - - [04/Jul/2026:19:33:20 +0900] "GET /inc/popup_02.php?auct_idx=111764 HTTP/1.1" 200 -
34.56.168.230 - - [04/Jul/2026:19:35:08 +0900] "HEAD /manage/Sale02/Sale_list.php?car_cate&date_type=1&end_date&evalAmt_type&gubun2&gubun4&in_name&p&searchKey=62%EC%98%A46390&set_page=15&start_date&vat&wc_go_type&wc_made&wc_model&wtime HTTP/1.1" 200 -
34.56.168.230 - - [04/Jul/2026:19:35:08 +0900] "GET /manage/Sale02/Sale_list.php?car_cate&date_type=1&end_date&evalAmt_type&gubun2&gubun4&in_name&p&searchKey=62%EC%98%A46390&set_page=15&start_date&vat&wc_go_type&wc_made&wc_model&wtime HTTP/1.1" 200 200
34.56.168.230 - - [04/Jul/2026:19:35:50 +0900] "HEAD /inc/popup_02.php?auct_idx=108899 HTTP/1.1" 200 -
34.56.168.230 - - [04/Jul/2026:19:35:51 +0900] "GET /inc/popup_02.php?auct_idx=108899 HTTP/1.1" 200 -
34.63.117.220 - - [04/Jul/2026:19:35:51 +0900] "HEAD /inc/popup_02.php?auct_idx=100541 HTTP/1.1" 200 -
34.63.117.220 - - [04/Jul/2026:19:35:51 +0900] "GET /inc/popup_02.php?auct_idx=100541 HTTP/1.1" 200 -
34.56.168.230 - - [04/Jul/2026:19:37:35 +0900] "HEAD /manage/Sale04/view.php?admidx&car_cate&end_date&gubun1&gubun2&gubun3&gubun4&in_name&listpage=2&page=1&searchKey&start_date&tm&wc_go_type&wc_idx=116776 HTTP/1.1" 200 -
34.56.168.230 - - [04/Jul/2026:19:37:35 +0900] "GET /manage/Sale04/view.php?admidx&car_cate&end_date&gubun1&gubun2&gubun3&gubun4&in_name&listpage=2&page=1&searchKey&start_date&tm&wc_go_type&wc_idx=116776 HTTP/1.1" 200 200
34.56.168.230 - - [04/Jul/2026:19:38:08 +0900] "HEAD /manage/Sale06/Scrap_app_list.php HTTP/1.1" 200 -
34.56.168.230 - - [04/Jul/2026:19:38:08 +0900] "GET /manage/Sale06/Scrap_app_list.php HTTP/1.1" 200 200
34.56.168.230 - - [04/Jul/2026:19:38:32 +0900] "HEAD /inc/popup_02.php?auct_idx=118147 HTTP/1.1" 200 -
34.56.168.230 - - [04/Jul/2026:19:38:32 +0900] "GET /inc/popup_02.php?auct_idx=118147 HTTP/1.1" 200 -
34.56.168.230 - - [04/Jul/2026:19:39:20 +0900] "HEAD /manage/Sale02/Sale_list.php?car_cate&date_type=2&end_date=2026-04-09&evalAmt_type&gubun2&gubun4&in_name&p&searchKey&seltime=8&set_page=15&start_date=2026-04-09&vat&wc_go_type&wc_made&wc_model&wtime=8 HTTP/1.1" 200 -
34.56.168.230 - - [04/Jul/2026:19:39:21 +0900] "GET /manage/Sale02/Sale_list.php?car_cate&date_type=2&end_date=2026-04-09&evalAmt_type&gubun2&gubun4&in_name&p&searchKey&seltime=8&set_page=15&start_date=2026-04-09&vat&wc_go_type&wc_made&wc_model&wtime=8 HTTP/1.1" 200 200
34.60.131.171 - - [04/Jul/2026:19:39:33 +0900] "HEAD /inc/popup_05.php?wc_idx=114208 HTTP/1.1" 200 -
34.60.131.171 - - [04/Jul/2026:19:39:33 +0900] "GET /inc/popup_05.php?wc_idx=114208 HTTP/1.1" 200 2
34.173.239.49 - - [04/Jul/2026:19:39:34 +0900] "HEAD /manage/Sale02/view.php?admidx&car_cate&car_cate2&code&date_type=1&ed&end_3&end_date&evalAmt_type&gubun1&gubun2&gubun3&gubun4&in_name&listpage=1&p&page&searchKey=244%EC%A3%BC2786&set_page=15&start_date&tm&vat&wc_go_type&wc_idx=118198&wc_made&wtime HTTP/1.1" 200 -
34.173.239.49 - - [04/Jul/2026:19:39:34 +0900] "GET /manage/Sale02/view.php?admidx&car_cate&car_cate2&code&date_type=1&ed&end_3&end_date&evalAmt_type&gubun1&gubun2&gubun3&gubun4&in_name&listpage=1&p&page&searchKey=244%EC%A3%BC2786&set_page=15&start_date&tm&vat&wc_go_type&wc_idx=118198&wc_made&wtime HTTP/1.1" 200 200
34.56.168.230 - - [04/Jul/2026:19:40:45 +0900] "HEAD /manage/Sale02/Sale_list.php?admidx&car_cate&car_cate2&code&date_type=1&ed&end_3&end_date&evalAmt_type&gubun1&gubun2&gubun3&gubun4&in_name&listpage=1&p&page=1&searchKey=6139&set_page=15&start_date&tm&vat&wc_go_type&wc_made&wtime HTTP/1.1" 200 -
34.56.168.230 - - [04/Jul/2026:19:40:46 +0900] "GET /manage/Sale02/Sale_list.php?admidx&car_cate&car_cate2&code&date_type=1&ed&end_3&end_date&evalAmt_type&gubun1&gubun2&gubun3&gubun4&in_name&listpage=1&p&page=1&searchKey=6139&set_page=15&start_date&tm&vat&wc_go_type&wc_made&wtime HTTP/1.1" 200 200
34.56.168.230 - - [04/Jul/2026:19:42:37 +0900] "HEAD /inc/popup_02.php?auct_idx=102911 HTTP/1.1" 200 -
34.56.168.230 - - [04/Jul/2026:19:42:37 +0900] "GET /inc/popup_02.php?auct_idx=102911 HTTP/1.1" 200 -
136.119.129.236 - - [04/Jul/2026:19:42:57 +0900] "HEAD /manage/Sale02/Sale_list.php?car_cate&date_type=1&end_date&evalAmt_type&gubun2&gubun4&in_name&p&searchKey=6198&set_page=15&start_date&vat&wc_go_type&wc_made&wc_model&wtime HTTP/1.1" 200 -
136.119.129.236 - - [04/Jul/2026:19:42:57 +0900] "GET /manage/Sale02/Sale_list.php?car_cate&date_type=1&end_date&evalAmt_type&gubun2&gubun4&in_name&p&searchKey=6198&set_page=15&start_date&vat&wc_go_type&wc_made&wc_model&wtime HTTP/1.1" 200 200
34.63.170.141 - - [04/Jul/2026:19:43:01 +0900] "HEAD /inc/popup_02.php?auct_idx=107285 HTTP/1.1" 200 -
34.63.170.141 - - [04/Jul/2026:19:43:01 +0900] "GET /inc/popup_02.php?auct_idx=107285 HTTP/1.1" 200 -
23.236.55.230 - - [04/Jul/2026:19:44:30 +0900] "HEAD /manage/Sale02/Sale_list.php?car_cate&date_type=2&end_date=2026-04-29&evalAmt_type&gubun2&gubun4&in_name&p&searchKey&seltime=11&set_page=15&start_date=2026-04-29&vat&wc_go_type&wc_made&wc_model&wtime=11 HTTP/1.1" 200 -
23.236.55.230 - - [04/Jul/2026:19:44:30 +0900] "GET /manage/Sale02/Sale_list.php?car_cate&date_type=2&end_date=2026-04-29&evalAmt_type&gubun2&gubun4&in_name&p&searchKey&seltime=11&set_page=15&start_date=2026-04-29&vat&wc_go_type&wc_made&wc_model&wtime=11 HTTP/1.1" 200 200
34.56.168.230 - - [04/Jul/2026:19:44:40 +0900] "HEAD /manage/Sale02/Sale_list.php?car_cate&date_type=2&end_date=2026-03-13&evalAmt_type&gubun2&gubun4&in_name&p&searchKey&set_page=15&start_date=2026-03-13&vat&wc_go_type&wc_made&wc_model&wtime HTTP/1.1" 200 -
34.56.168.230 - - [04/Jul/2026:19:44:40 +0900] "GET /manage/Sale02/Sale_list.php?car_cate&date_type=2&end_date=2026-03-13&evalAmt_type&gubun2&gubun4&in_name&p&searchKey&set_page=15&start_date=2026-03-13&vat&wc_go_type&wc_made&wc_model&wtime HTTP/1.1" 200 200
136.119.129.236 - - [04/Jul/2026:19:45:00 +0900] "HEAD /inc/popup_02.php?auct_idx=106720 HTTP/1.1" 200 -
136.119.129.236 - - [04/Jul/2026:19:45:01 +0900] "GET /inc/popup_02.php?auct_idx=106720 HTTP/1.1" 200 -
34.63.117.220 - - [04/Jul/2026:19:46:14 +0900] "HEAD /manage/Sale02/Sale_list.php?admidx&car_cate&car_cate2&code&date_type=2&ed&end_3&end_date=2026-06-19&evalAmt_type&gubun1&gubun2&gubun3&gubun4&in_name&listpage=1&p&page=3&searchKey&set_page=15&start_date=2026-06-19&tm&vat&wc_go_type&wc_made&wtime=8 HTTP/1.1" 200 -
34.63.117.220 - - [04/Jul/2026:19:46:14 +0900] "GET /manage/Sale02/Sale_list.php?admidx&car_cate&car_cate2&code&date_type=2&ed&end_3&end_date=2026-06-19&evalAmt_type&gubun1&gubun2&gubun3&gubun4&in_name&listpage=1&p&page=3&searchKey&set_page=15&start_date=2026-06-19&tm&vat&wc_go_type&wc_made&wtime=8 HTTP/1.1" 200 200
34.173.239.49 - - [04/Jul/2026:19:48:13 +0900] "HEAD /manage/Sale02/Sale_list.php?car_cate&date_type=1&end_date&evalAmt_type&gubun2&gubun4&in_name&p&searchKey=827%EB%A8%B86198&set_page=15&start_date&vat&wc_go_type&wc_made&wc_model&wtime HTTP/1.1" 200 -
34.173.239.49 - - [04/Jul/2026:19:48:13 +0900] "GET /manage/Sale02/Sale_list.php?car_cate&date_type=1&end_date&evalAmt_type&gubun2&gubun4&in_name&p&searchKey=827%EB%A8%B86198&set_page=15&start_date&vat&wc_go_type&wc_made&wc_model&wtime HTTP/1.1" 200 200
34.56.168.230 - - [04/Jul/2026:19:48:36 +0900] "HEAD /manage/Sale02/view.php?admidx&car_cate&car_cate2&code&date_type=1&ed&end_3&end_date&evalAmt_type&gubun1&gubun2&gubun3&gubun4&in_name&listpage=1&p&page&searchKey=258%EC%84%9C2407&set_page=15&start_date&tm&vat&wc_go_type&wc_idx=114653&wc_made&wtime HTTP/1.1" 200 -
34.56.168.230 - - [04/Jul/2026:19:48:36 +0900] "GET /manage/Sale02/view.php?admidx&car_cate&car_cate2&code&date_type=1&ed&end_3&end_date&evalAmt_type&gubun1&gubun2&gubun3&gubun4&in_name&listpage=1&p&page&searchKey=258%EC%84%9C2407&set_page=15&start_date&tm&vat&wc_go_type&wc_idx=114653&wc_made&wtime HTTP/1.1" 200 200
34.63.117.220 - - [04/Jul/2026:19:48:49 +0900] "HEAD /manage/Sale02/view.php?admidx&car_cate&car_cate2&code&date_type=1&ed&end_3&end_date&evalAmt_type&gubun1&gubun2&gubun3&gubun4&in_name&listpage=1&p&page&searchKey=4930&set_page=15&start_date&tm&vat&wc_go_type&wc_idx=118496&wc_made&wtime HTTP/1.1" 200 -
34.63.117.220 - - [04/Jul/2026:19:48:49 +0900] "GET /manage/Sale02/view.php?admidx&car_cate&car_cate2&code&date_type=1&ed&end_3&end_date&evalAmt_type&gubun1&gubun2&gubun3&gubun4&in_name&listpage=1&p&page&searchKey=4930&set_page=15&start_date&tm&vat&wc_go_type&wc_idx=118496&wc_made&wtime HTTP/1.1" 200 200
34.56.168.230 - - [04/Jul/2026:19:49:37 +0900] "HEAD /manage/Sale02/Sale_list.php?admidx&car_cate&car_cate2&code&date_type=2&ed&end_3&end_date=2026-04-15&evalAmt_type&gubun1&gubun2&gubun3&gubun4&in_name&listpage=1&p&page=2&searchKey&set_page=15&start_date=2026-04-15&tm&vat&wc_go_type&wc_made&wtime=4 HTTP/1.1" 200 -
34.56.168.230 - - [04/Jul/2026:19:49:38 +0900] "GET /manage/Sale02/Sale_list.php?admidx&car_cate&car_cate2&code&date_type=2&ed&end_3&end_date=2026-04-15&evalAmt_type&gubun1&gubun2&gubun3&gubun4&in_name&listpage=1&p&page=2&searchKey&set_page=15&start_date=2026-04-15&tm&vat&wc_go_type&wc_made&wtime=4 HTTP/1.1" 200 200
34.63.117.220 - - [04/Jul/2026:19:50:14 +0900] "HEAD /inc/popup_03.php?wc_idx=116411 HTTP/1.1" 200 -
34.63.117.220 - - [04/Jul/2026:19:50:14 +0900] "GET /inc/popup_03.php?wc_idx=116411 HTTP/1.1" 200 -
34.173.239.49 - - [04/Jul/2026:19:51:42 +0900] "HEAD /inc/popup_02.php?auct_idx=102116 HTTP/1.1" 200 -
34.173.239.49 - - [04/Jul/2026:19:51:42 +0900] "GET /inc/popup_02.php?auct_idx=102116 HTTP/1.1" 200 -
125.209.235.174 - - [04/Jul/2026:19:52:14 +0900] "GET /robots.txt HTTP/1.1" 200 795
110.93.150.23 - - [04/Jul/2026:19:52:15 +0900] "GET /company/company.php HTTP/1.1" 200 17882
34.60.131.171 - - [04/Jul/2026:19:54:35 +0900] "HEAD /manage/Sale02/Sale_list.php?car_cate&date_type=2&end_date=2026-05-07&evalAmt_type&gubun2&gubun4&in_name&p&searchKey&seltime=11&set_page=15&start_date=2026-05-07&vat&wc_go_type&wc_made&wc_model&wtime=11 HTTP/1.1" 200 -
34.60.131.171 - - [04/Jul/2026:19:54:36 +0900] "GET /manage/Sale02/Sale_list.php?car_cate&date_type=2&end_date=2026-05-07&evalAmt_type&gubun2&gubun4&in_name&p&searchKey&seltime=11&set_page=15&start_date=2026-05-07&vat&wc_go_type&wc_made&wc_model&wtime=11 HTTP/1.1" 200 200
192.36.109.115 - - [04/Jul/2026:19:54:59 +0900] "GET / HTTP/1.1" 200 44876
34.173.239.49 - - [04/Jul/2026:19:55:04 +0900] "HEAD /manage/Sale02/Sale_list.php?car_cate&date_type=2&end_date=2026-06-12&evalAmt_type&gubun2&gubun4&in_name&p&searchKey&set_page=15&start_date=2026-06-12&vat&wc_go_type&wc_made&wc_model&wtime HTTP/1.1" 200 -
34.173.239.49 - - [04/Jul/2026:19:55:04 +0900] "GET /manage/Sale02/Sale_list.php?car_cate&date_type=2&end_date=2026-06-12&evalAmt_type&gubun2&gubun4&in_name&p&searchKey&set_page=15&start_date=2026-06-12&vat&wc_go_type&wc_made&wc_model&wtime HTTP/1.1" 200 200
52.167.144.138 - - [04/Jul/2026:19:55:47 +0900] "GET /data/20260612_677711276810.jpg HTTP/1.1" 200 200619
34.60.131.171 - - [04/Jul/2026:19:55:49 +0900] "HEAD /manage/Sale02/Sale_list.php?car_cate&date_type=1&end_date&evalAmt_type&gubun2&gubun4&in_name&p&searchKey=20%EB%A1%9C5724&set_page=15&start_date&vat&wc_go_type&wc_made&wc_model&wtime HTTP/1.1" 200 -
34.60.131.171 - - [04/Jul/2026:19:55:49 +0900] "GET /manage/Sale02/Sale_list.php?car_cate&date_type=1&end_date&evalAmt_type&gubun2&gubun4&in_name&p&searchKey=20%EB%A1%9C5724&set_page=15&start_date&vat&wc_go_type&wc_made&wc_model&wtime HTTP/1.1" 200 200
23.236.55.230 - - [04/Jul/2026:19:57:46 +0900] "HEAD /manage/Sale02/view.php?admidx&car_cate&car_cate2&code&date_type=1&ed&end_3&end_date&evalAmt_type&gubun1&gubun2&gubun3&gubun4&in_name&listpage=1&p&page&searchKey=6622&set_page=15&start_date&tm&vat&wc_go_type&wc_idx=113563&wc_made&wtime HTTP/1.1" 200 -
23.236.55.230 - - [04/Jul/2026:19:57:46 +0900] "GET /manage/Sale02/view.php?admidx&car_cate&car_cate2&code&date_type=1&ed&end_3&end_date&evalAmt_type&gubun1&gubun2&gubun3&gubun4&in_name&listpage=1&p&page&searchKey=6622&set_page=15&start_date&tm&vat&wc_go_type&wc_idx=113563&wc_made&wtime HTTP/1.1" 200 200
136.119.129.236 - - [04/Jul/2026:20:02:12 +0900] "HEAD /manage/Sale02/Sale_list.php?admidx&car_cate&car_cate2&code&date_type=1&ed&end_3&end_date&evalAmt_type&gubun1&gubun2&gubun3&gubun4&in_name&listpage=1&p&page=1&searchKey=238%EC%A1%B02634&set_page=15&start_date&tm&vat&wc_go_type&wc_made&wtime HTTP/1.1" 200 -
136.119.129.236 - - [04/Jul/2026:20:02:13 +0900] "GET /manage/Sale02/Sale_list.php?admidx&car_cate&car_cate2&code&date_type=1&ed&end_3&end_date&evalAmt_type&gubun1&gubun2&gubun3&gubun4&in_name&listpage=1&p&page=1&searchKey=238%EC%A1%B02634&set_page=15&start_date&tm&vat&wc_go_type&wc_made&wtime HTTP/1.1" 200 200
34.56.168.230 - - [04/Jul/2026:20:02:53 +0900] "HEAD /manage/Sale02/Sale_list.php?car_cate&date_type=1&end_date&evalAmt_type&gubun2&gubun4&in_name&p&searchKey=50%EB%8D%940629&set_page=15&start_date&vat&wc_go_type&wc_made&wc_model&wtime HTTP/1.1" 200 -
34.56.168.230 - - [04/Jul/2026:20:02:53 +0900] "GET /manage/Sale02/Sale_list.php?car_cate&date_type=1&end_date&evalAmt_type&gubun2&gubun4&in_name&p&searchKey=50%EB%8D%940629&set_page=15&start_date&vat&wc_go_type&wc_made&wc_model&wtime HTTP/1.1" 200 200
23.236.55.230 - - [04/Jul/2026:20:04:52 +0900] "HEAD /manage/Sale02/view.php?admidx&car_cate&car_cate2&code&date_type=1&ed&end_3&end_date&evalAmt_type&gubun1&gubun2&gubun3&gubun4&in_name&listpage=1&p&page&searchKey=0889&set_page=15&start_date&tm&vat&wc_go_type&wc_idx=114939&wc_made&wtime HTTP/1.1" 200 -
