23.236.55.230 - - [04/Jul/2026:20:04:52 +0900] "GET /manage/Sale02/view.php?admidx&car_cate&car_cate2&code&date_type=1&ed&end_3&end_date&evalAmt_type&gubun1&gubun2&gubun3&gubun4&in_name&listpage=1&p&page&searchKey=0889&set_page=15&start_date&tm&vat&wc_go_type&wc_idx=114939&wc_made&wtime HTTP/1.1" 200 200
34.56.168.230 - - [04/Jul/2026:20:05:00 +0900] "HEAD /inc/popup_03.php?wc_idx=103536 HTTP/1.1" 200 -
34.56.168.230 - - [04/Jul/2026:20:05:01 +0900] "GET /inc/popup_03.php?wc_idx=103536 HTTP/1.1" 200 -
34.60.131.171 - - [04/Jul/2026:20:05:43 +0900] "HEAD /manage/Sale02/view.php?admidx&car_cate&car_cate2&code&date_type=1&ed&end_3&end_date&evalAmt_type&gubun1&gubun2&gubun3&gubun4&in_name&listpage=1&p&page&searchKey=376%EB%B3%B45152&set_page=15&start_date&tm&vat&wc_go_type&wc_idx=115706&wc_made&wtime HTTP/1.1" 200 -
34.60.131.171 - - [04/Jul/2026:20:05:43 +0900] "GET /manage/Sale02/view.php?admidx&car_cate&car_cate2&code&date_type=1&ed&end_3&end_date&evalAmt_type&gubun1&gubun2&gubun3&gubun4&in_name&listpage=1&p&page&searchKey=376%EB%B3%B45152&set_page=15&start_date&tm&vat&wc_go_type&wc_idx=115706&wc_made&wtime HTTP/1.1" 200 200
34.56.168.230 - - [04/Jul/2026:20:05:44 +0900] "HEAD /inc/popup_06.php?wc_idx=110133 HTTP/1.1" 200 -
34.56.168.230 - - [04/Jul/2026:20:05:44 +0900] "GET /inc/popup_06.php?wc_idx=110133 HTTP/1.1" 200 -
34.173.239.49 - - [04/Jul/2026:20:06:11 +0900] "HEAD /manage/Sale02/Sale_list.php?car_cate&date_type=2&end_date=2026-06-25&evalAmt_type&gubun2&gubun4&in_name&p&searchKey&set_page=15&start_date=2026-06-25&vat&wc_go_type&wc_made&wc_model&wtime HTTP/1.1" 200 -
34.173.239.49 - - [04/Jul/2026:20:06:11 +0900] "GET /manage/Sale02/Sale_list.php?car_cate&date_type=2&end_date=2026-06-25&evalAmt_type&gubun2&gubun4&in_name&p&searchKey&set_page=15&start_date=2026-06-25&vat&wc_go_type&wc_made&wc_model&wtime HTTP/1.1" 200 200
34.63.117.220 - - [04/Jul/2026:20:07:13 +0900] "HEAD /inc/popup_02.php?auct_idx=115858 HTTP/1.1" 200 -
34.63.117.220 - - [04/Jul/2026:20:07:13 +0900] "GET /inc/popup_02.php?auct_idx=115858 HTTP/1.1" 200 -
34.173.239.49 - - [04/Jul/2026:20:08:49 +0900] "HEAD /manage/Sale02/view.php?admidx&car_cate&car_cate2&code&date_type=1&ed&end_3&end_date&evalAmt_type&gubun1&gubun2&gubun3&gubun4&in_name&listpage=1&p&page&searchKey=60%EC%88%987773&set_page=15&start_date&tm&vat&wc_go_type&wc_idx=111430&wc_made&wtime HTTP/1.1" 200 -
34.173.239.49 - - [04/Jul/2026:20:08:50 +0900] "GET /manage/Sale02/view.php?admidx&car_cate&car_cate2&code&date_type=1&ed&end_3&end_date&evalAmt_type&gubun1&gubun2&gubun3&gubun4&in_name&listpage=1&p&page&searchKey=60%EC%88%987773&set_page=15&start_date&tm&vat&wc_go_type&wc_idx=111430&wc_made&wtime HTTP/1.1" 200 200
34.60.131.171 - - [04/Jul/2026:20:08:50 +0900] "HEAD /manage/Sale02/Sale_list.php?admidx&car_cate&car_cate2&code&date_type=2&ed&end_3&end_date=2026-04-06&evalAmt_type&gubun1&gubun2&gubun3&gubun4&in_name&listpage=1&p&page=2&searchKey&set_page=15&start_date=2026-04-06&tm&vat&wc_go_type&wc_made&wtime=8 HTTP/1.1" 200 -
34.60.131.171 - - [04/Jul/2026:20:08:50 +0900] "GET /manage/Sale02/Sale_list.php?admidx&car_cate&car_cate2&code&date_type=2&ed&end_3&end_date=2026-04-06&evalAmt_type&gubun1&gubun2&gubun3&gubun4&in_name&listpage=1&p&page=2&searchKey&set_page=15&start_date=2026-04-06&tm&vat&wc_go_type&wc_made&wtime=8 HTTP/1.1" 200 200
34.56.168.230 - - [04/Jul/2026:20:08:53 +0900] "HEAD /manage/Sale02/Sale_list.php?car_cate&date_type=1&end_date&evalAmt_type&gubun2&gubun4&in_name&p&searchKey=EV5&set_page=15&start_date&vat&wc_go_type&wc_made&wc_model&wtime HTTP/1.1" 200 -
34.56.168.230 - - [04/Jul/2026:20:08:53 +0900] "GET /manage/Sale02/Sale_list.php?car_cate&date_type=1&end_date&evalAmt_type&gubun2&gubun4&in_name&p&searchKey=EV5&set_page=15&start_date&vat&wc_go_type&wc_made&wc_model&wtime HTTP/1.1" 200 200
23.236.55.230 - - [04/Jul/2026:20:08:54 +0900] "HEAD /manage/Sale07/Member_list.php?Search_text=%EC%A0%9C%EC%9D%BC&company&list_sort&upjong HTTP/1.1" 200 -
23.236.55.230 - - [04/Jul/2026:20:08:54 +0900] "GET /manage/Sale07/Member_list.php?Search_text=%EC%A0%9C%EC%9D%BC&company&list_sort&upjong HTTP/1.1" 200 200
34.173.239.49 - - [04/Jul/2026:20:09:18 +0900] "HEAD /inc/popup_02.php?auct_idx=109849 HTTP/1.1" 200 -
34.173.239.49 - - [04/Jul/2026:20:09:18 +0900] "GET /inc/popup_02.php?auct_idx=109849 HTTP/1.1" 200 -
34.63.117.220 - - [04/Jul/2026:20:10:27 +0900] "HEAD /manage/Sale02/view.php?admidx&car_cate&car_cate2&code&date_type=1&ed&end_3&end_date&evalAmt_type&gubun1&gubun2&gubun3&gubun4&in_name&listpage=1&p&page&searchKey=6478&set_page=15&start_date&tm&vat&wc_go_type&wc_idx=115040&wc_made&wtime HTTP/1.1" 200 -
34.63.117.220 - - [04/Jul/2026:20:10:28 +0900] "GET /manage/Sale02/view.php?admidx&car_cate&car_cate2&code&date_type=1&ed&end_3&end_date&evalAmt_type&gubun1&gubun2&gubun3&gubun4&in_name&listpage=1&p&page&searchKey=6478&set_page=15&start_date&tm&vat&wc_go_type&wc_idx=115040&wc_made&wtime HTTP/1.1" 200 200
34.63.117.220 - - [04/Jul/2026:20:10:31 +0900] "HEAD /manage/Sale02/Sale_list.php?admidx&car_cate&car_cate2&code&date_type=1&ed&end_3&end_date&evalAmt_type&gubun1&gubun2&gubun3&gubun4&in_name&listpage=1&p&page=1&searchKey=225%EB%A1%9C2696&set_page=15&start_date&tm&vat&wc_go_type&wc_made&wtime HTTP/1.1" 200 -
34.63.117.220 - - [04/Jul/2026:20:10:31 +0900] "GET /manage/Sale02/Sale_list.php?admidx&car_cate&car_cate2&code&date_type=1&ed&end_3&end_date&evalAmt_type&gubun1&gubun2&gubun3&gubun4&in_name&listpage=1&p&page=1&searchKey=225%EB%A1%9C2696&set_page=15&start_date&tm&vat&wc_go_type&wc_made&wtime HTTP/1.1" 200 200
34.63.117.220 - - [04/Jul/2026:20:13:30 +0900] "HEAD /manage/Sale02/Sale_list.php?car_cate&date_type=2&end_date=2026-04-10&evalAmt_type&gubun2&gubun4&in_name&p&searchKey&seltime=8&set_page=15&start_date=2026-04-10&vat&wc_go_type&wc_made&wc_model&wtime=8 HTTP/1.1" 200 -
34.63.117.220 - - [04/Jul/2026:20:13:30 +0900] "GET /manage/Sale02/Sale_list.php?car_cate&date_type=2&end_date=2026-04-10&evalAmt_type&gubun2&gubun4&in_name&p&searchKey&seltime=8&set_page=15&start_date=2026-04-10&vat&wc_go_type&wc_made&wc_model&wtime=8 HTTP/1.1" 200 200
34.60.131.171 - - [04/Jul/2026:20:14:25 +0900] "HEAD /manage/Sale02/Sale_list.php?admidx&car_cate&car_cate2&code&date_type=2&ed&end_3&end_date=2026-03-25&evalAmt_type&gubun1&gubun2&gubun3&gubun4&in_name&listpage=1&p&page=2&searchKey&set_page=15&start_date=2026-03-25&tm&vat&wc_go_type&wc_made&wtime=4 HTTP/1.1" 200 -
34.60.131.171 - - [04/Jul/2026:20:14:25 +0900] "GET /manage/Sale02/Sale_list.php?admidx&car_cate&car_cate2&code&date_type=2&ed&end_3&end_date=2026-03-25&evalAmt_type&gubun1&gubun2&gubun3&gubun4&in_name&listpage=1&p&page=2&searchKey&set_page=15&start_date=2026-03-25&tm&vat&wc_go_type&wc_made&wtime=4 HTTP/1.1" 200 200
34.60.131.171 - - [04/Jul/2026:20:15:06 +0900] "HEAD /inc/popup_03.php?wc_idx=104678 HTTP/1.1" 200 -
34.60.131.171 - - [04/Jul/2026:20:15:06 +0900] "GET /inc/popup_03.php?wc_idx=104678 HTTP/1.1" 200 -
34.173.239.49 - - [04/Jul/2026:20:17:38 +0900] "HEAD /manage/Sale02/view.php?admidx&car_cate&car_cate2&code&date_type=1&ed&end_3&end_date&evalAmt_type&gubun1&gubun2&gubun3&gubun4&in_name&listpage=1&p&page&searchKey=6519&set_page=15&start_date&tm&vat&wc_go_type&wc_idx=113972&wc_made&wtime HTTP/1.1" 200 -
34.173.239.49 - - [04/Jul/2026:20:17:38 +0900] "GET /manage/Sale02/view.php?admidx&car_cate&car_cate2&code&date_type=1&ed&end_3&end_date&evalAmt_type&gubun1&gubun2&gubun3&gubun4&in_name&listpage=1&p&page&searchKey=6519&set_page=15&start_date&tm&vat&wc_go_type&wc_idx=113972&wc_made&wtime HTTP/1.1" 200 200
34.56.168.230 - - [04/Jul/2026:20:17:39 +0900] "HEAD /inc/popup_03.php?wc_idx=118524 HTTP/1.1" 200 -
34.56.168.230 - - [04/Jul/2026:20:17:39 +0900] "GET /inc/popup_03.php?wc_idx=118524 HTTP/1.1" 200 -
34.60.131.171 - - [04/Jul/2026:20:18:30 +0900] "HEAD /manage/Sale02/Sale_list.php?admidx&car_cate&car_cate2&code&date_type=2&ed&end_3&end_date=2026-05-28&evalAmt_type&gubun1&gubun2&gubun3&gubun4&in_name&listpage=1&p&page=2&searchKey&set_page=15&start_date=2026-05-28&tm&vat&wc_go_type&wc_made&wtime=4 HTTP/1.1" 200 -
34.60.131.171 - - [04/Jul/2026:20:18:30 +0900] "GET /manage/Sale02/Sale_list.php?admidx&car_cate&car_cate2&code&date_type=2&ed&end_3&end_date=2026-05-28&evalAmt_type&gubun1&gubun2&gubun3&gubun4&in_name&listpage=1&p&page=2&searchKey&set_page=15&start_date=2026-05-28&tm&vat&wc_go_type&wc_made&wtime=4 HTTP/1.1" 200 200
136.119.129.236 - - [04/Jul/2026:20:20:33 +0900] "HEAD /manage/Sale02/view.php?admidx&car_cate&car_cate2&code&date_type=1&ed&end_3&end_date&evalAmt_type&gubun1&gubun2&gubun3&gubun4&in_name&listpage=1&p&page&searchKey=%EC%84%9C%EC%9A%B838%EC%9E%908220&set_page=15&start_date&tm&vat&wc_go_type&wc_idx=115095&wc_made&wtime HTTP/1.1" 200 -
136.119.129.236 - - [04/Jul/2026:20:20:33 +0900] "GET /manage/Sale02/view.php?admidx&car_cate&car_cate2&code&date_type=1&ed&end_3&end_date&evalAmt_type&gubun1&gubun2&gubun3&gubun4&in_name&listpage=1&p&page&searchKey=%EC%84%9C%EC%9A%B838%EC%9E%908220&set_page=15&start_date&tm&vat&wc_go_type&wc_idx=115095&wc_made&wtime HTTP/1.1" 200 200
34.173.239.49 - - [04/Jul/2026:20:22:26 +0900] "HEAD /inc/popup_02.php?auct_idx=100559 HTTP/1.1" 200 -
34.173.239.49 - - [04/Jul/2026:20:22:27 +0900] "GET /inc/popup_02.php?auct_idx=100559 HTTP/1.1" 200 -
34.63.117.220 - - [04/Jul/2026:20:24:00 +0900] "HEAD /manage/Sale02/Sale_list.php?car_cate&date_type=2&end_date=2026-05-21&evalAmt_type&gubun2&gubun4&in_name&p&searchKey&seltime=4&set_page=15&start_date=2026-05-21&vat&wc_go_type&wc_made&wc_model&wtime=4 HTTP/1.1" 200 -
34.63.117.220 - - [04/Jul/2026:20:24:00 +0900] "GET /manage/Sale02/Sale_list.php?car_cate&date_type=2&end_date=2026-05-21&evalAmt_type&gubun2&gubun4&in_name&p&searchKey&seltime=4&set_page=15&start_date=2026-05-21&vat&wc_go_type&wc_made&wc_model&wtime=4 HTTP/1.1" 200 200
34.56.168.230 - - [04/Jul/2026:20:24:21 +0900] "HEAD /manage/Sale02/view.php?admidx&car_cate&car_cate2&code&date_type=1&ed&end_3&end_date&evalAmt_type&gubun1&gubun2&gubun3&gubun4&in_name&listpage=1&p&page&searchKey=276%EB%AA%A84720&set_page=15&start_date&tm&vat&wc_go_type&wc_idx=118119&wc_made&wtime HTTP/1.1" 200 -
34.56.168.230 - - [04/Jul/2026:20:24:21 +0900] "GET /manage/Sale02/view.php?admidx&car_cate&car_cate2&code&date_type=1&ed&end_3&end_date&evalAmt_type&gubun1&gubun2&gubun3&gubun4&in_name&listpage=1&p&page&searchKey=276%EB%AA%A84720&set_page=15&start_date&tm&vat&wc_go_type&wc_idx=118119&wc_made&wtime HTTP/1.1" 200 200
34.60.131.171 - - [04/Jul/2026:20:26:45 +0900] "HEAD /inc/popup_02.php?auct_idx=117913 HTTP/1.1" 200 -
34.60.131.171 - - [04/Jul/2026:20:26:45 +0900] "GET /inc/popup_02.php?auct_idx=117913 HTTP/1.1" 200 -
34.56.168.230 - - [04/Jul/2026:20:28:09 +0900] "HEAD /manage/Sale02/view.php?admidx&car_cate&car_cate2&code&date_type=1&ed&end_3&end_date&evalAmt_type&gubun1&gubun2&gubun3&gubun4&in_name&listpage=1&p&page&searchKey=109%ED%98%B81604&set_page=15&start_date&tm&vat&wc_go_type&wc_idx=114197&wc_made&wtime HTTP/1.1" 200 -
34.56.168.230 - - [04/Jul/2026:20:28:09 +0900] "GET /manage/Sale02/view.php?admidx&car_cate&car_cate2&code&date_type=1&ed&end_3&end_date&evalAmt_type&gubun1&gubun2&gubun3&gubun4&in_name&listpage=1&p&page&searchKey=109%ED%98%B81604&set_page=15&start_date&tm&vat&wc_go_type&wc_idx=114197&wc_made&wtime HTTP/1.1" 200 200
23.236.55.230 - - [04/Jul/2026:20:28:16 +0900] "HEAD /manage/Sale02/Sale_list.php?car_cate&date_type=1&end_date&evalAmt_type&gubun2&gubun4&in_name&p&searchKey=4958&set_page=15&start_date&vat&wc_go_type&wc_made&wc_model&wtime HTTP/1.1" 200 -
23.236.55.230 - - [04/Jul/2026:20:28:16 +0900] "GET /manage/Sale02/Sale_list.php?car_cate&date_type=1&end_date&evalAmt_type&gubun2&gubun4&in_name&p&searchKey=4958&set_page=15&start_date&vat&wc_go_type&wc_made&wc_model&wtime HTTP/1.1" 200 200
34.173.239.49 - - [04/Jul/2026:20:28:38 +0900] "HEAD /manage/Sale02/view.php?admidx&car_cate&car_cate2&code&date_type=1&ed&end_3&end_date&evalAmt_type&gubun1&gubun2&gubun3&gubun4&in_name&listpage=1&p&page&searchKey=4158&set_page=15&start_date&tm&vat&wc_go_type&wc_idx=117980&wc_made&wtime HTTP/1.1" 200 -
34.173.239.49 - - [04/Jul/2026:20:28:38 +0900] "GET /manage/Sale02/view.php?admidx&car_cate&car_cate2&code&date_type=1&ed&end_3&end_date&evalAmt_type&gubun1&gubun2&gubun3&gubun4&in_name&listpage=1&p&page&searchKey=4158&set_page=15&start_date&tm&vat&wc_go_type&wc_idx=117980&wc_made&wtime HTTP/1.1" 200 200
34.63.117.220 - - [04/Jul/2026:20:32:43 +0900] "HEAD /manage/Sale02/Sale_list.php?car_cate&date_type=2&end_date=2026-05-06&evalAmt_type&gubun2&gubun4&in_name&p&searchKey&set_page=15&start_date=2026-05-06&vat&wc_go_type&wc_made&wc_model&wtime HTTP/1.1" 200 -
34.63.117.220 - - [04/Jul/2026:20:32:43 +0900] "GET /manage/Sale02/Sale_list.php?car_cate&date_type=2&end_date=2026-05-06&evalAmt_type&gubun2&gubun4&in_name&p&searchKey&set_page=15&start_date=2026-05-06&vat&wc_go_type&wc_made&wc_model&wtime HTTP/1.1" 200 200
34.63.117.220 - - [04/Jul/2026:20:32:44 +0900] "HEAD /inc/popup_02.php?auct_idx=102873 HTTP/1.1" 200 -
34.63.117.220 - - [04/Jul/2026:20:32:44 +0900] "GET /inc/popup_02.php?auct_idx=102873 HTTP/1.1" 200 -
34.56.168.230 - - [04/Jul/2026:20:32:50 +0900] "HEAD /manage/Sale02/Sale_list.php?car_cate&date_type=1&end_date&evalAmt_type&gubun2&gubun4&in_name&p&searchKey=%EA%B2%BD%EA%B8%B037%EB%B0%945835&set_page=15&start_date&vat&wc_go_type&wc_made&wc_model&wtime HTTP/1.1" 200 -
34.56.168.230 - - [04/Jul/2026:20:32:50 +0900] "GET /manage/Sale02/Sale_list.php?car_cate&date_type=1&end_date&evalAmt_type&gubun2&gubun4&in_name&p&searchKey=%EA%B2%BD%EA%B8%B037%EB%B0%945835&set_page=15&start_date&vat&wc_go_type&wc_made&wc_model&wtime HTTP/1.1" 200 200
34.56.168.230 - - [04/Jul/2026:20:35:20 +0900] "HEAD /manage/Sale02/Sale_list.php?admidx&car_cate&car_cate2&code&date_type=1&ed&end_3&end_date&evalAmt_type&gubun1&gubun2&gubun3&gubun4&in_name&listpage=1&p&page=1&searchKey=178%EB%91%903879&set_page=15&start_date&tm&vat&wc_go_type&wc_made&wtime HTTP/1.1" 200 -
34.56.168.230 - - [04/Jul/2026:20:35:21 +0900] "GET /manage/Sale02/Sale_list.php?admidx&car_cate&car_cate2&code&date_type=1&ed&end_3&end_date&evalAmt_type&gubun1&gubun2&gubun3&gubun4&in_name&listpage=1&p&page=1&searchKey=178%EB%91%903879&set_page=15&start_date&tm&vat&wc_go_type&wc_made&wtime HTTP/1.1" 200 200
34.60.131.171 - - [04/Jul/2026:20:36:53 +0900] "HEAD /manage/Sale02/Sale_list.php?admidx&car_cate&car_cate2&code&date_type&ed&end_3&end_date&evalAmt_type&gubun1&gubun2&gubun3&gubun4&in_name&listpage=1&p&page=1&searchKey&set_page&start_date&tm&vat&wc_go_type&wc_made&wtime HTTP/1.1" 200 -
34.60.131.171 - - [04/Jul/2026:20:36:53 +0900] "GET /manage/Sale02/Sale_list.php?admidx&car_cate&car_cate2&code&date_type&ed&end_3&end_date&evalAmt_type&gubun1&gubun2&gubun3&gubun4&in_name&listpage=1&p&page=1&searchKey&set_page&start_date&tm&vat&wc_go_type&wc_made&wtime HTTP/1.1" 200 200
34.56.168.230 - - [04/Jul/2026:20:41:00 +0900] "HEAD /manage/Sale02/view.php?admidx&car_cate&car_cate2&code&date_type=1&ed&end_3&end_date&evalAmt_type&gubun1&gubun2&gubun3&gubun4&in_name&listpage=1&p&page&searchKey=259%EB%9F%AC3564&set_page=15&start_date&tm&vat&wc_go_type&wc_idx=117461&wc_made&wtime HTTP/1.1" 200 -
34.56.168.230 - - [04/Jul/2026:20:41:00 +0900] "GET /manage/Sale02/view.php?admidx&car_cate&car_cate2&code&date_type=1&ed&end_3&end_date&evalAmt_type&gubun1&gubun2&gubun3&gubun4&in_name&listpage=1&p&page&searchKey=259%EB%9F%AC3564&set_page=15&start_date&tm&vat&wc_go_type&wc_idx=117461&wc_made&wtime HTTP/1.1" 200 200
136.119.129.236 - - [04/Jul/2026:20:41:29 +0900] "HEAD /inc/popup_02.php?auct_idx=101418 HTTP/1.1" 200 -
136.119.129.236 - - [04/Jul/2026:20:41:29 +0900] "GET /inc/popup_02.php?auct_idx=101418 HTTP/1.1" 200 -
34.63.117.220 - - [04/Jul/2026:20:42:55 +0900] "HEAD /manage/Sale04/view.php?admidx&car_cate&end_date&gubun1&gubun2&gubun3&gubun4&in_name&listpage=2&page=1&searchKey&start_date&tm&wc_go_type&wc_idx=116208 HTTP/1.1" 200 -
34.63.117.220 - - [04/Jul/2026:20:42:55 +0900] "GET /manage/Sale04/view.php?admidx&car_cate&end_date&gubun1&gubun2&gubun3&gubun4&in_name&listpage=2&page=1&searchKey&start_date&tm&wc_go_type&wc_idx=116208 HTTP/1.1" 200 200
52.167.144.161 - - [04/Jul/2026:20:44:23 +0900] "GET /sub02/sub02_1.php?page=1&gubun2=2 HTTP/1.1" 200 64224
34.63.117.220 - - [04/Jul/2026:20:44:49 +0900] "HEAD /manage/Sale02/view.php?admidx&car_cate&car_cate2&code&date_type=1&ed&end_3&end_date&evalAmt_type&gubun1&gubun2&gubun3&gubun4&in_name&listpage=1&p&page&searchKey=109%EC%9A%B01325&set_page=15&start_date&tm&vat&wc_go_type&wc_idx=115204&wc_made&wtime HTTP/1.1" 200 -
34.63.117.220 - - [04/Jul/2026:20:44:49 +0900] "GET /manage/Sale02/view.php?admidx&car_cate&car_cate2&code&date_type=1&ed&end_3&end_date&evalAmt_type&gubun1&gubun2&gubun3&gubun4&in_name&listpage=1&p&page&searchKey=109%EC%9A%B01325&set_page=15&start_date&tm&vat&wc_go_type&wc_idx=115204&wc_made&wtime HTTP/1.1" 200 200
34.63.170.141 - - [04/Jul/2026:20:45:46 +0900] "GET /manage/Sale02/Sale_list.php?car_cate&date_type=2&end_date=2026-06-10&evalAmt_type&gubun2&gubun4&in_name&p&searchKey&seltime=2&set_page=15&start_date=2026-06-10&vat&wc_go_type&wc_made&wc_model&wtime=2 HTTP/1.1" 200 200
34.63.170.141 - - [04/Jul/2026:20:45:49 +0900] "GET /index.php HTTP/1.1" 200 46024
34.63.170.141 - - [04/Jul/2026:20:45:50 +0900] "GET /common/js/jquery.bxslider.css HTTP/1.1" 200 3913
34.63.170.141 - - [04/Jul/2026:20:45:50 +0900] "GET /common/css/reset.css HTTP/1.1" 200 11839
34.63.170.141 - - [04/Jul/2026:20:45:50 +0900] "GET /common/css/common.css HTTP/1.1" 200 146507
34.56.168.230 - - [04/Jul/2026:20:46:52 +0900] "HEAD /manage/Sale02/Sale_list.php?car_cate&date_type=2&end_date=2026-05-26&evalAmt_type&gubun2&gubun4&in_name&p&searchKey&seltime=2&set_page=15&start_date=2026-05-26&vat&wc_go_type&wc_made&wc_model&wtime=2 HTTP/1.1" 200 -
34.56.168.230 - - [04/Jul/2026:20:46:53 +0900] "GET /manage/Sale02/Sale_list.php?car_cate&date_type=2&end_date=2026-05-26&evalAmt_type&gubun2&gubun4&in_name&p&searchKey&seltime=2&set_page=15&start_date=2026-05-26&vat&wc_go_type&wc_made&wc_model&wtime=2 HTTP/1.1" 200 200
52.167.144.217 - - [04/Jul/2026:20:48:42 +0900] "GET /data/20260612_539596367330.jpg HTTP/1.1" 200 422298
34.173.239.49 - - [04/Jul/2026:20:49:04 +0900] "HEAD /manage/Sale02/Sale_list.php?admidx&car_cate&car_cate2&code&date_type=2&ed&end_3&end_date=2026-06-18&evalAmt_type&gubun1&gubun2&gubun3&gubun4&in_name&listpage=1&p&page=4&searchKey&set_page=15&start_date=2026-06-18&tm&vat&wc_go_type&wc_made&wtime=8 HTTP/1.1" 200 -
34.173.239.49 - - [04/Jul/2026:20:49:04 +0900] "GET /manage/Sale02/Sale_list.php?admidx&car_cate&car_cate2&code&date_type=2&ed&end_3&end_date=2026-06-18&evalAmt_type&gubun1&gubun2&gubun3&gubun4&in_name&listpage=1&p&page=4&searchKey&set_page=15&start_date=2026-06-18&tm&vat&wc_go_type&wc_made&wtime=8 HTTP/1.1" 200 200
34.173.239.49 - - [04/Jul/2026:20:50:30 +0900] "HEAD /manage/Sale02/Sale_list.php?car_cate&date_type=2&end_date=2026-05-20&evalAmt_type&gubun2&gubun4&in_name&p&searchKey&seltime=4&set_page=15&start_date=2026-05-20&vat&wc_go_type&wc_made&wc_model&wtime=4 HTTP/1.1" 200 -
34.173.239.49 - - [04/Jul/2026:20:50:30 +0900] "GET /manage/Sale02/Sale_list.php?car_cate&date_type=2&end_date=2026-05-20&evalAmt_type&gubun2&gubun4&in_name&p&searchKey&seltime=4&set_page=15&start_date=2026-05-20&vat&wc_go_type&wc_made&wc_model&wtime=4 HTTP/1.1" 200 200
34.173.239.49 - - [04/Jul/2026:20:50:48 +0900] "HEAD /manage/Sale02/Sale_list.php?admidx&car_cate&car_cate2&code&date_type=1&ed&end_3&end_date&evalAmt_type&gubun1&gubun2&gubun3&gubun4&in_name&listpage=1&p&page=1&searchKey=322%EB%AA%A84710&set_page=15&start_date&tm&vat&wc_go_type&wc_made&wtime HTTP/1.1" 200 -
34.173.239.49 - - [04/Jul/2026:20:50:49 +0900] "GET /manage/Sale02/Sale_list.php?admidx&car_cate&car_cate2&code&date_type=1&ed&end_3&end_date&evalAmt_type&gubun1&gubun2&gubun3&gubun4&in_name&listpage=1&p&page=1&searchKey=322%EB%AA%A84710&set_page=15&start_date&tm&vat&wc_go_type&wc_made&wtime HTTP/1.1" 200 200
34.56.168.230 - - [04/Jul/2026:20:51:40 +0900] "HEAD /manage/Sale02/Sale_list.php?car_cate&date_type=1&end_date&evalAmt_type&gubun2&gubun4&in_name&p&searchKey=64%EB%AC%B43164&set_page=15&start_date&vat&wc_go_type&wc_made&wc_model&wtime HTTP/1.1" 200 -
34.56.168.230 - - [04/Jul/2026:20:51:41 +0900] "GET /manage/Sale02/Sale_list.php?car_cate&date_type=1&end_date&evalAmt_type&gubun2&gubun4&in_name&p&searchKey=64%EB%AC%B43164&set_page=15&start_date&vat&wc_go_type&wc_made&wc_model&wtime HTTP/1.1" 200 200
34.173.239.49 - - [04/Jul/2026:20:53:33 +0900] "HEAD /manage/Sale02/Sale_list.php?car_cate&date_type=1&end_date&evalAmt_type&gubun2&gubun4&in_name&p&searchKey=7564&set_page=15&start_date&vat&wc_go_type&wc_made&wc_model&wtime HTTP/1.1" 200 -
34.173.239.49 - - [04/Jul/2026:20:53:33 +0900] "GET /manage/Sale02/Sale_list.php?car_cate&date_type=1&end_date&evalAmt_type&gubun2&gubun4&in_name&p&searchKey=7564&set_page=15&start_date&vat&wc_go_type&wc_made&wc_model&wtime HTTP/1.1" 200 200
34.173.239.49 - - [04/Jul/2026:20:53:57 +0900] "HEAD /inc/popup_02.php?auct_idx=102303 HTTP/1.1" 200 -
34.173.239.49 - - [04/Jul/2026:20:53:57 +0900] "GET /inc/popup_02.php?auct_idx=102303 HTTP/1.1" 200 -
34.56.168.230 - - [04/Jul/2026:20:54:19 +0900] "HEAD /inc/popup_02.php?auct_idx=117437 HTTP/1.1" 200 -
34.56.168.230 - - [04/Jul/2026:20:54:20 +0900] "GET /inc/popup_02.php?auct_idx=117437 HTTP/1.1" 200 -
34.173.239.49 - - [04/Jul/2026:20:55:48 +0900] "HEAD /inc/popup_02.php?auct_idx=111780 HTTP/1.1" 200 -
34.173.239.49 - - [04/Jul/2026:20:55:48 +0900] "GET /inc/popup_02.php?auct_idx=111780 HTTP/1.1" 200 -
34.173.239.49 - - [04/Jul/2026:20:56:01 +0900] "HEAD /manage/Sale02/Sale_list.php?car_cate&date_type=1&end_date&evalAmt_type&gubun2&gubun4&in_name&p&searchKey=5178&set_page=15&start_date&vat&wc_go_type&wc_made&wc_model&wtime HTTP/1.1" 200 -
34.173.239.49 - - [04/Jul/2026:20:56:01 +0900] "GET /manage/Sale02/Sale_list.php?car_cate&date_type=1&end_date&evalAmt_type&gubun2&gubun4&in_name&p&searchKey=5178&set_page=15&start_date&vat&wc_go_type&wc_made&wc_model&wtime HTTP/1.1" 200 200
52.167.144.138 - - [04/Jul/2026:20:56:21 +0900] "GET /admin/Sale/Sale_list.php?searchKey=737max HTTP/1.1" 404 196
23.236.55.230 - - [04/Jul/2026:20:57:09 +0900] "HEAD /manage/Sale02/view.php?admidx&car_cate&car_cate2&code&date_type=1&ed&end_3&end_date&evalAmt_type&gubun1&gubun2&gubun3&gubun4&in_name&listpage=1&p&page&searchKey=4958&set_page=15&start_date&tm&vat&wc_go_type&wc_idx=116713&wc_made&wtime HTTP/1.1" 200 -
23.236.55.230 - - [04/Jul/2026:20:57:09 +0900] "GET /manage/Sale02/view.php?admidx&car_cate&car_cate2&code&date_type=1&ed&end_3&end_date&evalAmt_type&gubun1&gubun2&gubun3&gubun4&in_name&listpage=1&p&page&searchKey=4958&set_page=15&start_date&tm&vat&wc_go_type&wc_idx=116713&wc_made&wtime HTTP/1.1" 200 200
34.173.239.49 - - [04/Jul/2026:20:58:29 +0900] "HEAD /inc/popup_02.php?auct_idx=101073 HTTP/1.1" 200 -
34.173.239.49 - - [04/Jul/2026:20:58:29 +0900] "GET /inc/popup_02.php?auct_idx=101073 HTTP/1.1" 200 -
34.63.117.220 - - [04/Jul/2026:21:00:05 +0900] "HEAD /manage/Sale02/Sale_list.php?car_cate&date_type=2&end_date=2026-06-10&evalAmt_type&gubun2&gubun4&in_name&p&searchKey&seltime=8&set_page=15&start_date=2026-06-10&vat&wc_go_type&wc_made&wc_model&wtime=8 HTTP/1.1" 200 -
34.63.117.220 - - [04/Jul/2026:21:00:06 +0900] "GET /manage/Sale02/Sale_list.php?car_cate&date_type=2&end_date=2026-06-10&evalAmt_type&gubun2&gubun4&in_name&p&searchKey&seltime=8&set_page=15&start_date=2026-06-10&vat&wc_go_type&wc_made&wc_model&wtime=8 HTTP/1.1" 200 200
34.173.239.49 - - [04/Jul/2026:21:01:13 +0900] "HEAD /manage/Sale02/Sale_list.php?car_cate&date_type=2&end_date=2026-03-09&evalAmt_type&gubun2&gubun4&in_name&p&searchKey&seltime=4&set_page=15&start_date=2026-03-09&vat&wc_go_type&wc_made&wc_model&wtime=4 HTTP/1.1" 200 -
34.173.239.49 - - [04/Jul/2026:21:01:13 +0900] "GET /manage/Sale02/Sale_list.php?car_cate&date_type=2&end_date=2026-03-09&evalAmt_type&gubun2&gubun4&in_name&p&searchKey&seltime=4&set_page=15&start_date=2026-03-09&vat&wc_go_type&wc_made&wc_model&wtime=4 HTTP/1.1" 200 200
23.236.55.230 - - [04/Jul/2026:21:02:40 +0900] "HEAD /manage/Sale02/Sale_list.php?car_cate&date_type=1&end_date&evalAmt_type&gubun2&gubun4&in_name&p&searchKey=232%EB%88%843324&set_page=15&start_date&vat&wc_go_type&wc_made&wc_model&wtime HTTP/1.1" 200 -
23.236.55.230 - - [04/Jul/2026:21:02:41 +0900] "GET /manage/Sale02/Sale_list.php?car_cate&date_type=1&end_date&evalAmt_type&gubun2&gubun4&in_name&p&searchKey=232%EB%88%843324&set_page=15&start_date&vat&wc_go_type&wc_made&wc_model&wtime HTTP/1.1" 200 200
34.173.239.49 - - [04/Jul/2026:21:02:41 +0900] "HEAD /manage/Sale02/Sale_list.php?car_cate&date_type=2&end_date=2026-05-07&evalAmt_type&gubun2&gubun4&in_name&p&searchKey&set_page=15&start_date=2026-05-07&vat&wc_go_type&wc_made&wc_model&wtime HTTP/1.1" 200 -
34.173.239.49 - - [04/Jul/2026:21:02:41 +0900] "GET /manage/Sale02/Sale_list.php?car_cate&date_type=2&end_date=2026-05-07&evalAmt_type&gubun2&gubun4&in_name&p&searchKey&set_page=15&start_date=2026-05-07&vat&wc_go_type&wc_made&wc_model&wtime HTTP/1.1" 200 200
52.167.144.138 - - [04/Jul/2026:21:03:12 +0900] "GET /admin/Sale/Sale_list.php?searchKey=list+kazakhstan+subdivision+in+gdp HTTP/1.1" 404 196
34.56.168.230 - - [04/Jul/2026:21:04:00 +0900] "HEAD /inc/popup_02.php?auct_idx=104359 HTTP/1.1" 200 -
34.56.168.230 - - [04/Jul/2026:21:04:01 +0900] "GET /inc/popup_02.php?auct_idx=104359 HTTP/1.1" 200 -
34.60.131.171 - - [04/Jul/2026:21:05:05 +0900] "HEAD /manage/Sale02/Sale_list.php?car_cate&date_type=2&end_date=2026-06-09&evalAmt_type&gubun2&gubun4&in_name&p&searchKey&seltime=8&set_page=15&start_date=2026-06-09&vat&wc_go_type&wc_made&wc_model&wtime=8 HTTP/1.1" 200 -
34.60.131.171 - - [04/Jul/2026:21:05:05 +0900] "GET /manage/Sale02/Sale_list.php?car_cate&date_type=2&end_date=2026-06-09&evalAmt_type&gubun2&gubun4&in_name&p&searchKey&seltime=8&set_page=15&start_date=2026-06-09&vat&wc_go_type&wc_made&wc_model&wtime=8 HTTP/1.1" 200 200
34.173.239.49 - - [04/Jul/2026:21:05:43 +0900] "HEAD /manage/Sale02/view.php?admidx&car_cate&car_cate2&code&date_type=1&ed&end_3&end_date&evalAmt_type&gubun1&gubun2&gubun3&gubun4&in_name&listpage=1&p&page&searchKey=4933&set_page=15&start_date&tm&vat&wc_go_type&wc_idx=113173&wc_made&wtime HTTP/1.1" 200 -
34.173.239.49 - - [04/Jul/2026:21:05:44 +0900] "GET /manage/Sale02/view.php?admidx&car_cate&car_cate2&code&date_type=1&ed&end_3&end_date&evalAmt_type&gubun1&gubun2&gubun3&gubun4&in_name&listpage=1&p&page&searchKey=4933&set_page=15&start_date&tm&vat&wc_go_type&wc_idx=113173&wc_made&wtime HTTP/1.1" 200 200
52.167.144.179 - - [04/Jul/2026:21:09:02 +0900] "GET / HTTP/1.1" 200 46024
34.173.239.49 - - [04/Jul/2026:21:09:26 +0900] "HEAD /inc/popup_02.php?auct_idx=116722 HTTP/1.1" 200 -
34.173.239.49 - - [04/Jul/2026:21:09:27 +0900] "GET /inc/popup_02.php?auct_idx=116722 HTTP/1.1" 200 -
34.56.168.230 - - [04/Jul/2026:21:09:56 +0900] "HEAD /manage/Sale02/Sale_list.php?car_cate&date_type=1&end_date&evalAmt_type&gubun2&gubun4&in_name&p&searchKey=1662&set_page=15&start_date&vat&wc_go_type&wc_made&wc_model&wtime HTTP/1.1" 200 -
34.56.168.230 - - [04/Jul/2026:21:09:56 +0900] "GET /manage/Sale02/Sale_list.php?car_cate&date_type=1&end_date&evalAmt_type&gubun2&gubun4&in_name&p&searchKey=1662&set_page=15&start_date&vat&wc_go_type&wc_made&wc_model&wtime HTTP/1.1" 200 200
34.173.239.49 - - [04/Jul/2026:21:11:53 +0900] "HEAD /inc/popup_02.php?auct_idx=100548 HTTP/1.1" 200 -
34.173.239.49 - - [04/Jul/2026:21:11:53 +0900] "GET /inc/popup_02.php?auct_idx=100548 HTTP/1.1" 200 -
34.173.239.49 - - [04/Jul/2026:21:13:37 +0900] "HEAD /manage/Sale02/Sale_list.php?car_cate&date_type=2&end_date=2026-04-03&evalAmt_type&gubun2&gubun4&in_name&p&searchKey&set_page=15&start_date=2026-04-03&vat&wc_go_type&wc_made&wc_model&wtime HTTP/1.1" 200 -
34.173.239.49 - - [04/Jul/2026:21:13:37 +0900] "GET /manage/Sale02/Sale_list.php?car_cate&date_type=2&end_date=2026-04-03&evalAmt_type&gubun2&gubun4&in_name&p&searchKey&set_page=15&start_date=2026-04-03&vat&wc_go_type&wc_made&wc_model&wtime HTTP/1.1" 200 200
34.60.131.171 - - [04/Jul/2026:21:15:22 +0900] "HEAD /inc/popup_02.php?auct_idx=116692 HTTP/1.1" 200 -
34.60.131.171 - - [04/Jul/2026:21:15:22 +0900] "GET /inc/popup_02.php?auct_idx=116692 HTTP/1.1" 200 -
52.167.144.173 - - [04/Jul/2026:21:16:13 +0900] "GET /admin/Sale/Sale_list.php?searchKey=MLB+6%E6%9C%88MVP HTTP/1.1" 404 196
34.56.168.230 - - [04/Jul/2026:21:17:44 +0900] "HEAD /inc/popup_02.php?auct_idx=106227 HTTP/1.1" 200 -
34.56.168.230 - - [04/Jul/2026:21:17:44 +0900] "GET /inc/popup_02.php?auct_idx=106227 HTTP/1.1" 200 -
34.60.131.171 - - [04/Jul/2026:21:18:00 +0900] "HEAD /manage/Sale02/view.php?admidx&car_cate&car_cate2&code&date_type=1&ed&end_3&end_date&evalAmt_type&gubun1&gubun2&gubun3&gubun4&in_name&listpage=1&p&page&searchKey=207%EB%88%844320&set_page=15&start_date&tm&vat&wc_go_type&wc_idx=112962&wc_made&wtime HTTP/1.1" 200 -
34.60.131.171 - - [04/Jul/2026:21:18:01 +0900] "GET /manage/Sale02/view.php?admidx&car_cate&car_cate2&code&date_type=1&ed&end_3&end_date&evalAmt_type&gubun1&gubun2&gubun3&gubun4&in_name&listpage=1&p&page&searchKey=207%EB%88%844320&set_page=15&start_date&tm&vat&wc_go_type&wc_idx=112962&wc_made&wtime HTTP/1.1" 200 200
51.195.244.219 - - [04/Jul/2026:21:18:10 +0900] "GET /robots.txt HTTP/1.1" 200 795
142.44.228.220 - - [04/Jul/2026:21:18:12 +0900] "GET / HTTP/1.1" 200 46024
168.100.149.28 - - [04/Jul/2026:21:18:14 +0900] "GET /robots.txt HTTP/1.1" 200 795
202.8.43.191 - - [04/Jul/2026:21:18:15 +0900] "GET /common/js/jquery.bxslider.css HTTP/1.1" 200 3913
202.8.43.191 - - [04/Jul/2026:21:18:15 +0900] "GET /common/css/reset.css HTTP/1.1" 200 11839
202.8.43.191 - - [04/Jul/2026:21:18:15 +0900] "GET /common/js/front.js HTTP/1.1" 200 1508
23.236.55.230 - - [04/Jul/2026:21:18:15 +0900] "HEAD /manage/Sale02/Sale_list.php?car_cate&date_type=2&end_date=2026-03-23&evalAmt_type&gubun2&gubun4&in_name&p&searchKey&seltime=2&set_page=15&start_date=2026-03-23&vat&wc_go_type&wc_made&wc_model&wtime=2 HTTP/1.1" 200 -
202.8.43.191 - - [04/Jul/2026:21:18:15 +0900] "GET /common/js/common.js HTTP/1.1" 200 1496
202.8.43.191 - - [04/Jul/2026:21:18:15 +0900] "GET /common/css/common.css HTTP/1.1" 200 146507
23.236.55.230 - - [04/Jul/2026:21:18:15 +0900] "GET /manage/Sale02/Sale_list.php?car_cate&date_type=2&end_date=2026-03-23&evalAmt_type&gubun2&gubun4&in_name&p&searchKey&seltime=2&set_page=15&start_date=2026-03-23&vat&wc_go_type&wc_made&wc_model&wtime=2 HTTP/1.1" 200 200
202.8.43.191 - - [04/Jul/2026:21:18:16 +0900] "GET /inc/popup_show.php?vno=10 HTTP/1.1" 500 1681
202.8.43.191 - - [04/Jul/2026:21:18:16 +0900] "GET /images/popup/_26.jpg HTTP/1.1" 200 182250
34.173.239.49 - - [04/Jul/2026:21:19:27 +0900] "HEAD /inc/popup_02.php?auct_idx=107068 HTTP/1.1" 200 -
34.173.239.49 - - [04/Jul/2026:21:19:27 +0900] "GET /inc/popup_02.php?auct_idx=107068 HTTP/1.1" 200 -
54.39.210.69 - - [04/Jul/2026:21:19:42 +0900] "GET /data/20260703_921523591660.jpg HTTP/1.1" 200 36209
167.114.139.56 - - [04/Jul/2026:21:20:08 +0900] "GET /data/20260703_552591718450.jpg HTTP/1.1" 200 200740
148.113.128.217 - - [04/Jul/2026:21:20:11 +0900] "GET /data/20260703_105705375570.jpg HTTP/1.1" 200 60325
142.44.220.33 - - [04/Jul/2026:21:20:15 +0900] "GET /data/20260703_717885588020.jpg HTTP/1.1" 200 46890
54.39.210.238 - - [04/Jul/2026:21:20:17 +0900] "GET /data/20260703_413776788310.jpg HTTP/1.1" 200 58437
51.222.168.38 - - [04/Jul/2026:21:20:20 +0900] "GET /data/20260703_564940413820.jpg HTTP/1.1" 200 45500
51.222.168.5 - - [04/Jul/2026:21:20:22 +0900] "GET /data/20260629_596141472960.jpg HTTP/1.1" 200 38283
54.39.136.80 - - [04/Jul/2026:21:20:24 +0900] "GET /data/20260703_665390955230.png HTTP/1.1" 200 80737
51.161.37.211 - - [04/Jul/2026:21:20:26 +0900] "GET /data/20260703_628457561480.jpg HTTP/1.1" 200 45553
142.44.220.58 - - [04/Jul/2026:21:20:28 +0900] "GET /data/20260703_386908911400.jpg HTTP/1.1" 200 38201
185.242.3.110 - - [04/Jul/2026:21:20:50 +0900] "GET /.env HTTP/1.1" 404 196
34.173.239.49 - - [04/Jul/2026:21:21:06 +0900] "HEAD /inc/popup_02.php?auct_idx=100858 HTTP/1.1" 200 -
34.173.239.49 - - [04/Jul/2026:21:21:06 +0900] "GET /inc/popup_02.php?auct_idx=100858 HTTP/1.1" 200 -
23.236.55.230 - - [04/Jul/2026:21:21:33 +0900] "HEAD /manage/Sale02/Sale_list.php?car_cate&date_type=1&end_date&evalAmt_type&gubun2&gubun4&in_name&p&searchKey=51%EB%82%980549&set_page=15&start_date&vat&wc_go_type&wc_made&wc_model&wtime HTTP/1.1" 200 -
23.236.55.230 - - [04/Jul/2026:21:21:33 +0900] "GET /manage/Sale02/Sale_list.php?car_cate&date_type=1&end_date&evalAmt_type&gubun2&gubun4&in_name&p&searchKey=51%EB%82%980549&set_page=15&start_date&vat&wc_go_type&wc_made&wc_model&wtime HTTP/1.1" 200 200
52.167.144.195 - - [04/Jul/2026:21:22:25 +0900] "GET /data/20260616_358298731050.jpg HTTP/1.1" 200 156039
34.173.239.49 - - [04/Jul/2026:21:25:08 +0900] "HEAD /manage/Sale02/Sale_list.php?car_cate&date_type=2&end_date=2026-03-26&evalAmt_type&gubun2&gubun4&in_name&p&searchKey&seltime=8&set_page=15&start_date=2026-03-26&vat&wc_go_type&wc_made&wc_model&wtime=8 HTTP/1.1" 200 -
34.173.239.49 - - [04/Jul/2026:21:25:08 +0900] "GET /manage/Sale02/Sale_list.php?car_cate&date_type=2&end_date=2026-03-26&evalAmt_type&gubun2&gubun4&in_name&p&searchKey&seltime=8&set_page=15&start_date=2026-03-26&vat&wc_go_type&wc_made&wc_model&wtime=8 HTTP/1.1" 200 200
34.173.239.49 - - [04/Jul/2026:21:26:02 +0900] "HEAD /manage/Sale02/Sale_list.php HTTP/1.1" 200 -
34.173.239.49 - - [04/Jul/2026:21:26:02 +0900] "GET /manage/Sale02/Sale_list.php HTTP/1.1" 200 200
136.119.129.236 - - [04/Jul/2026:21:26:56 +0900] "HEAD /inc/popup_03.php?wc_idx=114338 HTTP/1.1" 200 -
136.119.129.236 - - [04/Jul/2026:21:26:56 +0900] "GET /inc/popup_03.php?wc_idx=114338 HTTP/1.1" 200 -
34.56.168.230 - - [04/Jul/2026:21:27:14 +0900] "HEAD /inc/popup_02.php?auct_idx=118579 HTTP/1.1" 200 -
34.56.168.230 - - [04/Jul/2026:21:27:14 +0900] "GET /inc/popup_02.php?auct_idx=118579 HTTP/1.1" 200 -
34.173.239.49 - - [04/Jul/2026:21:27:34 +0900] "HEAD /manage/Sale02/view.php?admidx&car_cate&car_cate2&code&date_type=1&ed&end_3&end_date&evalAmt_type&gubun1&gubun2&gubun3&gubun4&in_name&listpage=1&p&page&searchKey=156%ED%97%883911&set_page=15&start_date&tm&vat&wc_go_type&wc_idx=117580&wc_made&wtime HTTP/1.1" 200 -
34.173.239.49 - - [04/Jul/2026:21:27:34 +0900] "GET /manage/Sale02/view.php?admidx&car_cate&car_cate2&code&date_type=1&ed&end_3&end_date&evalAmt_type&gubun1&gubun2&gubun3&gubun4&in_name&listpage=1&p&page&searchKey=156%ED%97%883911&set_page=15&start_date&tm&vat&wc_go_type&wc_idx=117580&wc_made&wtime HTTP/1.1" 200 200
34.60.131.171 - - [04/Jul/2026:21:28:49 +0900] "HEAD /manage/Sale02/Sale_list.php?car_cate&date_type=1&end_date&evalAmt_type&gubun2&gubun4&in_name&p&searchKey=6519&set_page=15&start_date&vat&wc_go_type&wc_made&wc_model&wtime HTTP/1.1" 200 -
34.60.131.171 - - [04/Jul/2026:21:28:49 +0900] "GET /manage/Sale02/Sale_list.php?car_cate&date_type=1&end_date&evalAmt_type&gubun2&gubun4&in_name&p&searchKey=6519&set_page=15&start_date&vat&wc_go_type&wc_made&wc_model&wtime HTTP/1.1" 200 200
222.239.104.29 - - [04/Jul/2026:21:31:36 +0900] "GET / HTTP/1.1" 200 46024
222.239.104.29 - - [04/Jul/2026:21:31:36 +0900] "GET /common/js/jquery.bxslider.css HTTP/1.1" 200 3913
222.239.104.29 - - [04/Jul/2026:21:31:36 +0900] "GET /common/css/reset.css HTTP/1.1" 200 11839
222.239.104.29 - - [04/Jul/2026:21:31:36 +0900] "GET /common/css/common.css HTTP/1.1" 200 146507
222.239.104.29 - - [04/Jul/2026:21:31:36 +0900] "GET /common/js/common.js HTTP/1.1" 200 1496
222.239.104.29 - - [04/Jul/2026:21:31:36 +0900] "GET /common/js/front.js HTTP/1.1" 200 1508
222.239.104.29 - - [04/Jul/2026:21:31:38 +0900] "GET / HTTP/1.1" 200 46024
222.239.104.29 - - [04/Jul/2026:21:31:38 +0900] "GET / HTTP/1.1" 200 46024
34.173.239.49 - - [04/Jul/2026:21:31:48 +0900] "HEAD /manage/Sale02/Sale_list.php?car_cate&date_type=1&end_date&evalAmt_type&gubun2&gubun4&in_name&p&searchKey=874%EB%AA%A81768&set_page=15&start_date&vat&wc_go_type&wc_made&wc_model&wtime HTTP/1.1" 200 -
34.173.239.49 - - [04/Jul/2026:21:31:49 +0900] "GET /manage/Sale02/Sale_list.php?car_cate&date_type=1&end_date&evalAmt_type&gubun2&gubun4&in_name&p&searchKey=874%EB%AA%A81768&set_page=15&start_date&vat&wc_go_type&wc_made&wc_model&wtime HTTP/1.1" 200 200
34.60.131.171 - - [04/Jul/2026:21:33:33 +0900] "HEAD /manage/Sale02/Sale_list.php?admidx&car_cate&car_cate2&code&date_type=1&ed&end_3&end_date&evalAmt_type&gubun1&gubun2&gubun3&gubun4&in_name&listpage=1&p&page=1&searchKey=147%EB%A7%884214&set_page=15&start_date&tm&vat&wc_go_type&wc_made&wtime HTTP/1.1" 200 -
34.60.131.171 - - [04/Jul/2026:21:33:33 +0900] "GET /manage/Sale02/Sale_list.php?admidx&car_cate&car_cate2&code&date_type=1&ed&end_3&end_date&evalAmt_type&gubun1&gubun2&gubun3&gubun4&in_name&listpage=1&p&page=1&searchKey=147%EB%A7%884214&set_page=15&start_date&tm&vat&wc_go_type&wc_made&wtime HTTP/1.1" 200 200
34.56.168.230 - - [04/Jul/2026:21:34:09 +0900] "HEAD /manage/Sale02/view.php?admidx&car_cate&car_cate2&code&date_type=1&ed&end_3&end_date&evalAmt_type&gubun1&gubun2&gubun3&gubun4&in_name&listpage=1&p&page&searchKey=90%EB%A1%9C7481&set_page=15&start_date&tm&vat&wc_go_type&wc_idx=113677&wc_made&wtime HTTP/1.1" 200 -
34.56.168.230 - - [04/Jul/2026:21:34:09 +0900] "GET /manage/Sale02/view.php?admidx&car_cate&car_cate2&code&date_type=1&ed&end_3&end_date&evalAmt_type&gubun1&gubun2&gubun3&gubun4&in_name&listpage=1&p&page&searchKey=90%EB%A1%9C7481&set_page=15&start_date&tm&vat&wc_go_type&wc_idx=113677&wc_made&wtime HTTP/1.1" 200 200
34.56.168.230 - - [04/Jul/2026:21:34:58 +0900] "HEAD /inc/popup_02.php?auct_idx=103065 HTTP/1.1" 200 -
34.56.168.230 - - [04/Jul/2026:21:34:58 +0900] "GET /inc/popup_02.php?auct_idx=103065 HTTP/1.1" 200 -
34.173.239.49 - - [04/Jul/2026:21:34:58 +0900] "HEAD /manage/Sale02/Sale_list.php?admidx&car_cate&car_cate2&code&ed&end_3&end_date&gubun1&gubun2&gubun3&gubun4&in_name&listpage=1&p&page=1&searchKey=254%EC%88%982399&start_date&tm&wc_go_type&wc_made&wtime HTTP/1.1" 200 -
34.173.239.49 - - [04/Jul/2026:21:34:58 +0900] "GET /manage/Sale02/Sale_list.php?admidx&car_cate&car_cate2&code&ed&end_3&end_date&gubun1&gubun2&gubun3&gubun4&in_name&listpage=1&p&page=1&searchKey=254%EC%88%982399&start_date&tm&wc_go_type&wc_made&wtime HTTP/1.1" 200 200
34.60.131.171 - - [04/Jul/2026:21:38:40 +0900] "HEAD /inc/popup_02.php?auct_idx=118551 HTTP/1.1" 200 -
34.60.131.171 - - [04/Jul/2026:21:38:40 +0900] "GET /inc/popup_02.php?auct_idx=118551 HTTP/1.1" 200 -
34.173.239.49 - - [04/Jul/2026:21:44:07 +0900] "HEAD /inc/popup_02.php?auct_idx=103927 HTTP/1.1" 200 -
34.173.239.49 - - [04/Jul/2026:21:44:07 +0900] "GET /inc/popup_02.php?auct_idx=103927 HTTP/1.1" 200 -
34.60.131.171 - - [04/Jul/2026:21:44:44 +0900] "HEAD /inc/popup_02.php?auct_idx=100451 HTTP/1.1" 200 -
34.60.131.171 - - [04/Jul/2026:21:44:44 +0900] "GET /inc/popup_02.php?auct_idx=100451 HTTP/1.1" 200 -
34.56.168.230 - - [04/Jul/2026:21:46:33 +0900] "HEAD /manage/Sale02/view.php?admidx&car_cate&car_cate2&code&date_type=1&ed&end_3&end_date&evalAmt_type&gubun1&gubun2&gubun3&gubun4&in_name&listpage=1&p&page&searchKey=9909&set_page=15&start_date&tm&vat&wc_go_type&wc_idx=118487&wc_made&wtime HTTP/1.1" 200 -
34.56.168.230 - - [04/Jul/2026:21:46:33 +0900] "GET /manage/Sale02/view.php?admidx&car_cate&car_cate2&code&date_type=1&ed&end_3&end_date&evalAmt_type&gubun1&gubun2&gubun3&gubun4&in_name&listpage=1&p&page&searchKey=9909&set_page=15&start_date&tm&vat&wc_go_type&wc_idx=118487&wc_made&wtime HTTP/1.1" 200 200
34.68.88.27 - - [04/Jul/2026:21:48:06 +0900] "HEAD /manage/Sale02/view.php?admidx&car_cate&car_cate2&code&date_type=1&ed&end_3&end_date&evalAmt_type&gubun1&gubun2&gubun3&gubun4&in_name&listpage=1&p&page&searchKey=9420&set_page=15&start_date&tm&vat&wc_go_type&wc_idx=117733&wc_made&wtime HTTP/1.1" 200 -
34.68.88.27 - - [04/Jul/2026:21:48:06 +0900] "GET /manage/Sale02/view.php?admidx&car_cate&car_cate2&code&date_type=1&ed&end_3&end_date&evalAmt_type&gubun1&gubun2&gubun3&gubun4&in_name&listpage=1&p&page&searchKey=9420&set_page=15&start_date&tm&vat&wc_go_type&wc_idx=117733&wc_made&wtime HTTP/1.1" 200 200
34.63.117.220 - - [04/Jul/2026:21:48:27 +0900] "HEAD /manage/Sale02/view.php?admidx&car_cate&car_cate2&code&date_type=1&ed&end_3&end_date&evalAmt_type&gubun1&gubun2&gubun3&gubun4&in_name&listpage=1&p&page&searchKey=370%EC%84%9C2021&set_page=15&start_date&tm&vat&wc_go_type&wc_idx=118561&wc_made&wtime HTTP/1.1" 200 -
34.63.117.220 - - [04/Jul/2026:21:48:27 +0900] "GET /manage/Sale02/view.php?admidx&car_cate&car_cate2&code&date_type=1&ed&end_3&end_date&evalAmt_type&gubun1&gubun2&gubun3&gubun4&in_name&listpage=1&p&page&searchKey=370%EC%84%9C2021&set_page=15&start_date&tm&vat&wc_go_type&wc_idx=118561&wc_made&wtime HTTP/1.1" 200 200
34.173.239.49 - - [04/Jul/2026:21:49:15 +0900] "HEAD /manage/Sale02/Sale_list.php?car_cate&date_type=1&end_date&evalAmt_type&gubun2&gubun4&in_name&p&searchKey&set_page=15&start_date&vat&wc_go_type&wc_made&wc_model&wtime HTTP/1.1" 200 -
34.173.239.49 - - [04/Jul/2026:21:49:16 +0900] "GET /manage/Sale02/Sale_list.php?car_cate&date_type=1&end_date&evalAmt_type&gubun2&gubun4&in_name&p&searchKey&set_page=15&start_date&vat&wc_go_type&wc_made&wc_model&wtime HTTP/1.1" 200 200
23.236.55.230 - - [04/Jul/2026:21:49:20 +0900] "HEAD /inc/popup_02.php?auct_idx=112252 HTTP/1.1" 200 -
23.236.55.230 - - [04/Jul/2026:21:49:21 +0900] "GET /inc/popup_02.php?auct_idx=112252 HTTP/1.1" 200 -
34.56.168.230 - - [04/Jul/2026:21:50:35 +0900] "HEAD /manage/Sale02/Sale_list.php?car_cate&date_type=1&end_date&evalAmt_type&gubun2&gubun4&in_name&p&searchKey=258%EC%84%9C2407&set_page=15&start_date&vat&wc_go_type&wc_made&wc_model&wtime HTTP/1.1" 200 -
34.56.168.230 - - [04/Jul/2026:21:50:35 +0900] "GET /manage/Sale02/Sale_list.php?car_cate&date_type=1&end_date&evalAmt_type&gubun2&gubun4&in_name&p&searchKey=258%EC%84%9C2407&set_page=15&start_date&vat&wc_go_type&wc_made&wc_model&wtime HTTP/1.1" 200 200
34.63.117.220 - - [04/Jul/2026:21:50:52 +0900] "HEAD /inc/popup_03.php?wc_idx=117887 HTTP/1.1" 200 -
34.63.117.220 - - [04/Jul/2026:21:50:52 +0900] "GET /inc/popup_03.php?wc_idx=117887 HTTP/1.1" 200 -
34.173.239.49 - - [04/Jul/2026:21:51:43 +0900] "HEAD /manage/Sale02/Sale_list.php?car_cate&date_type=1&end_date&evalAmt_type&gubun2&gubun4&in_name&p&searchKey=180%EC%96%B48188&set_page=15&start_date&vat&wc_go_type&wc_made&wc_model&wtime HTTP/1.1" 200 -
34.173.239.49 - - [04/Jul/2026:21:51:43 +0900] "GET /manage/Sale02/Sale_list.php?car_cate&date_type=1&end_date&evalAmt_type&gubun2&gubun4&in_name&p&searchKey=180%EC%96%B48188&set_page=15&start_date&vat&wc_go_type&wc_made&wc_model&wtime HTTP/1.1" 200 200
34.173.239.49 - - [04/Jul/2026:21:52:29 +0900] "HEAD /manage/Sale02/Sale_list.php?admidx&car_cate&car_cate2&code&date_type=1&ed&end_3&end_date&evalAmt_type&gubun1&gubun2&gubun3&gubun4&in_name&listpage=1&p&page=1&searchKey=04%EB%8D%941892&set_page=15&start_date&tm&vat&wc_go_type&wc_made&wtime HTTP/1.1" 200 -
34.173.239.49 - - [04/Jul/2026:21:52:29 +0900] "GET /manage/Sale02/Sale_list.php?admidx&car_cate&car_cate2&code&date_type=1&ed&end_3&end_date&evalAmt_type&gubun1&gubun2&gubun3&gubun4&in_name&listpage=1&p&page=1&searchKey=04%EB%8D%941892&set_page=15&start_date&tm&vat&wc_go_type&wc_made&wtime HTTP/1.1" 200 200
34.56.168.230 - - [04/Jul/2026:21:53:40 +0900] "HEAD /manage/Sale02/Sale_list.php?car_cate&date_type=1&end_date&evalAmt_type&gubun2&gubun4&in_name&p&searchKey=6139&set_page=15&start_date&vat&wc_go_type&wc_made&wc_model&wtime HTTP/1.1" 200 -
34.56.168.230 - - [04/Jul/2026:21:53:40 +0900] "GET /manage/Sale02/Sale_list.php?car_cate&date_type=1&end_date&evalAmt_type&gubun2&gubun4&in_name&p&searchKey=6139&set_page=15&start_date&vat&wc_go_type&wc_made&wc_model&wtime HTTP/1.1" 200 200
34.60.131.171 - - [04/Jul/2026:21:54:32 +0900] "HEAD /inc/popup_02.php?auct_idx=102737 HTTP/1.1" 200 -
34.60.131.171 - - [04/Jul/2026:21:54:32 +0900] "GET /inc/popup_02.php?auct_idx=102737 HTTP/1.1" 200 -
34.173.239.49 - - [04/Jul/2026:21:56:39 +0900] "HEAD /manage/Sale02/Sale_list.php?admidx&car_cate&car_cate2&code&date_type=1&ed&end_3&end_date&evalAmt_type&gubun1&gubun2&gubun3&gubun4&in_name&listpage=1&p&page=1&searchKey=6299&set_page=15&start_date&tm&vat&wc_go_type&wc_made&wtime HTTP/1.1" 200 -
34.173.239.49 - - [04/Jul/2026:21:56:39 +0900] "GET /manage/Sale02/Sale_list.php?admidx&car_cate&car_cate2&code&date_type=1&ed&end_3&end_date&evalAmt_type&gubun1&gubun2&gubun3&gubun4&in_name&listpage=1&p&page=1&searchKey=6299&set_page=15&start_date&tm&vat&wc_go_type&wc_made&wtime HTTP/1.1" 200 200
23.236.55.230 - - [04/Jul/2026:21:56:54 +0900] "HEAD /manage/Sale02/view.php?admidx&car_cate&car_cate2&code&date_type=1&ed&end_3&end_date&evalAmt_type&gubun1&gubun2&gubun3&gubun4&in_name&listpage=1&p&page&searchKey=3644&set_page=15&start_date&tm&vat&wc_go_type&wc_idx=117320&wc_made&wtime HTTP/1.1" 200 -
23.236.55.230 - - [04/Jul/2026:21:56:55 +0900] "GET /manage/Sale02/view.php?admidx&car_cate&car_cate2&code&date_type=1&ed&end_3&end_date&evalAmt_type&gubun1&gubun2&gubun3&gubun4&in_name&listpage=1&p&page&searchKey=3644&set_page=15&start_date&tm&vat&wc_go_type&wc_idx=117320&wc_made&wtime HTTP/1.1" 200 200
34.173.239.49 - - [04/Jul/2026:21:57:23 +0900] "HEAD /inc/popup_02.php?auct_idx=104348 HTTP/1.1" 200 -
34.173.239.49 - - [04/Jul/2026:21:57:23 +0900] "GET /inc/popup_02.php?auct_idx=104348 HTTP/1.1" 200 -
34.56.168.230 - - [04/Jul/2026:21:57:25 +0900] "HEAD /manage/Sale02/Sale_list.php?admidx&car_cate&car_cate2&code&date_type=1&ed&end_3&end_date&evalAmt_type&gubun1&gubun2&gubun3&gubun4&in_name&listpage=1&p&page=1&searchKey=7781&set_page=15&start_date&tm&vat&wc_go_type&wc_made&wtime HTTP/1.1" 200 -
34.56.168.230 - - [04/Jul/2026:21:57:25 +0900] "GET /manage/Sale02/Sale_list.php?admidx&car_cate&car_cate2&code&date_type=1&ed&end_3&end_date&evalAmt_type&gubun1&gubun2&gubun3&gubun4&in_name&listpage=1&p&page=1&searchKey=7781&set_page=15&start_date&tm&vat&wc_go_type&wc_made&wtime HTTP/1.1" 200 200
23.236.55.230 - - [04/Jul/2026:21:58:35 +0900] "HEAD /manage/Sale02/Sale_list.php?admidx&car_cate&car_cate2&code&date_type=1&ed&end_3&end_date&evalAmt_type&gubun1&gubun2&gubun3&gubun4&in_name&listpage=1&p&page=1&searchKey=339%EB%A7%884958&set_page=15&start_date&tm&vat&wc_go_type&wc_made&wtime HTTP/1.1" 200 -
23.236.55.230 - - [04/Jul/2026:21:58:35 +0900] "GET /manage/Sale02/Sale_list.php?admidx&car_cate&car_cate2&code&date_type=1&ed&end_3&end_date&evalAmt_type&gubun1&gubun2&gubun3&gubun4&in_name&listpage=1&p&page=1&searchKey=339%EB%A7%884958&set_page=15&start_date&tm&vat&wc_go_type&wc_made&wtime HTTP/1.1" 200 200
34.173.239.49 - - [04/Jul/2026:21:58:42 +0900] "HEAD /inc/popup_03.php?wc_idx=106601 HTTP/1.1" 200 -
34.173.239.49 - - [04/Jul/2026:21:58:43 +0900] "GET /inc/popup_03.php?wc_idx=106601 HTTP/1.1" 200 -
34.56.168.230 - - [04/Jul/2026:21:59:31 +0900] "HEAD /manage/Sale02/view.php?admidx&car_cate&car_cate2&code&date_type=1&ed&end_3&end_date&evalAmt_type&gubun1&gubun2&gubun3&gubun4&in_name&listpage=1&p&page&searchKey=2637&set_page=15&start_date&tm&vat&wc_go_type&wc_idx=117789&wc_made&wtime HTTP/1.1" 200 -
34.56.168.230 - - [04/Jul/2026:21:59:31 +0900] "GET /manage/Sale02/view.php?admidx&car_cate&car_cate2&code&date_type=1&ed&end_3&end_date&evalAmt_type&gubun1&gubun2&gubun3&gubun4&in_name&listpage=1&p&page&searchKey=2637&set_page=15&start_date&tm&vat&wc_go_type&wc_idx=117789&wc_made&wtime HTTP/1.1" 200 200
34.173.239.49 - - [04/Jul/2026:22:00:15 +0900] "HEAD /manage/Sale02/Sale_list.php?admidx&car_cate&car_cate2&code&date_type&ed&end_3&end_date&evalAmt_type&gubun1&gubun2&gubun3&gubun4&in_name&listpage=1&p&page=2&searchKey&set_page&start_date&tm&vat&wc_go_type&wc_made&wtime HTTP/1.1" 200 -
34.173.239.49 - - [04/Jul/2026:22:00:15 +0900] "GET /manage/Sale02/Sale_list.php?admidx&car_cate&car_cate2&code&date_type&ed&end_3&end_date&evalAmt_type&gubun1&gubun2&gubun3&gubun4&in_name&listpage=1&p&page=2&searchKey&set_page&start_date&tm&vat&wc_go_type&wc_made&wtime HTTP/1.1" 200 200
34.63.117.220 - - [04/Jul/2026:22:00:45 +0900] "HEAD /manage/Sale02/Sale_list.php?car_cate&date_type=2&end_date=2026-03-24&evalAmt_type&gubun2&gubun4&in_name&p&searchKey&set_page=15&start_date=2026-03-24&vat&wc_go_type&wc_made&wc_model&wtime HTTP/1.1" 200 -
34.63.117.220 - - [04/Jul/2026:22:00:45 +0900] "GET /manage/Sale02/Sale_list.php?car_cate&date_type=2&end_date=2026-03-24&evalAmt_type&gubun2&gubun4&in_name&p&searchKey&set_page=15&start_date=2026-03-24&vat&wc_go_type&wc_made&wc_model&wtime HTTP/1.1" 200 200
34.173.239.49 - - [04/Jul/2026:22:02:23 +0900] "HEAD /inc/popup_02.php?auct_idx=117176 HTTP/1.1" 200 -
34.173.239.49 - - [04/Jul/2026:22:02:23 +0900] "GET /inc/popup_02.php?auct_idx=117176 HTTP/1.1" 200 -
34.56.168.230 - - [04/Jul/2026:22:04:34 +0900] "HEAD /manage/Sale02/view.php?admidx&car_cate&car_cate2&code&date_type=1&ed&end_3&end_date&evalAmt_type&gubun1&gubun2&gubun3&gubun4&in_name&listpage=1&p&page&searchKey=145%EB%8F%846519&set_page=15&start_date&tm&vat&wc_go_type&wc_idx=113972&wc_made&wtime HTTP/1.1" 200 -
34.56.168.230 - - [04/Jul/2026:22:04:34 +0900] "GET /manage/Sale02/view.php?admidx&car_cate&car_cate2&code&date_type=1&ed&end_3&end_date&evalAmt_type&gubun1&gubun2&gubun3&gubun4&in_name&listpage=1&p&page&searchKey=145%EB%8F%846519&set_page=15&start_date&tm&vat&wc_go_type&wc_idx=113972&wc_made&wtime HTTP/1.1" 200 200
216.73.216.4 - - [04/Jul/2026:22:07:13 +0900] "GET /robots.txt HTTP/1.1" 200 795
216.73.216.4 - - [04/Jul/2026:22:07:13 +0900] "GET /sitemap.xml HTTP/1.1" 200 11558
34.173.239.49 - - [04/Jul/2026:22:07:52 +0900] "HEAD /manage/Sale02/Sale_list.php?car_cate&date_type=1&end_date&evalAmt_type&gubun2&gubun4&in_name&p&searchKey=177%EC%86%8C7564&set_page=15&start_date&vat&wc_go_type&wc_made&wc_model&wtime HTTP/1.1" 200 -
