MINI MINI MANI MO

Path : /opt/apache/logs/
File Upload :
Current File : //opt/apache/logs/ssl_autofriend.co.kr-error.log-20260610

[Tue Jun 09 06:09:54.888731 2026] [php7:error] [pid 1289144:tid 1289144] [client 217.216.56.19:54348] script '/home/autofriend/www/config.inc.php' not found or unable to stat
[Tue Jun 09 06:09:55.540107 2026] [php7:error] [pid 1289144:tid 1289144] [client 217.216.56.19:54348] script '/home/autofriend/www/.env.local.php' not found or unable to stat
[Tue Jun 09 06:51:19.666804 2026] [php7:error] [pid 1291560:tid 1291560] [client 80.94.95.211:8247] script '/home/autofriend/www/.env.php' not found or unable to stat
[Tue Jun 09 06:51:19.915014 2026] [php7:error] [pid 1291560:tid 1291560] [client 80.94.95.211:8247] script '/home/autofriend/www/.env.sample.php' not found or unable to stat
[Tue Jun 09 06:51:20.163462 2026] [php7:error] [pid 1291560:tid 1291560] [client 80.94.95.211:8247] script '/home/autofriend/www/.env.local.php' not found or unable to stat
[Tue Jun 09 06:51:20.411786 2026] [php7:error] [pid 1291560:tid 1291560] [client 80.94.95.211:8247] script '/home/autofriend/www/.env.production.php' not found or unable to stat
[Tue Jun 09 06:51:20.660289 2026] [php7:error] [pid 1291560:tid 1291560] [client 80.94.95.211:8247] script '/home/autofriend/www/config.dev.php' not found or unable to stat
[Tue Jun 09 06:51:22.019854 2026] [php7:error] [pid 1291560:tid 1291560] [client 80.94.95.211:8247] script '/home/autofriend/www/.env.php.bak' not found or unable to stat
[Tue Jun 09 06:51:22.765536 2026] [php7:error] [pid 1291560:tid 1291560] [client 80.94.95.211:8247] script '/home/autofriend/www/.env.php.backup' not found or unable to stat
[Tue Jun 09 06:51:23.262375 2026] [php7:error] [pid 1291560:tid 1291560] [client 80.94.95.211:8247] script '/home/autofriend/www/.env.example.php' not found or unable to stat
[Tue Jun 09 06:51:23.510854 2026] [php7:error] [pid 1291560:tid 1291560] [client 80.94.95.211:8247] script '/home/autofriend/www/app_dev.php' not found or unable to stat
[Tue Jun 09 12:38:39.478732 2026] [access_compat:error] [pid 1308203:tid 1308203] [client 5.61.209.33:37290] AH01797: client denied by server configuration: /opt/apache/cgi-bin/luci
[Tue Jun 09 16:52:19.583596 2026] [core:error] [pid 1320324:tid 1320324] [client 90.84.168.147:45264] AH10244: invalid URI path (/cgi-bin/.%2e/.%2e/.%2e/.%2e/.%2e/.%2e/.%2e/.%2e/.%2e/.%2e/bin/sh)
[Tue Jun 09 20:23:51.226868 2026] [php7:error] [pid 1325834:tid 1325834] [client 68.69.177.112:34250] script '/home/autofriend/www/alive.php' not found or unable to stat
[Tue Jun 09 22:19:17.636789 2026] [core:error] [pid 1325834:tid 1325834] [client 41.63.63.211:8329] AH10244: invalid URI path (/cgi-bin/.%2e/.%2e/.%2e/.%2e/.%2e/.%2e/.%2e/.%2e/.%2e/.%2e/bin/sh)
[Wed Jun 10 00:44:48.977664 2026] [php7:error] [pid 1339801:tid 1339801] [client 217.216.56.23:16270] script '/home/autofriend/www/config.inc.php' not found or unable to stat
[Wed Jun 10 00:44:50.857955 2026] [php7:error] [pid 1325833:tid 1325833] [client 217.216.56.23:16284] script '/home/autofriend/www/.env.local.php' not found or unable to stat
[Wed Jun 10 01:21:17.587975 2026] [php7:error] [pid 1344700:tid 1344700] [client 217.216.56.23:64770] script '/home/autofriend/www/.env.local.php' not found or unable to stat
[Wed Jun 10 02:29:16.240105 2026] [php7:error] [pid 1346880:tid 1346880] [client 153.76.10.231:17977] script '/home/autofriend/www/adminer.php' not found or unable to stat
[Wed Jun 10 02:29:16.397293 2026] [php7:error] [pid 1347095:tid 1347095] [client 92.112.47.46:8933] script '/home/autofriend/www/adminer.php' not found or unable to stat
[Wed Jun 10 02:29:17.381267 2026] [php7:error] [pid 1343811:tid 1343811] [client 153.76.11.47:17977] script '/home/autofriend/www/adminer.php' not found or unable to stat
[Wed Jun 10 02:29:19.021580 2026] [php7:error] [pid 1343811:tid 1343811] [client 46.202.116.11:9567] script '/home/autofriend/www/adminer.php' not found or unable to stat
[Wed Jun 10 02:29:19.208207 2026] [php7:error] [pid 1347093:tid 1347093] [client 147.90.199.55:19797] script '/home/autofriend/www/_adminer.php' not found or unable to stat
[Wed Jun 10 02:29:19.243788 2026] [php7:error] [pid 1347095:tid 1347095] [client 92.112.46.177:1693] script '/home/autofriend/www/_adminer.php' not found or unable to stat
[Wed Jun 10 02:29:20.559912 2026] [php7:error] [pid 1346878:tid 1346878] [client 92.112.44.217:28481] script '/home/autofriend/www/_adminer.php' not found or unable to stat
[Wed Jun 10 02:29:22.262929 2026] [php7:error] [pid 1343811:tid 1343811] [client 153.76.8.107:36369] script '/home/autofriend/www/_adminer.php' not found or unable to stat
[Wed Jun 10 02:29:23.819035 2026] [php7:error] [pid 1346230:tid 1346230] [client 147.90.199.101:19663] script '/home/autofriend/www/adminer.php' not found or unable to stat
[Wed Jun 10 02:29:24.794724 2026] [php7:error] [pid 1347093:tid 1347093] [client 46.202.119.245:60187] script '/home/autofriend/www/adminer.php' not found or unable to stat
[Wed Jun 10 02:29:26.285840 2026] [php7:error] [pid 1347724:tid 1347724] [client 147.90.199.239:49175] script '/home/autofriend/www/_adminer.php' not found or unable to stat
[Wed Jun 10 02:29:26.339393 2026] [php7:error] [pid 1343811:tid 1343811] [client 92.112.46.40:53059] script '/home/autofriend/www/adminer.php' not found or unable to stat
[Wed Jun 10 02:29:26.349429 2026] [php7:error] [pid 1347514:tid 1347514] [client 92.112.46.142:61401] script '/home/autofriend/www/adminer.php' not found or unable to stat
[Wed Jun 10 02:29:27.390553 2026] [php7:error] [pid 1346878:tid 1346878] [client 153.76.11.126:9175] script '/home/autofriend/www/_adminer.php' not found or unable to stat
[Wed Jun 10 02:29:29.262723 2026] [php7:error] [pid 1343811:tid 1343811] [client 178.95.36.233:14445] script '/home/autofriend/www/_adminer.php' not found or unable to stat
[Wed Jun 10 02:29:30.450345 2026] [php7:error] [pid 1347093:tid 1347093] [client 147.90.197.152:34371] script '/home/autofriend/www/_adminer.php' not found or unable to stat
[Wed Jun 10 02:29:32.496469 2026] [php7:error] [pid 1347093:tid 1347093] [client 147.90.199.134:25883] script '/home/autofriend/www/adminer.php' not found or unable to stat
[Wed Jun 10 02:29:33.738910 2026] [php7:error] [pid 1338483:tid 1338483] [client 178.95.36.100:54877] script '/home/autofriend/www/adminer.php' not found or unable to stat
[Wed Jun 10 02:29:35.189069 2026] [php7:error] [pid 1347724:tid 1347724] [client 153.76.9.169:19391] script '/home/autofriend/www/adminer.php' not found or unable to stat
[Wed Jun 10 02:29:35.321529 2026] [php7:error] [pid 1346230:tid 1346230] [client 147.90.196.172:20335] script '/home/autofriend/www/adminer.php' not found or unable to stat
[Wed Jun 10 02:29:35.942139 2026] [php7:error] [pid 1347095:tid 1347095] [client 153.76.8.108:53417] script '/home/autofriend/www/_adminer.php' not found or unable to stat
[Wed Jun 10 02:29:36.691432 2026] [php7:error] [pid 1338483:tid 1338483] [client 178.95.37.162:36327] script '/home/autofriend/www/adminer.php' not found or unable to stat
[Wed Jun 10 02:29:36.708424 2026] [php7:error] [pid 1347724:tid 1347724] [client 178.95.38.93:32063] script '/home/autofriend/www/_adminer.php' not found or unable to stat
[Wed Jun 10 02:29:37.894865 2026] [php7:error] [pid 1347727:tid 1347727] [client 147.90.199.90:30815] script '/home/autofriend/www/adminer.php' not found or unable to stat
[Wed Jun 10 02:29:38.244911 2026] [php7:error] [pid 1347724:tid 1347724] [client 153.76.12.201:18941] script '/home/autofriend/www/_adminer.php' not found or unable to stat
[Wed Jun 10 02:29:38.350682 2026] [php7:error] [pid 1343811:tid 1343811] [client 153.76.15.207:27289] script '/home/autofriend/www/_adminer.php' not found or unable to stat
[Wed Jun 10 02:29:38.388108 2026] [php7:error] [pid 1344924:tid 1344924] [client 147.90.197.136:42123] script '/home/autofriend/www/adminer.php' not found or unable to stat
[Wed Jun 10 02:29:38.864744 2026] [php7:error] [pid 1347095:tid 1347095] [client 153.76.14.237:45851] script '/home/autofriend/www/adminer.php' not found or unable to stat
[Wed Jun 10 02:29:39.503127 2026] [php7:error] [pid 1347514:tid 1347514] [client 92.112.45.208:59127] script '/home/autofriend/www/_adminer.php' not found or unable to stat
[Wed Jun 10 02:29:39.692575 2026] [php7:error] [pid 1343811:tid 1343811] [client 153.76.12.8:58409] script '/home/autofriend/www/adminer.php' not found or unable to stat
[Wed Jun 10 02:29:40.909891 2026] [php7:error] [pid 1347514:tid 1347514] [client 153.76.10.244:24599] script '/home/autofriend/www/_adminer.php' not found or unable to stat
[Wed Jun 10 02:29:41.080418 2026] [php7:error] [pid 1343811:tid 1343811] [client 178.95.36.82:53981] script '/home/autofriend/www/_adminer.php' not found or unable to stat
[Wed Jun 10 02:29:41.537433 2026] [php7:error] [pid 1347095:tid 1347095] [client 178.95.37.54:6365] script '/home/autofriend/www/adminer.php' not found or unable to stat
[Wed Jun 10 02:29:41.561057 2026] [php7:error] [pid 1345575:tid 1345575] [client 178.95.38.109:51533] script '/home/autofriend/www/_adminer.php' not found or unable to stat
[Wed Jun 10 02:29:42.515314 2026] [php7:error] [pid 1347093:tid 1347093] [client 147.90.197.105:45153] script '/home/autofriend/www/_adminer.php' not found or unable to stat
[Wed Jun 10 02:29:42.653726 2026] [php7:error] [pid 1346880:tid 1346880] [client 153.76.9.172:2907] script '/home/autofriend/www/adminer.php' not found or unable to stat
[Wed Jun 10 02:29:42.713894 2026] [php7:error] [pid 1345575:tid 1345575] [client 153.76.12.96:36149] script '/home/autofriend/www/adminer.php' not found or unable to stat
[Wed Jun 10 02:29:43.417223 2026] [php7:error] [pid 1338483:tid 1338483] [client 92.112.47.168:21167] script '/home/autofriend/www/adminer.php' not found or unable to stat
[Wed Jun 10 02:29:43.505727 2026] [php7:error] [pid 1347514:tid 1347514] [client 46.202.116.194:61897] script '/home/autofriend/www/adminer.php' not found or unable to stat
[Wed Jun 10 02:29:44.138836 2026] [php7:error] [pid 1343811:tid 1343811] [client 147.90.197.232:41399] script '/home/autofriend/www/adminer.php' not found or unable to stat
[Wed Jun 10 02:29:44.327397 2026] [php7:error] [pid 1347727:tid 1347727] [client 178.95.37.14:30811] script '/home/autofriend/www/_adminer.php' not found or unable to stat
[Wed Jun 10 02:29:44.411392 2026] [php7:error] [pid 1338483:tid 1338483] [client 153.76.11.92:21775] script '/home/autofriend/www/adminer.php' not found or unable to stat
[Wed Jun 10 02:29:45.071215 2026] [php7:error] [pid 1346230:tid 1346230] [client 153.76.15.74:36155] script '/home/autofriend/www/adminer.php' not found or unable to stat
[Wed Jun 10 02:29:45.941795 2026] [php7:error] [pid 1347727:tid 1347727] [client 178.95.38.50:54285] script '/home/autofriend/www/_adminer.php' not found or unable to stat
[Wed Jun 10 02:29:45.969285 2026] [php7:error] [pid 1338483:tid 1338483] [client 153.76.8.38:61281] script '/home/autofriend/www/_adminer.php' not found or unable to stat
[Wed Jun 10 02:29:46.818244 2026] [php7:error] [pid 1347724:tid 1347724] [client 92.112.45.4:28641] script '/home/autofriend/www/_adminer.php' not found or unable to stat
[Wed Jun 10 02:29:47.064029 2026] [php7:error] [pid 1344924:tid 1344924] [client 46.202.119.82:3283] script '/home/autofriend/www/_adminer.php' not found or unable to stat
[Wed Jun 10 02:29:47.733523 2026] [php7:error] [pid 1338483:tid 1338483] [client 153.76.8.88:50629] script '/home/autofriend/www/_adminer.php' not found or unable to stat
[Wed Jun 10 02:29:47.788871 2026] [php7:error] [pid 1346880:tid 1346880] [client 153.76.12.24:41475] script '/home/autofriend/www/_adminer.php' not found or unable to stat
[Wed Jun 10 02:29:48.336821 2026] [php7:error] [pid 1347095:tid 1347095] [client 46.202.117.138:2345] script '/home/autofriend/www/_adminer.php' not found or unable to stat
[Wed Jun 10 02:29:51.700985 2026] [php7:error] [pid 1347093:tid 1347093] [client 153.76.10.69:48569] script '/home/autofriend/www/adminer.php' not found or unable to stat
[Wed Jun 10 02:29:51.921976 2026] [php7:error] [pid 1343811:tid 1343811] [client 178.95.37.20:31659] script '/home/autofriend/www/adminer.php' not found or unable to stat
[Wed Jun 10 02:29:51.969081 2026] [php7:error] [pid 1347724:tid 1347724] [client 153.76.9.28:26081] script '/home/autofriend/www/adminer.php' not found or unable to stat
[Wed Jun 10 02:29:52.116746 2026] [php7:error] [pid 1347095:tid 1347095] [client 147.90.197.180:31823] script '/home/autofriend/www/adminer.php' not found or unable to stat
[Wed Jun 10 02:29:53.416562 2026] [php7:error] [pid 1347093:tid 1347093] [client 92.112.47.166:21101] script '/home/autofriend/www/adminer.php' not found or unable to stat
[Wed Jun 10 02:29:53.506954 2026] [php7:error] [pid 1343811:tid 1343811] [client 178.95.36.86:31281] script '/home/autofriend/www/adminer.php' not found or unable to stat
[Wed Jun 10 02:29:53.538511 2026] [php7:error] [pid 1347724:tid 1347724] [client 178.95.39.105:59419] script '/home/autofriend/www/adminer.php' not found or unable to stat
[Wed Jun 10 02:29:53.846550 2026] [php7:error] [pid 1347727:tid 1347727] [client 92.112.47.45:49409] script '/home/autofriend/www/adminer.php' not found or unable to stat
[Wed Jun 10 02:29:54.517823 2026] [php7:error] [pid 1338483:tid 1338483] [client 92.112.46.138:32247] script '/home/autofriend/www/adminer.php' not found or unable to stat
[Wed Jun 10 02:29:55.003777 2026] [php7:error] [pid 1343811:tid 1343811] [client 153.76.15.146:63259] script '/home/autofriend/www/_adminer.php' not found or unable to stat
[Wed Jun 10 02:29:55.075311 2026] [php7:error] [pid 1347724:tid 1347724] [client 92.112.45.178:54907] script '/home/autofriend/www/_adminer.php' not found or unable to stat
[Wed Jun 10 02:29:55.077723 2026] [php7:error] [pid 1347095:tid 1347095] [client 92.112.46.14:55707] script '/home/autofriend/www/_adminer.php' not found or unable to stat
[Wed Jun 10 02:29:55.145201 2026] [php7:error] [pid 1346230:tid 1346230] [client 178.95.37.205:42503] script '/home/autofriend/www/_adminer.php' not found or unable to stat
[Wed Jun 10 02:29:56.740119 2026] [php7:error] [pid 1347727:tid 1347727] [client 92.112.47.96:36003] script '/home/autofriend/www/_adminer.php' not found or unable to stat
[Wed Jun 10 02:29:56.767205 2026] [php7:error] [pid 1346230:tid 1346230] [client 46.202.117.71:56065] script '/home/autofriend/www/_adminer.php' not found or unable to stat
[Wed Jun 10 02:29:56.768395 2026] [php7:error] [pid 1346880:tid 1346880] [client 46.202.117.133:4051] script '/home/autofriend/www/_adminer.php' not found or unable to stat
[Wed Jun 10 02:29:56.871949 2026] [php7:error] [pid 1347093:tid 1347093] [client 153.76.8.196:4631] script '/home/autofriend/www/_adminer.php' not found or unable to stat
[Wed Jun 10 02:29:57.441276 2026] [php7:error] [pid 1347730:tid 1347730] [client 92.112.44.8:20419] script '/home/autofriend/www/_adminer.php' not found or unable to stat
[Wed Jun 10 02:30:00.478485 2026] [php7:error] [pid 1347729:tid 1347729] [client 92.112.44.140:29233] script '/home/autofriend/www/adminer.php' not found or unable to stat
[Wed Jun 10 02:30:03.097185 2026] [php7:error] [pid 1346880:tid 1346880] [client 153.76.10.28:14575] script '/home/autofriend/www/_adminer.php' not found or unable to stat
[Wed Jun 10 02:30:08.408422 2026] [php7:error] [pid 1347093:tid 1347093] [client 178.95.39.100:8493] script '/home/autofriend/www/adminer.php' not found or unable to stat
[Wed Jun 10 02:30:09.158661 2026] [php7:error] [pid 1345575:tid 1345575] [client 153.76.14.8:9823] script '/home/autofriend/www/adminer.php' not found or unable to stat
[Wed Jun 10 02:30:09.686248 2026] [php7:error] [pid 1346230:tid 1346230] [client 46.202.119.91:3531] script '/home/autofriend/www/adminer.php' not found or unable to stat
[Wed Jun 10 02:30:10.108961 2026] [php7:error] [pid 1347093:tid 1347093] [client 153.76.14.240:32681] script '/home/autofriend/www/adminer.php' not found or unable to stat
[Wed Jun 10 02:30:10.585911 2026] [php7:error] [pid 1345575:tid 1345575] [client 153.76.13.19:7769] script '/home/autofriend/www/adminer.php' not found or unable to stat
[Wed Jun 10 02:30:10.848604 2026] [php7:error] [pid 1347730:tid 1347730] [client 46.202.118.212:17667] script '/home/autofriend/www/_adminer.php' not found or unable to stat
[Wed Jun 10 02:30:10.952819 2026] [php7:error] [pid 1343811:tid 1343811] [client 153.76.12.174:43795] script '/home/autofriend/www/adminer.php' not found or unable to stat
[Wed Jun 10 02:30:11.953385 2026] [php7:error] [pid 1345575:tid 1345575] [client 153.76.8.187:43793] script '/home/autofriend/www/_adminer.php' not found or unable to stat
[Wed Jun 10 02:30:12.363475 2026] [php7:error] [pid 1344924:tid 1344924] [client 46.202.119.145:59941] script '/home/autofriend/www/adminer.php' not found or unable to stat
[Wed Jun 10 02:30:12.391092 2026] [php7:error] [pid 1347093:tid 1347093] [client 178.95.38.162:47385] script '/home/autofriend/www/_adminer.php' not found or unable to stat
[Wed Jun 10 02:30:12.575170 2026] [php7:error] [pid 1347729:tid 1347729] [client 92.112.44.19:39419] script '/home/autofriend/www/adminer.php' not found or unable to stat
[Wed Jun 10 02:30:12.717672 2026] [php7:error] [pid 1345575:tid 1345575] [client 178.95.36.158:53979] script '/home/autofriend/www/_adminer.php' not found or unable to stat
[Wed Jun 10 02:30:13.012124 2026] [php7:error] [pid 1347730:tid 1347730] [client 92.112.45.231:22413] script '/home/autofriend/www/adminer.php' not found or unable to stat
[Wed Jun 10 02:30:13.161877 2026] [php7:error] [pid 1347724:tid 1347724] [client 153.76.11.153:13897] script '/home/autofriend/www/_adminer.php' not found or unable to stat
[Wed Jun 10 02:30:13.558196 2026] [php7:error] [pid 1346230:tid 1346230] [client 46.202.117.190:37875] script '/home/autofriend/www/_adminer.php' not found or unable to stat
[Wed Jun 10 02:30:14.350957 2026] [php7:error] [pid 1345575:tid 1345575] [client 153.76.10.214:46945] script '/home/autofriend/www/_adminer.php' not found or unable to stat
[Wed Jun 10 02:30:14.509427 2026] [php7:error] [pid 1346880:tid 1346880] [client 147.90.197.233:6237] script '/home/autofriend/www/_adminer.php' not found or unable to stat
[Wed Jun 10 02:30:15.067704 2026] [php7:error] [pid 1344924:tid 1344924] [client 178.95.39.228:20663] script '/home/autofriend/www/_adminer.php' not found or unable to stat
[Wed Jun 10 02:30:16.925256 2026] [php7:error] [pid 1347724:tid 1347724] [client 147.90.198.139:53995] script '/home/autofriend/www/adminer.php' not found or unable to stat
[Wed Jun 10 02:30:18.537402 2026] [php7:error] [pid 1346880:tid 1346880] [client 147.90.196.222:32057] script '/home/autofriend/www/_adminer.php' not found or unable to stat
[Wed Jun 10 02:30:19.546921 2026] [php7:error] [pid 1347093:tid 1347093] [client 46.202.119.158:12709] script '/home/autofriend/www/adminer.php' not found or unable to stat
[Wed Jun 10 02:30:19.852382 2026] [php7:error] [pid 1346880:tid 1346880] [client 147.90.198.69:32843] script '/home/autofriend/www/adminer.php' not found or unable to stat
[Wed Jun 10 02:30:21.649419 2026] [php7:error] [pid 1345575:tid 1345575] [client 178.95.38.133:64523] script '/home/autofriend/www/_adminer.php' not found or unable to stat
[Wed Jun 10 02:30:21.990033 2026] [php7:error] [pid 1347730:tid 1347730] [client 92.112.44.192:9541] script '/home/autofriend/www/_adminer.php' not found or unable to stat
[Wed Jun 10 02:30:24.521418 2026] [php7:error] [pid 1347724:tid 1347724] [client 46.202.116.251:10895] script '/home/autofriend/www/adminer.php' not found or unable to stat
[Wed Jun 10 02:30:27.282226 2026] [php7:error] [pid 1345575:tid 1345575] [client 147.90.198.103:28863] script '/home/autofriend/www/_adminer.php' not found or unable to stat
[Wed Jun 10 02:30:28.990670 2026] [php7:error] [pid 1344924:tid 1344924] [client 178.95.36.111:26143] script '/home/autofriend/www/adminer.php' not found or unable to stat
[Wed Jun 10 02:30:29.433672 2026] [php7:error] [pid 1345575:tid 1345575] [client 178.95.39.40:20075] script '/home/autofriend/www/adminer.php' not found or unable to stat
[Wed Jun 10 02:30:30.646727 2026] [php7:error] [pid 1347724:tid 1347724] [client 92.112.45.165:31733] script '/home/autofriend/www/adminer.php' not found or unable to stat
[Wed Jun 10 02:30:30.807400 2026] [php7:error] [pid 1344924:tid 1344924] [client 178.95.39.44:5267] script '/home/autofriend/www/adminer.php' not found or unable to stat
[Wed Jun 10 02:30:31.198801 2026] [php7:error] [pid 1346230:tid 1346230] [client 147.90.196.15:19547] script '/home/autofriend/www/adminer.php' not found or unable to stat
[Wed Jun 10 02:30:31.918513 2026] [php7:error] [pid 1343811:tid 1343811] [client 147.90.196.7:20861] script '/home/autofriend/www/_adminer.php' not found or unable to stat
[Wed Jun 10 02:30:32.059421 2026] [php7:error] [pid 1344924:tid 1344924] [client 178.95.38.165:54723] script '/home/autofriend/www/_adminer.php' not found or unable to stat
[Wed Jun 10 02:30:32.090460 2026] [php7:error] [pid 1345575:tid 1345575] [client 153.76.8.30:11759] script '/home/autofriend/www/adminer.php' not found or unable to stat
[Wed Jun 10 02:30:33.482767 2026] [php7:error] [pid 1343811:tid 1343811] [client 46.202.119.50:2451] script '/home/autofriend/www/_adminer.php' not found or unable to stat
[Wed Jun 10 02:30:33.598573 2026] [php7:error] [pid 1346878:tid 1346878] [client 153.76.10.86:63459] script '/home/autofriend/www/_adminer.php' not found or unable to stat
[Wed Jun 10 02:30:33.679248 2026] [php7:error] [pid 1338483:tid 1338483] [client 92.112.44.123:8789] script '/home/autofriend/www/adminer.php' not found or unable to stat
[Wed Jun 10 02:30:33.858728 2026] [php7:error] [pid 1346230:tid 1346230] [client 153.76.14.122:10911] script '/home/autofriend/www/adminer.php' not found or unable to stat
[Wed Jun 10 02:30:33.999238 2026] [php7:error] [pid 1347093:tid 1347093] [client 147.90.198.50:43371] script '/home/autofriend/www/adminer.php' not found or unable to stat
[Wed Jun 10 02:30:34.395234 2026] [php7:error] [pid 1343811:tid 1343811] [client 178.95.38.244:54673] script '/home/autofriend/www/adminer.php' not found or unable to stat
[Wed Jun 10 02:30:34.873699 2026] [php7:error] [pid 1346878:tid 1346878] [client 92.112.45.64:9413] script '/home/autofriend/www/_adminer.php' not found or unable to stat
[Wed Jun 10 02:30:34.891738 2026] [php7:error] [pid 1338483:tid 1338483] [client 92.112.47.147:54143] script '/home/autofriend/www/_adminer.php' not found or unable to stat
[Wed Jun 10 02:30:35.079500 2026] [php7:error] [pid 1347730:tid 1347730] [client 147.90.196.227:17907] script '/home/autofriend/www/adminer.php' not found or unable to stat
[Wed Jun 10 02:30:35.309708 2026] [php7:error] [pid 1347935:tid 1347935] [client 178.95.38.243:59665] script '/home/autofriend/www/adminer.php' not found or unable to stat
[Wed Jun 10 02:30:36.168793 2026] [php7:error] [pid 1347730:tid 1347730] [client 178.95.36.2:39167] script '/home/autofriend/www/_adminer.php' not found or unable to stat
[Wed Jun 10 02:30:36.206480 2026] [php7:error] [pid 1346880:tid 1346880] [client 46.202.116.88:14051] script '/home/autofriend/www/_adminer.php' not found or unable to stat
[Wed Jun 10 02:30:36.558242 2026] [php7:error] [pid 1346878:tid 1346878] [client 153.76.15.197:29459] script '/home/autofriend/www/_adminer.php' not found or unable to stat
[Wed Jun 10 02:30:36.739631 2026] [php7:error] [pid 1346230:tid 1346230] [client 153.76.8.80:43403] script '/home/autofriend/www/_adminer.php' not found or unable to stat
[Wed Jun 10 02:30:37.258862 2026] [php7:error] [pid 1347093:tid 1347093] [client 147.90.196.66:8133] script '/home/autofriend/www/_adminer.php' not found or unable to stat
[Wed Jun 10 02:30:37.884210 2026] [php7:error] [pid 1347935:tid 1347935] [client 153.76.12.72:16621] script '/home/autofriend/www/_adminer.php' not found or unable to stat
[Wed Jun 10 02:30:39.180392 2026] [php7:error] [pid 1347093:tid 1347093] [client 92.112.45.155:3863] script '/home/autofriend/www/adminer.php' not found or unable to stat
[Wed Jun 10 02:30:39.638804 2026] [php7:error] [pid 1347935:tid 1347935] [client 153.76.15.41:31939] script '/home/autofriend/www/adminer.php' not found or unable to stat
[Wed Jun 10 02:30:41.875162 2026] [php7:error] [pid 1346878:tid 1346878] [client 147.90.196.153:37377] script '/home/autofriend/www/_adminer.php' not found or unable to stat
[Wed Jun 10 02:30:42.236167 2026] [php7:error] [pid 1338483:tid 1338483] [client 153.76.12.107:13927] script '/home/autofriend/www/_adminer.php' not found or unable to stat
[Wed Jun 10 02:30:43.890695 2026] [php7:error] [pid 1347935:tid 1347935] [client 178.95.38.133:64807] script '/home/autofriend/www/adminer.php' not found or unable to stat
[Wed Jun 10 02:30:46.509764 2026] [php7:error] [pid 1346230:tid 1346230] [client 153.76.11.199:59905] script '/home/autofriend/www/_adminer.php' not found or unable to stat
[Wed Jun 10 02:30:48.386287 2026] [php7:error] [pid 1344924:tid 1344924] [client 153.76.9.251:28161] script '/home/autofriend/www/adminer.php' not found or unable to stat
[Wed Jun 10 02:30:49.159265 2026] [php7:error] [pid 1338483:tid 1338483] [client 178.95.36.138:36735] script '/home/autofriend/www/adminer.php' not found or unable to stat
[Wed Jun 10 02:30:50.139759 2026] [php7:error] [pid 1343811:tid 1343811] [client 153.76.10.140:48929] script '/home/autofriend/www/adminer.php' not found or unable to stat
[Wed Jun 10 02:30:53.408731 2026] [php7:error] [pid 1338483:tid 1338483] [client 153.76.13.8:58909] script '/home/autofriend/www/_adminer.php' not found or unable to stat
[Wed Jun 10 02:30:55.160915 2026] [php7:error] [pid 1347730:tid 1347730] [client 153.76.8.231:31053] script '/home/autofriend/www/_adminer.php' not found or unable to stat
[Wed Jun 10 02:30:55.212984 2026] [php7:error] [pid 1343811:tid 1343811] [client 153.76.14.26:55421] script '/home/autofriend/www/_adminer.php' not found or unable to stat
[Wed Jun 10 02:30:59.369194 2026] [php7:error] [pid 1346878:tid 1346878] [client 92.112.44.15:52665] script '/home/autofriend/www/adminer.php' not found or unable to stat
[Wed Jun 10 02:30:59.628751 2026] [php7:error] [pid 1345575:tid 1345575] [client 153.76.8.81:43253] script '/home/autofriend/www/adminer.php' not found or unable to stat
[Wed Jun 10 02:30:59.965056 2026] [php7:error] [pid 1343811:tid 1343811] [client 153.76.14.49:6327] script '/home/autofriend/www/adminer.php' not found or unable to stat
[Wed Jun 10 02:31:00.383472 2026] [php7:error] [pid 1338483:tid 1338483] [client 46.202.119.13:8095] script '/home/autofriend/www/adminer.php' not found or unable to stat
[Wed Jun 10 02:31:01.124843 2026] [php7:error] [pid 1346878:tid 1346878] [client 46.202.116.119:35315] script '/home/autofriend/www/adminer.php' not found or unable to stat
[Wed Jun 10 02:31:01.521768 2026] [php7:error] [pid 1345575:tid 1345575] [client 153.76.14.76:64811] script '/home/autofriend/www/adminer.php' not found or unable to stat
[Wed Jun 10 02:31:01.973777 2026] [php7:error] [pid 1347935:tid 1347935] [client 178.95.36.243:16339] script '/home/autofriend/www/adminer.php' not found or unable to stat
[Wed Jun 10 02:31:03.726956 2026] [php7:error] [pid 1338483:tid 1338483] [client 92.112.46.41:4797] script '/home/autofriend/www/_adminer.php' not found or unable to stat
[Wed Jun 10 02:31:04.386852 2026] [php7:error] [pid 1347724:tid 1347724] [client 153.76.15.196:14017] script '/home/autofriend/www/_adminer.php' not found or unable to stat
[Wed Jun 10 02:31:04.526244 2026] [php7:error] [pid 1346880:tid 1346880] [client 46.202.119.153:31639] script '/home/autofriend/www/_adminer.php' not found or unable to stat
[Wed Jun 10 02:31:04.542577 2026] [php7:error] [pid 1345575:tid 1345575] [client 46.202.119.218:64133] script '/home/autofriend/www/_adminer.php' not found or unable to stat
[Wed Jun 10 02:31:05.331211 2026] [php7:error] [pid 1347935:tid 1347935] [client 178.95.37.240:22149] script '/home/autofriend/www/_adminer.php' not found or unable to stat
[Wed Jun 10 02:31:05.485714 2026] [php7:error] [pid 1347728:tid 1347728] [client 92.112.44.211:5549] script '/home/autofriend/www/_adminer.php' not found or unable to stat
[Wed Jun 10 02:31:06.151502 2026] [php7:error] [pid 1343811:tid 1343811] [client 153.76.15.174:39631] script '/home/autofriend/www/_adminer.php' not found or unable to stat
[Wed Jun 10 02:31:08.276497 2026] [php7:error] [pid 1347935:tid 1347935] [client 178.95.36.34:48765] script '/home/autofriend/www/adminer.php' not found or unable to stat
[Wed Jun 10 02:31:08.519970 2026] [php7:error] [pid 1347728:tid 1347728] [client 153.76.12.148:21329] script '/home/autofriend/www/adminer.php' not found or unable to stat
[Wed Jun 10 02:31:08.950567 2026] [php7:error] [pid 1347724:tid 1347724] [client 92.112.47.74:47707] script '/home/autofriend/www/adminer.php' not found or unable to stat
[Wed Jun 10 02:31:09.986847 2026] [php7:error] [pid 1343811:tid 1343811] [client 178.95.36.173:63129] script '/home/autofriend/www/adminer.php' not found or unable to stat
[Wed Jun 10 02:31:10.340199 2026] [php7:error] [pid 1346878:tid 1346878] [client 147.90.198.123:32289] script '/home/autofriend/www/adminer.php' not found or unable to stat
[Wed Jun 10 02:31:12.908196 2026] [php7:error] [pid 1347724:tid 1347724] [client 153.76.9.113:28247] script '/home/autofriend/www/_adminer.php' not found or unable to stat
[Wed Jun 10 02:31:12.986361 2026] [php7:error] [pid 1343811:tid 1343811] [client 153.76.14.28:37981] script '/home/autofriend/www/_adminer.php' not found or unable to stat
[Wed Jun 10 02:31:13.407207 2026] [php7:error] [pid 1345575:tid 1345575] [client 46.202.118.25:35359] script '/home/autofriend/www/_adminer.php' not found or unable to stat
[Wed Jun 10 02:31:14.503656 2026] [php7:error] [pid 1347728:tid 1347728] [client 46.202.118.205:30169] script '/home/autofriend/www/_adminer.php' not found or unable to stat
[Wed Jun 10 02:31:15.135675 2026] [php7:error] [pid 1347724:tid 1347724] [client 46.202.116.31:40731] script '/home/autofriend/www/_adminer.php' not found or unable to stat
[Wed Jun 10 02:31:18.570566 2026] [php7:error] [pid 1346878:tid 1346878] [client 46.202.119.129:43929] script '/home/autofriend/www/adminer.php' not found or unable to stat
[Wed Jun 10 02:31:18.652779 2026] [php7:error] [pid 1338483:tid 1338483] [client 153.76.8.235:59185] script '/home/autofriend/www/adminer.php' not found or unable to stat
[Wed Jun 10 02:31:23.133656 2026] [php7:error] [pid 1346880:tid 1346880] [client 153.76.11.185:31919] script '/home/autofriend/www/_adminer.php' not found or unable to stat
[Wed Jun 10 02:31:23.173414 2026] [php7:error] [pid 1347729:tid 1347729] [client 153.76.13.41:26919] script '/home/autofriend/www/_adminer.php' not found or unable to stat
[Wed Jun 10 02:31:25.194861 2026] [php7:error] [pid 1346880:tid 1346880] [client 46.202.119.246:62817] script '/home/autofriend/www/adminer.php' not found or unable to stat
[Wed Jun 10 02:31:25.293352 2026] [php7:error] [pid 1346230:tid 1346230] [client 178.95.38.111:32961] script '/home/autofriend/www/adminer.php' not found or unable to stat
[Wed Jun 10 02:31:26.011249 2026] [php7:error] [pid 1338483:tid 1338483] [client 92.112.46.212:58227] script '/home/autofriend/www/adminer.php' not found or unable to stat
[Wed Jun 10 02:31:26.770842 2026] [php7:error] [pid 1344924:tid 1344924] [client 153.76.13.108:16123] script '/home/autofriend/www/adminer.php' not found or unable to stat
[Wed Jun 10 02:31:27.125481 2026] [php7:error] [pid 1347729:tid 1347729] [client 46.202.117.65:57391] script '/home/autofriend/www/adminer.php' not found or unable to stat
[Wed Jun 10 02:31:28.167765 2026] [php7:error] [pid 1347935:tid 1347935] [client 153.76.9.120:2749] script '/home/autofriend/www/adminer.php' not found or unable to stat
[Wed Jun 10 02:31:28.460542 2026] [php7:error] [pid 1346878:tid 1346878] [client 153.76.14.243:3881] script '/home/autofriend/www/adminer.php' not found or unable to stat
[Wed Jun 10 02:31:29.736404 2026] [php7:error] [pid 1343811:tid 1343811] [client 153.76.10.151:36651] script '/home/autofriend/www/_adminer.php' not found or unable to stat
[Wed Jun 10 02:31:30.109952 2026] [php7:error] [pid 1344924:tid 1344924] [client 178.95.38.162:10223] script '/home/autofriend/www/_adminer.php' not found or unable to stat
[Wed Jun 10 02:31:30.277430 2026] [php7:error] [pid 1346880:tid 1346880] [client 153.76.11.65:51699] script '/home/autofriend/www/_adminer.php' not found or unable to stat
[Wed Jun 10 02:31:31.215761 2026] [php7:error] [pid 1347935:tid 1347935] [client 178.95.39.59:41897] script '/home/autofriend/www/_adminer.php' not found or unable to stat
[Wed Jun 10 02:31:32.714718 2026] [php7:error] [pid 1347730:tid 1347730] [client 147.90.198.244:36559] script '/home/autofriend/www/_adminer.php' not found or unable to stat
[Wed Jun 10 02:31:32.800253 2026] [php7:error] [pid 1347729:tid 1347729] [client 92.112.46.186:41537] script '/home/autofriend/www/_adminer.php' not found or unable to stat
[Wed Jun 10 02:31:32.838777 2026] [php7:error] [pid 1338483:tid 1338483] [client 46.202.119.118:14957] script '/home/autofriend/www/_adminer.php' not found or unable to stat
[Wed Jun 10 02:31:35.351628 2026] [php7:error] [pid 1347728:tid 1347728] [client 92.112.45.52:6487] script '/home/autofriend/www/adminer.php' not found or unable to stat
[Wed Jun 10 02:31:35.558721 2026] [php7:error] [pid 1346880:tid 1346880] [client 46.202.119.137:5275] script '/home/autofriend/www/adminer.php' not found or unable to stat
[Wed Jun 10 02:31:36.520760 2026] [php7:error] [pid 1338483:tid 1338483] [client 92.112.45.35:42605] script '/home/autofriend/www/adminer.php' not found or unable to stat
[Wed Jun 10 02:31:40.239576 2026] [php7:error] [pid 1347730:tid 1347730] [client 153.76.9.61:9431] script '/home/autofriend/www/_adminer.php' not found or unable to stat
[Wed Jun 10 02:31:40.873685 2026] [php7:error] [pid 1347724:tid 1347724] [client 46.202.116.248:55679] script '/home/autofriend/www/_adminer.php' not found or unable to stat
[Wed Jun 10 02:31:42.387394 2026] [php7:error] [pid 1347093:tid 1347093] [client 46.202.116.144:3067] script '/home/autofriend/www/_adminer.php' not found or unable to stat
[Wed Jun 10 02:31:57.494531 2026] [php7:error] [pid 1346230:tid 1346230] [client 92.112.45.85:3833] script '/home/autofriend/www/adminer.php' not found or unable to stat
[Wed Jun 10 02:32:00.414037 2026] [php7:error] [pid 1347724:tid 1347724] [client 178.95.39.134:50451] script '/home/autofriend/www/adminer.php' not found or unable to stat
[Wed Jun 10 02:32:00.641736 2026] [php7:error] [pid 1347730:tid 1347730] [client 147.90.197.29:10411] script '/home/autofriend/www/adminer.php' not found or unable to stat
[Wed Jun 10 02:32:00.709134 2026] [php7:error] [pid 1347935:tid 1347935] [client 92.112.44.14:53151] script '/home/autofriend/www/adminer.php' not found or unable to stat
[Wed Jun 10 02:32:01.405369 2026] [php7:error] [pid 1344924:tid 1344924] [client 46.202.119.15:51953] script '/home/autofriend/www/adminer.php' not found or unable to stat
[Wed Jun 10 02:32:01.414153 2026] [php7:error] [pid 1347728:tid 1347728] [client 153.76.13.171:43959] script '/home/autofriend/www/adminer.php' not found or unable to stat
[Wed Jun 10 02:32:01.595840 2026] [php7:error] [pid 1347093:tid 1347093] [client 92.112.44.211:33335] script '/home/autofriend/www/_adminer.php' not found or unable to stat
[Wed Jun 10 02:32:01.783874 2026] [php7:error] [pid 1346880:tid 1346880] [client 46.202.117.94:63911] script '/home/autofriend/www/adminer.php' not found or unable to stat
[Wed Jun 10 02:32:02.256293 2026] [php7:error] [pid 1347728:tid 1347728] [client 147.90.197.50:32221] script '/home/autofriend/www/adminer.php' not found or unable to stat
[Wed Jun 10 02:32:03.003120 2026] [php7:error] [pid 1347729:tid 1347729] [client 153.76.9.235:58391] script '/home/autofriend/www/adminer.php' not found or unable to stat
[Wed Jun 10 02:32:03.719563 2026] [php7:error] [pid 1346880:tid 1346880] [client 92.112.47.132:6599] script '/home/autofriend/www/adminer.php' not found or unable to stat
[Wed Jun 10 02:32:04.085618 2026] [php7:error] [pid 1346878:tid 1346878] [client 147.90.198.99:61083] script '/home/autofriend/www/adminer.php' not found or unable to stat
[Wed Jun 10 02:32:04.480509 2026] [php7:error] [pid 1346880:tid 1346880] [client 153.76.11.181:27327] script '/home/autofriend/www/_adminer.php' not found or unable to stat
[Wed Jun 10 02:32:04.645018 2026] [php7:error] [pid 1347935:tid 1347935] [client 92.112.47.166:32521] script '/home/autofriend/www/adminer.php' not found or unable to stat
[Wed Jun 10 02:32:05.288263 2026] [php7:error] [pid 1346878:tid 1346878] [client 92.112.44.177:1543] script '/home/autofriend/www/adminer.php' not found or unable to stat
[Wed Jun 10 02:32:05.332802 2026] [php7:error] [pid 1347728:tid 1347728] [client 46.202.116.72:48565] script '/home/autofriend/www/_adminer.php' not found or unable to stat
[Wed Jun 10 02:32:05.421187 2026] [php7:error] [pid 1347730:tid 1347730] [client 46.202.119.93:18465] script '/home/autofriend/www/_adminer.php' not found or unable to stat
[Wed Jun 10 02:32:05.739464 2026] [php7:error] [pid 1346880:tid 1346880] [client 153.76.8.252:11239] script '/home/autofriend/www/_adminer.php' not found or unable to stat
[Wed Jun 10 02:32:05.771910 2026] [php7:error] [pid 1347935:tid 1347935] [client 153.76.9.220:25555] script '/home/autofriend/www/adminer.php' not found or unable to stat
[Wed Jun 10 02:32:05.850021 2026] [php7:error] [pid 1344924:tid 1344924] [client 153.76.11.227:26955] script '/home/autofriend/www/_adminer.php' not found or unable to stat
[Wed Jun 10 02:32:06.018694 2026] [php7:error] [pid 1347936:tid 1347936] [client 147.90.198.160:61221] script '/home/autofriend/www/_adminer.php' not found or unable to stat
[Wed Jun 10 02:32:06.416706 2026] [php7:error] [pid 1347724:tid 1347724] [client 178.95.38.146:2549] script '/home/autofriend/www/_adminer.php' not found or unable to stat
[Wed Jun 10 02:32:06.476747 2026] [php7:error] [pid 1346880:tid 1346880] [client 153.76.12.109:61631] script '/home/autofriend/www/adminer.php' not found or unable to stat
[Wed Jun 10 02:32:08.400371 2026] [php7:error] [pid 1347936:tid 1347936] [client 178.95.39.103:29579] script '/home/autofriend/www/_adminer.php' not found or unable to stat
[Wed Jun 10 02:32:08.874681 2026] [php7:error] [pid 1347724:tid 1347724] [client 46.202.117.170:36319] script '/home/autofriend/www/_adminer.php' not found or unable to stat
[Wed Jun 10 02:32:08.974929 2026] [php7:error] [pid 1346878:tid 1346878] [client 153.76.11.24:53671] script '/home/autofriend/www/_adminer.php' not found or unable to stat
[Wed Jun 10 02:32:08.984195 2026] [php7:error] [pid 1347936:tid 1347936] [client 153.76.10.156:53171] script '/home/autofriend/www/_adminer.php' not found or unable to stat
[Wed Jun 10 02:32:10.085340 2026] [php7:error] [pid 1347730:tid 1347730] [client 153.76.9.190:17353] script '/home/autofriend/www/_adminer.php' not found or unable to stat
[Wed Jun 10 02:32:11.019993 2026] [php7:error] [pid 1347936:tid 1347936] [client 178.95.37.6:36405] script '/home/autofriend/www/_adminer.php' not found or unable to stat
[Wed Jun 10 02:32:11.379574 2026] [php7:error] [pid 1346230:tid 1346230] [client 46.202.118.252:24639] script '/home/autofriend/www/_adminer.php' not found or unable to stat
[Wed Jun 10 02:32:13.408747 2026] [php7:error] [pid 1347728:tid 1347728] [client 153.76.11.69:40367] script '/home/autofriend/www/adminer.php' not found or unable to stat
[Wed Jun 10 02:32:13.505085 2026] [php7:error] [pid 1345575:tid 1345575] [client 147.90.197.181:42281] script '/home/autofriend/www/adminer.php' not found or unable to stat
[Wed Jun 10 02:32:13.527428 2026] [php7:error] [pid 1347724:tid 1347724] [client 147.90.199.213:20571] script '/home/autofriend/www/adminer.php' not found or unable to stat
[Wed Jun 10 02:32:15.993614 2026] [php7:error] [pid 1347935:tid 1347935] [client 92.112.45.223:45329] script '/home/autofriend/www/adminer.php' not found or unable to stat
[Wed Jun 10 02:32:16.040649 2026] [php7:error] [pid 1344924:tid 1344924] [client 92.112.47.168:1035] script '/home/autofriend/www/adminer.php' not found or unable to stat
[Wed Jun 10 02:32:16.078843 2026] [php7:error] [pid 1347729:tid 1347729] [client 46.202.117.157:26323] script '/home/autofriend/www/adminer.php' not found or unable to stat
[Wed Jun 10 02:32:18.108233 2026] [php7:error] [pid 1347935:tid 1347935] [client 178.95.37.106:41685] script '/home/autofriend/www/_adminer.php' not found or unable to stat
[Wed Jun 10 02:32:18.113674 2026] [php7:error] [pid 1344924:tid 1344924] [client 178.95.37.144:55199] script '/home/autofriend/www/_adminer.php' not found or unable to stat
[Wed Jun 10 02:32:18.131332 2026] [php7:error] [pid 1347729:tid 1347729] [client 178.95.38.82:62971] script '/home/autofriend/www/_adminer.php' not found or unable to stat
[Wed Jun 10 02:32:20.647843 2026] [php7:error] [pid 1347937:tid 1347937] [client 153.76.8.14:60897] script '/home/autofriend/www/_adminer.php' not found or unable to stat
[Wed Jun 10 02:32:20.651599 2026] [php7:error] [pid 1345575:tid 1345575] [client 153.76.8.189:49981] script '/home/autofriend/www/_adminer.php' not found or unable to stat
[Wed Jun 10 02:32:20.660625 2026] [php7:error] [pid 1346880:tid 1346880] [client 153.76.8.232:60807] script '/home/autofriend/www/_adminer.php' not found or unable to stat
[Wed Jun 10 02:32:25.346075 2026] [php7:error] [pid 1346880:tid 1346880] [client 147.90.197.105:9221] script '/home/autofriend/www/adminer.php' not found or unable to stat
[Wed Jun 10 02:32:26.635988 2026] [php7:error] [pid 1347938:tid 1347938] [client 178.95.37.237:52979] script '/home/autofriend/www/adminer.php' not found or unable to stat
[Wed Jun 10 02:32:30.042633 2026] [php7:error] [pid 1347937:tid 1347937] [client 178.95.36.199:26597] script '/home/autofriend/www/_adminer.php' not found or unable to stat
[Wed Jun 10 02:32:31.722073 2026] [php7:error] [pid 1347938:tid 1347938] [client 92.112.47.52:38807] script '/home/autofriend/www/_adminer.php' not found or unable to stat
[Wed Jun 10 03:22:23.512278 2026] [php7:error] [pid 1343811:tid 1343811] [client 179.43.163.26:30924] script '/home/autofriend/www/wp-config.php.bak' not found or unable to stat
[Wed Jun 10 03:22:26.294063 2026] [php7:error] [pid 1348981:tid 1348981] [client 179.43.163.26:59554] script '/home/autofriend/www/wp-config.php.old' not found or unable to stat
[Wed Jun 10 03:22:27.063638 2026] [php7:error] [pid 1350047:tid 1350047] [client 179.43.163.26:59610] script '/home/autofriend/www/frontend_dev.php' not found or unable to stat
[Wed Jun 10 03:22:27.291574 2026] [php7:error] [pid 1350047:tid 1350047] [client 179.43.163.26:59610] script '/home/autofriend/www/wp-config.php.save' not found or unable to stat
[Wed Jun 10 03:22:27.728247 2026] [php7:error] [pid 1350058:tid 1350058] [client 179.43.163.26:59638] script '/home/autofriend/www/backend_dev.php' not found or unable to stat
[Wed Jun 10 03:22:27.955031 2026] [php7:error] [pid 1350058:tid 1350058] [client 179.43.163.26:59638] script '/home/autofriend/www/wp-config.php.swp' not found or unable to stat
[Wed Jun 10 03:22:28.497110 2026] [php7:error] [pid 1350070:tid 1350070] [client 179.43.163.26:59662] script '/home/autofriend/www/frontend_dev.php' not found or unable to stat
[Wed Jun 10 03:22:28.724950 2026] [php7:error] [pid 1350070:tid 1350070] [client 179.43.163.26:59662] script '/home/autofriend/www/spip.php' not found or unable to stat
[Wed Jun 10 03:22:28.747580 2026] [php7:error] [pid 1350056:tid 1350056] [client 179.43.163.26:59674] script '/home/autofriend/www/backend_dev.php' not found or unable to stat
[Wed Jun 10 03:22:29.549647 2026] [php7:error] [pid 1350070:tid 1350070] [client 179.43.163.26:59662] script '/home/autofriend/www/frontend_dev.php' not found or unable to stat
[Wed Jun 10 03:22:29.549664 2026] [php7:error] [pid 1350063:tid 1350063] [client 179.43.163.26:59720] script '/home/autofriend/www/spip.php' not found or unable to stat
[Wed Jun 10 03:22:30.039310 2026] [php7:error] [pid 1350070:tid 1350070] [client 179.43.163.26:59662] script '/home/autofriend/www/backend_dev.php' not found or unable to stat
[Wed Jun 10 03:22:31.492006 2026] [php7:error] [pid 1350060:tid 1350060] [client 179.43.163.26:59648] script '/home/autofriend/www/index.html' not found or unable to stat
[Wed Jun 10 03:22:34.706182 2026] [php7:error] [pid 1346230:tid 1346230] [client 179.43.163.26:38926] script '/home/autofriend/www/swagger-ui.html' not found or unable to stat
[Wed Jun 10 03:22:38.473369 2026] [php7:error] [pid 1350047:tid 1350047] [client 179.43.163.26:39178] script '/home/autofriend/www/phpinfo.php' not found or unable to stat
[Wed Jun 10 03:22:38.829195 2026] [php7:error] [pid 1346230:tid 1346230] [client 179.43.163.26:39228] script '/home/autofriend/www/info.php' not found or unable to stat
[Wed Jun 10 03:22:39.570668 2026] [php7:error] [pid 1348981:tid 1348981] [client 179.43.163.26:39310] script '/home/autofriend/www/test.php' not found or unable to stat
[Wed Jun 10 03:22:40.676421 2026] [php7:error] [pid 1350063:tid 1350063] [client 179.43.163.26:39412] script '/home/autofriend/www/php.php' not found or unable to stat
[Wed Jun 10 03:22:40.945508 2026] [php7:error] [pid 1346230:tid 1346230] [client 179.43.163.26:39440] script '/home/autofriend/www/i.php' not found or unable to stat
[Wed Jun 10 03:22:41.475513 2026] [php7:error] [pid 1350046:tid 1350046] [client 179.43.163.26:39490] script '/home/autofriend/www/_phpinfo.php' not found or unable to stat
[Wed Jun 10 03:22:42.149518 2026] [php7:error] [pid 1350061:tid 1350061] [client 179.43.163.26:39552] script '/home/autofriend/www/php_info.php' not found or unable to stat
[Wed Jun 10 03:22:43.029441 2026] [php7:error] [pid 1350063:tid 1350063] [client 179.43.163.26:39662] script '/home/autofriend/www/phpversion.php' not found or unable to stat
[Wed Jun 10 03:22:45.495074 2026] [php7:error] [pid 1350043:tid 1350043] [client 179.43.163.26:39646] script '/home/autofriend/www/app_dev.php' not found or unable to stat
[Wed Jun 10 03:22:45.986820 2026] [php7:error] [pid 1350043:tid 1350043] [client 179.43.163.26:39646] script '/home/autofriend/www/app_dev.php' not found or unable to stat
[Wed Jun 10 03:22:46.206758 2026] [core:error] [pid 1348981:tid 1348981] [client 179.43.163.26:52256] AH10244: invalid URI path (/cgi-bin/.%2e/%2e%2e/%2e%2e/%2e%2e/%2e%2e/%2e%2e/%2e%2e/%2e%2e/%2e%2e/etc/hosts)
[Wed Jun 10 03:22:46.214082 2026] [php7:error] [pid 1350043:tid 1350043] [client 179.43.163.26:39646] script '/home/autofriend/www/app_dev.php' not found or unable to stat
[Wed Jun 10 03:22:46.989590 2026] [core:error] [pid 1350043:tid 1350043] [client 179.43.163.26:39646] AH10244: invalid URI path (/cgi-bin/.%2e/%2e%2e/%2e%2e/%2e%2e/%2e%2e/%2e%2e/%2e%2e/%2e%2e/%2e%2e/etc/passwd)
[Wed Jun 10 03:22:47.027247 2026] [php7:error] [pid 1350040:tid 1350040] [client 179.43.163.26:52306] script '/home/autofriend/www/app_dev.php' not found or unable to stat
[Wed Jun 10 03:22:47.681539 2026] [core:error] [pid 1350040:tid 1350040] [client 179.43.163.26:52306] AH10244: invalid URI path (/cgi-bin/%%32%65%%32%65/%%32%65%%32%65/%%32%65%%32%65/%%32%65%%32%65/%%32%65%%32%65/etc/hosts)
[Wed Jun 10 03:28:56.000433 2026] [php7:error] [pid 1350045:tid 1350045] [client 192.253.248.169:18068] script '/home/autofriend/www/.env.php' not found or unable to stat
[Wed Jun 10 03:28:56.224824 2026] [php7:error] [pid 1350045:tid 1350045] [client 192.253.248.169:18068] script '/home/autofriend/www/.env.sample.php' not found or unable to stat
[Wed Jun 10 03:28:56.449128 2026] [php7:error] [pid 1350045:tid 1350045] [client 192.253.248.169:18068] script '/home/autofriend/www/.env.local.php' not found or unable to stat
[Wed Jun 10 03:28:56.673653 2026] [php7:error] [pid 1350045:tid 1350045] [client 192.253.248.169:18068] script '/home/autofriend/www/.env.production.php' not found or unable to stat
[Wed Jun 10 03:28:56.898122 2026] [php7:error] [pid 1350045:tid 1350045] [client 192.253.248.169:18068] script '/home/autofriend/www/config.dev.php' not found or unable to stat
[Wed Jun 10 03:28:58.021036 2026] [php7:error] [pid 1350045:tid 1350045] [client 192.253.248.169:18068] script '/home/autofriend/www/.env.php.bak' not found or unable to stat
[Wed Jun 10 03:28:58.694714 2026] [php7:error] [pid 1350045:tid 1350045] [client 192.253.248.169:18068] script '/home/autofriend/www/.env.php.backup' not found or unable to stat
[Wed Jun 10 03:28:59.143899 2026] [php7:error] [pid 1350045:tid 1350045] [client 192.253.248.169:18068] script '/home/autofriend/www/.env.example.php' not found or unable to stat
[Wed Jun 10 03:28:59.368472 2026] [php7:error] [pid 1350045:tid 1350045] [client 192.253.248.169:18068] script '/home/autofriend/www/app_dev.php' not found or unable to stat

OHA YOOOO